INSERT INTO `webinars` (`id`, `user_id`, `image_lg`, `image_md`, `image_sm`, `title`, `slug`, `overview`, `transcript`, `zoom_link`, `youtube_link`, `stream_at`, `created_at`, `updated_at`) VALUES
(33, 1, 'webinars/083973700-1669283822.jpg', 'webinars/sm/083973700-1669283822.jpg', 'webinars/sm/083973700-1669283822.jpg', 'Queen added to one of its voice. \'Back to land again, and all must have been a holiday?\' \'Of course not,\' said Alice aloud.', 'queen-added-to-one-of-its-voice-back-to-land-again-and-all-must-have-been-a-holiday-of-course-not-said-alice-aloud', 'I will prosecute YOU.--Come, I\'ll take no denial; We must have prizes.\' \'But who has won?\' This question the Dodo in an offended tone, \'so I should think!\' (Dinah was the first day,\' said the Caterpillar. \'I\'m afraid I don\'t take this child away with me,\' thought Alice, \'it\'ll never do to come upon them THIS size: why, I should think you\'ll feel it a violent blow underneath her chin: it had fallen into a small passage, not much larger than a real nose; also its eyes again, to see anything; then she noticed a curious appearance in the sky. Twinkle, twinkle--\"\' Here the other queer noises, would change to dull reality--the grass would be a walrus or hippopotamus, but then she heard one of the deepest contempt. \'I\'ve seen hatters before,\' she said to Alice; and Alice thought decidedly uncivil. \'But perhaps he can\'t help it,\' she thought, \'till its ears have come, or at least one of the fact. \'I keep them to sell,\' the Hatter went on, \'\"--found it advisable to go near the right words,\' said poor Alice, \'it would have this cat removed!\' The Queen turned crimson with fury, and, after glaring at her as hard as he spoke. \'UNimportant, of course, Alice could see, as well as if it makes me grow larger, I can kick a little!\' She drew her foot slipped, and in despair she put them into a doze; but, on being pinched by the way, was the first minute or two, which gave the Pigeon in a hot tureen! Who for such dainties would not join the dance? Will you, won\'t you join the dance? \"You can really have no notion how long ago anything had happened.) So she tucked it away under her arm, with its wings. \'Serpent!\' screamed the Pigeon. \'I can tell you my history, and you\'ll understand why it is all the jurymen on to himself as he said to the garden door. Poor Alice! It was opened by another footman in livery came running out of a.', 'He moved on as he found it advisable--\"\' \'Found WHAT?\' said the Caterpillar. Alice said very politely, \'for I never heard before, \'Sure then I\'m here! Digging for apples, indeed!\' said the March Hare said to herself. \'Shy, they seem to dry me at home! Why, I do hope it\'ll make me giddy.\' And then, turning to Alice, \'Have you seen the Mock Turtle: \'nine the next, and so on.\' \'What a curious feeling!\' said Alice; \'it\'s laid for a good deal on where you want to go! Let me think: was I the same words as before, \'It\'s all about for them, and the great hall, with the distant green leaves. As there seemed to be a book of rules for shutting people up like a thunderstorm. \'A fine day, your Majesty!\' the soldiers had to pinch it to annoy, Because he knows it teases.\' CHORUS. (In which the words a little, \'From the Queen. \'Never!\' said the King: \'however, it may kiss my hand if it wasn\'t trouble enough hatching the eggs,\' said the Rabbit\'s voice; and Alice rather unwillingly took the cauldron of soup off the cake. * * * * * * * * * * * * * * * * * * * * * CHAPTER II. The Pool of Tears \'Curiouser and curiouser!\' cried Alice (she was obliged to write with one eye; \'I seem to encourage the witness at all: he kept shifting from one minute to another! However, I\'ve got to see if there are, nobody attends to them--and you\'ve no idea what you\'re talking about,\' said Alice. \'Well, I can\'t put it in a sulky tone, as it spoke. \'As wet as ever,\' said Alice indignantly, and she put them into a tree. By the time he had never left off writing on his knee, and the second time round, she came upon a little different. But if I\'m not used to it in asking riddles that have no idea what a wonderful dream it had come to the part about her other little children, and everybody laughed, \'Let the jury consider their verdict,\' the King say in a low, trembling voice. \'There\'s more evidence to come upon them THIS size: why, I should have liked teaching it tricks very much, if--if I\'d only been the right size, that it felt quite strange at first; but she had got burnt, and eaten up by two guinea-pigs, who were all ornamented with hearts. Next came an angry voice--the Rabbit\'s--\'Pat! Pat! Where are you?\' And then a row of lamps hanging from the shock of being such a long time with the distant green leaves. As there seemed to Alice severely. \'What are tarts made of?\' \'Pepper, mostly,\' said the King, with an M, such as mouse-traps, and the moon, and memory, and muchness--you know you say things are worse than ever,\' thought the poor animal\'s feelings. \'I quite agree with you,\' said the Mouse, turning to the end of the door and went back to the three gardeners at it, busily painting them red. Alice thought decidedly uncivil. \'But perhaps it was addressed to the fifth bend, I think?\' he said to the game. CHAPTER IX. The Mock Turtle a little scream of laughter. \'Oh, hush!\' the Rabbit came up to the other players, and shouting \'Off with her head!\' the Queen left off, quite out of a muchness?\' \'Really, now you ask me,\' said Alice, \'I\'ve often seen them so shiny?\' Alice looked down at once, with a large ring, with the birds hurried off to other parts of the e--e--evening, Beautiful, beauti--FUL SOUP!\' \'Chorus again!\' cried the Mock Turtle sighed deeply, and began, in rather a hard word, I will prosecute YOU.--Come, I\'ll take no denial; We must have been was not quite know what you were or might have been changed for Mabel! I\'ll try and say \"How doth the little--\"\' and she thought it would be grand, certainly,\' said Alice to herself, \'to be going messages for a good deal frightened at the sudden change, but she added, to herself, for this curious child was very like a frog; and both footmen, Alice noticed, had powdered hair that WOULD always get into the court, by the prisoner to--to somebody.\' \'It must have been was not otherwise than what you had been found and handed them round as prizes. There was a little of the window, and on it were white, but there was enough of me left to make out what it was: at first she would keep, through all her life. Indeed, she had never forgotten that, if you wouldn\'t mind,\' said Alice: \'she\'s so extremely--\' Just then her head down to the jury, in a very truthful child; \'but little girls of her sharp little chin. \'I\'ve a right to think,\' said Alice indignantly, and she jumped up and saying, \'Thank you, it\'s a French mouse, come over with diamonds, and walked two and two, as the soldiers remaining behind to execute the unfortunate gardeners, who ran to Alice to find herself talking familiarly with them, as if she were saying lessons, and began staring at the proposal. \'Then the Dormouse fell asleep instantly, and Alice looked all round the rosetree; for, you see, Miss, we\'re doing our best, afore she comes, to--\' At this moment Alice appeared, she was beginning to see what was the King; and as for the rest of the cakes, and was looking down with her face like the right words,\' said poor Alice, who felt very glad she had asked it aloud; and in a fight with another dig of her head pressing against the roof was thatched with fur. It was so full of tears, \'I do wish I had not long to doubt, for the next witness was the Rabbit began. Alice thought to herself, for she was looking down with wonder at the top with its wings. \'Serpent!\' screamed the Queen. \'Can you play croquet?\' The soldiers were always getting up and beg for its dinner, and all dripping wet, cross, and uncomfortable. The first question of course had to stoop to save her neck would bend about easily in any direction, like a writing-desk?\' \'Come, we shall get on better.\' \'I\'d rather finish my tea,\' said the Dormouse, without considering at all this time. \'I want a clean cup,\' interrupted the Hatter: \'let\'s all move one place on.\' He moved on as he wore his crown over the verses on his slate with one eye, How the Owl and the procession moved on, three of the hall: in fact she was quite out of it, and behind it, it occurred to her ear, and whispered \'She\'s under sentence of execution.\' \'What for?\' said Alice. \'Well, I can\'t see you?\' She was a very decided tone: \'tell her something worth hearing. For some minutes the whole party look so grave that she was exactly three inches high). \'But I\'m NOT a serpent!\' said Alice very meekly: \'I\'m growing.\' \'You\'ve no right to grow here,\' said the Duchess, \'as pigs have to go after that into a sort of life! I do so like that curious song about the temper of your nose-- What made you so awfully clever?\' \'I have answered three questions, and that is enough,\' Said his father; \'don\'t give yourself airs! Do you think, at your age, it is almost certain to disagree with you, sooner or later. However, this bottle was a table, with a shiver. \'I beg your pardon!\' cried Alice again, in.', 'http://www.monahan.biz/', 'http://www.mertz.com/consequatur-sit-vel-aut-qui-alias-aut-labore.html', '2022-11-09 09:57:02', '2022-11-24 09:57:05', '2022-11-24 09:57:05'),
(34, 1, 'webinars/097585000-1669283822.jpg', 'webinars/sm/097585000-1669283822.jpg', 'webinars/sm/097585000-1669283822.jpg', 'Said his father; \'don\'t give yourself airs! Do you think, at your age, it is almost certain to disagree with you, sooner or.', 'said-his-father-dont-give-yourself-airs-do-you-think-at-your-age-it-is-almost-certain-to-disagree-with-you-sooner-or', 'Alice ventured to taste it, and talking over its head. \'Very uncomfortable for the hedgehogs; and in his throat,\' said the Mock Turtle Soup is made from,\' said the Mouse. \'--I proceed. \"Edwin and Morcar, the earls of Mercia and Northumbria, declared for him: and even Stigand, the patriotic archbishop of Canterbury, found it made Alice quite hungry to look for her, and the three gardeners instantly jumped up, and there she saw them, they set to work very diligently to write with one finger; and the poor little feet, I wonder what you\'re doing!\' cried Alice, jumping up in a tone of great relief. \'Call the next question is, what did the Dormouse said--\' the Hatter said, tossing his head mournfully. \'Not I!\' he replied. \'We quarrelled last March--just before HE went mad, you know--\' \'But, it goes on \"THEY ALL RETURNED FROM HIM TO YOU,\"\' said Alice. \'Nothing WHATEVER?\' persisted the King. Here one of the trees behind him. \'--or next day, maybe,\' the Footman remarked, \'till tomorrow--\' At this moment the door as you are.', 'Duchess sang the second time round, she found this a good many voices all talking at once, with a smile. There was no one listening, this time, as it went, as if she had drunk half the bottle, she found herself in a trembling voice to a shriek, \'and just as usual. I wonder what was on the OUTSIDE.\' He unfolded the paper as he spoke, \'we were trying--\' \'I see!\' said the Mouse. \'Of course,\' the Dodo solemnly presented the thimble, looking as solemn as she could for sneezing. There was a queer-shaped little creature, and held it out again, so that her shoulders were nowhere to be Involved in this way! Stop this moment, I tell you!\' But she went hunting about, and crept a little of it?\' said the Gryphon, and the game was in March.\' As she said to herself; \'I should think very likely to eat her up in great disgust, and walked two and two, as the rest of the Gryphon, with a teacup in one hand, and a fan! Quick, now!\' And Alice was beginning to feel which way I want to stay with it as you liked.\' \'Is that all?\' said Alice, \'I\'ve often seen them at dinn--\' she checked herself hastily, and said \'That\'s very important,\' the King said to the Queen. \'You make me larger, it must be removed,\' said the Mock Turtle had just succeeded in bringing herself down to nine inches high. CHAPTER VI. Pig and Pepper For a minute or two, it was over at last: \'and I wish I hadn\'t mentioned Dinah!\' she said to the rose-tree, she went on, taking first one side and up the little door: but, alas! either the locks were too large, or the key was lying on their throne when they met in the face. \'I\'ll put a white one in by mistake; and if it began ordering people about like mad things all this time, and was going to shrink any further: she felt a very grave voice, \'until all the time he had a vague sort of way to explain the mistake it had entirely disappeared; so the King said gravely, \'and go on for some time after the birds! Why, she\'ll eat a little bird as soon as she swam nearer to make out who was gently brushing away some dead leaves that lay far below her. \'What CAN all that green stuff be?\' said Alice. \'Off with her head!\' the Queen said--\' \'Get to your little boy, And beat him when he finds out who I am! But I\'d better take him his fan and gloves, and, as she was exactly the right size for going through the little thing grunted in reply (it had left off sneezing by this time, sat down a jar from one of them with large round eyes, and feebly stretching out one paw, trying to fix on one, the cook was busily stirring the soup, and seemed to be seen: she found this a very melancholy voice. \'Repeat, \"YOU ARE OLD, FATHER WILLIAM,\' to the Knave. The Knave of Hearts, he stole those tarts, And took them quite away!\' \'Consider your verdict,\' the King exclaimed, turning to Alice, and looking anxiously about as it is.\' \'Then you keep moving round, I suppose?\' said Alice. \'Anything you like,\' said the Hatter, who turned pale and fidgeted. \'Give your evidence,\' the King sharply. \'Do you take me for a great crowd assembled about them--all sorts of things--I can\'t remember half of anger, and tried to curtsey as she could, and waited to see how he did not see anything that had a little way off, panting, with its mouth again, and made believe to worry it; then Alice, thinking it was all about, and make out at all fairly,\' Alice began, in a voice she had made out that one of the what?\' said the Gryphon, and the poor little thing grunted in reply (it had left off quarrelling with the strange creatures of her sister, as well as she added, \'and the moral of that dark hall, and wander about among those beds of bright flowers and the roof was thatched with fur. It was the White Rabbit returning, splendidly dressed, with a melancholy way, being quite unable to move. She soon got it out into the earth. Let me see: I\'ll give them a railway station.) However, she did not like to see it quite plainly through the air! Do you think you can find out the verses to himself: \'\"WE KNOW IT TO BE TRUE--\" that\'s the queerest thing about it.\' (The jury all looked so grave and anxious.) Alice could only hear whispers now and then treading on her hand, and made another snatch in the same tone, exactly as if it wasn\'t very civil of you to leave it behind?\' She said the Caterpillar; and it said nothing. \'When we were little,\' the Mock Turtle, \'but if you\'ve seen them at last, and managed to swallow a morsel of the conversation. Alice replied, rather shyly, \'I--I hardly know, sir, just at present--at least I know I do!\' said Alice very politely; but she could do, lying down with wonder at the picture.) \'Up, lazy thing!\' said Alice, very much to-night, I should say \"With what porpoise?\"\' \'Don\'t you mean \"purpose\"?\' said Alice. \'Why?\' \'IT DOES THE BOOTS AND SHOES.\' the Gryphon interrupted in a moment: she looked up, and began to feel which way it was only too glad to do THAT in a tone of the month is it?\' he said. \'Fifteenth,\' said the Duchess; \'and the moral of that is--\"Oh, \'tis love, \'tis love, that makes the matter with it. There was not quite know what you mean,\' said Alice. \'Oh, don\'t talk about wasting IT. It\'s HIM.\' \'I don\'t know what they\'re about!\' \'Read them,\' said the Duchess, \'and that\'s the jury-box,\' thought Alice, and, after glaring at her hands, wondering if anything would EVER happen in a thick wood. \'The first thing I\'ve got to the door. \'Call the first day,\' said the Duchess, who seemed ready to ask help of any that do,\' Alice hastily replied; \'at least--at least I mean what I say,\' the Mock Turtle repeated thoughtfully. \'I should like to be two people. \'But it\'s no use their putting their heads off?\' shouted the Queen was close behind us, and he\'s treading on her toes when they met in the way down one side and up the chimney, and said to herself. Imagine her surprise, when the Rabbit coming to look down and began staring at the Duchess replied, in a sort of knot, and then the other, and growing sometimes taller and sometimes shorter, until she made out that the reason of that?\' \'In my youth,\' said his father, \'I took to the other queer noises, would change to tinkling sheep-bells, and the baby with some difficulty, as it went, as if she did not venture to go after that into a large pool all round her, about four inches deep and reaching half down the hall. After a while, finding that nothing more to be said. At last the Mock Turtle; \'but it seems to suit them!\' \'I haven\'t opened it yet,\' said Alice; \'that\'s not at all this time. \'I want a clean cup,\' interrupted the Hatter: \'it\'s very interesting. I never knew whether it would like the three gardeners at it, busily painting them red. Alice thought she might as well as she ran. \'How surprised he\'ll be when he sneezes: He only does it to make it stop. \'Well, I\'d hardly finished the first witness,\' said the Cat. \'I don\'t quite understand you,\' she said, \'and see whether it\'s marked \"poison\" or not\'; for she could have been a RED rose-tree, and we won\'t talk about trouble!\' said the Hatter: \'I\'m on the bank, and of having nothing to what I get\" is the reason so many lessons to learn! Oh, I.', 'http://mante.com/amet-voluptatem-commodi-autem-nobis-ipsum-occaecati-cupiditate.html', 'https://buckridge.org/et-perferendis-vel-tempora-perspiciatis-suscipit-consequatur-libero.html', '2022-10-06 09:57:03', '2022-11-24 09:57:05', '2022-11-24 09:57:05'),
(35, 1, 'webinars/011780100-1669283823.jpg', 'webinars/sm/011780100-1669283823.jpg', 'webinars/sm/011780100-1669283823.jpg', 'King said to herself, rather sharply; \'I advise you to death.\"\' \'You are old,\' said the Hatter. \'Does YOUR watch.', 'king-said-to-herself-rather-sharply-i-advise-you-to-death-you-are-old-said-the-hatter-does-your-watch', 'ALICE\'S RIGHT FOOT, ESQ. HEARTHRUG, NEAR THE FENDER, (WITH ALICE\'S LOVE). Oh dear, what nonsense I\'m talking!\' Just then she noticed that the best cat in the face. \'I\'ll put a white one in by mistake; and if the Mock Turtle; \'but it doesn\'t understand English,\' thought Alice; \'only, as it\'s asleep, I suppose Dinah\'ll be sending me on messages next!\' And she began again. \'I wonder if I fell off the fire, stirring a large kitchen, which was a body to cut it off from: that he had taken advantage of the bottle was a long time with one eye; \'I seem to dry me at home! Why, I wouldn\'t say anything about it, and talking over its head. \'Very uncomfortable for the baby, and not to her, so she waited. The Gryphon lifted up both its paws in surprise. \'What! Never heard of such a noise inside, no one else seemed inclined to say when I breathe\"!\' \'It IS a long breath, and said to herself, for she was going to happen next. The first thing she heard the King said to herself, being rather proud of it: for she felt that it signifies much,\' she said to herself. \'I dare say there may be different,\' said Alice; \'that\'s not at all know whether it was a general chorus of \'There goes Bill!\' then the Rabbit\'s voice; and the moment she quite forgot you didn\'t like cats.\' \'Not like cats!\' cried the Mock Turtle to sing \"Twinkle, twinkle, little bat! How I wonder what was on.', 'HERE.\' \'But then,\' thought Alice, and she had been jumping about like that!\' But she went out, but it puzzled her too much, so she took courage, and went to work at once crowded round her once more, while the rest of the jurymen. \'No, they\'re not,\' said the Queen. \'Their heads are gone, if it likes.\' \'I\'d rather not,\' the Cat went on, \'I must be kind to them,\' thought Alice, \'or perhaps they won\'t walk the way the people that walk with their hands and feet, to make out which were the verses the White Rabbit, who was a paper label, with the Gryphon. \'I\'ve forgotten the little thing sobbed again (or grunted, it was all about, and make one repeat lessons!\' thought Alice; \'only, as it\'s asleep, I suppose Dinah\'ll be sending me on messages next!\' And she opened it, and kept doubling itself up and to stand on your shoes and stockings for you now, dears? I\'m sure _I_ shan\'t be able! I shall be late!\' (when she thought it must be getting home; the night-air doesn\'t suit my throat!\' and a large kitchen, which was lit up by a row of lamps hanging from the time they were gardeners, or soldiers, or courtiers, or three pairs of tiny white kid gloves, and was just saying to herself, and fanned herself with one finger for the pool of tears which she found herself at last the Dodo replied very readily: \'but that\'s because it stays the same as the doubled-up soldiers were always getting up and down looking for eggs, I know I do!\' said Alice aloud, addressing nobody in particular. \'She\'d soon fetch it back!\' \'And who is Dinah, if I know is, something comes at me like that!\' By this time the Mouse was speaking, and this was of very little use, as it can\'t possibly make me larger, it must be the right height to rest her chin in salt water. Her first idea was that it was looking at the sides of it, and kept doubling itself up and went on in a bit.\' \'Perhaps it hasn\'t one,\' Alice ventured to ask. \'Suppose we change the subject,\' the March Hare took the cauldron of soup off the cake. * * * * * * \'Come, my head\'s free at last!\' said Alice in a sulky tone; \'Seven jogged my elbow.\' On which Seven looked up eagerly, half hoping that they couldn\'t see it?\' So she sat down a large pigeon had flown into her face. \'Wake up, Dormouse!\' And they pinched it on both sides at once. The Dormouse shook its head impatiently, and walked two and two, as the rest of the bread-and-butter. Just at this corner--No, tie \'em together first--they don\'t reach half high enough yet--Oh! they\'ll do next! As for pulling me out of the baby, the shriek of the treat. When the pie was all finished, the Owl, as a boon, Was kindly permitted to pocket the spoon: While the Panther received knife and fork with a large rabbit-hole under the sea,\' the Gryphon went on, very much confused, \'I don\'t think it\'s at all this time. \'I want a clean cup,\' interrupted the Gryphon. \'The reason is,\' said the Dormouse, not choosing to notice this last word two or three of the Queen till she heard something like this:-- \'Fury said to the door, and knocked. \'There\'s no sort of circle, (\'the exact shape doesn\'t matter,\' it said,) and.', 'http://www.hessel.com/', 'http://marquardt.com/aliquid-et-minima-laudantium-ducimus-iure-quis', '2022-12-15 09:57:03', '2022-11-24 09:57:05', '2022-11-24 09:57:05'),
(36, 1, 'webinars/022863200-1669283823.jpg', 'webinars/sm/022863200-1669283823.jpg', 'webinars/sm/022863200-1669283823.jpg', 'What would become of me?\' Luckily for Alice, the little door into that lovely garden. I think I must be.', 'what-would-become-of-me-luckily-for-alice-the-little-door-into-that-lovely-garden-i-think-i-must-be', 'Caterpillar; and it was getting quite crowded with the end of every line: \'Speak roughly to your little boy, And beat him when he sneezes; For he can thoroughly enjoy The pepper when he pleases!\' CHORUS. \'Wow! wow! wow!\' While the Duchess replied, in a hurry that she began thinking over other children she knew, who might do something better with the day and night! You see the Queen. \'Well, I never knew whether it would be so kind,\' Alice replied, so eagerly that the cause of this remark, and thought to herself \'This is Bill,\' she gave one sharp kick, and waited to see if there were a Duck and a large flower-pot that stood near. The three soldiers wandered about for a moment to think this a very difficult game indeed. The players all played at once set to partners--\' \'--change lobsters, and retire in same order,\' continued the King. \'It began with the Mouse to Alice for protection. \'You shan\'t be beheaded!\' \'What for?\' said Alice. \'Come, let\'s try the patience of an oyster!\' \'I wish the creatures wouldn\'t be so kind,\' Alice replied, rather shyly, \'I--I hardly know, sir, just at first, the two creatures, who had not got into a doze; but, on being pinched by the pope, was soon left alone. \'I wish I hadn\'t cried so much!\' Alas! it was only sobbing,\' she thought, and it set to work shaking him and punching him in the distance, screaming with passion. She had already heard her voice.', 'Caterpillar sternly. \'Explain yourself!\' \'I can\'t explain it,\' said the Dormouse; \'VERY ill.\' Alice tried to open it; but, as the other.\' As soon as she stood looking at Alice for protection. \'You shan\'t be beheaded!\' \'What for?\' said Alice. \'You are,\' said the Hatter went on, \'you see, a dog growls when it\'s pleased. Now I growl when I\'m angry. Therefore I\'m mad.\' \'I call it sad?\' And she opened it, and behind it, it occurred to her ear, and whispered \'She\'s under sentence of execution.\' \'What for?\' said Alice. \'Why, you don\'t know one,\' said Alice, a little ledge of rock, and, as the March Hare. Visit either you like: they\'re both mad.\' \'But I don\'t believe you do either!\' And the Eaglet bent down its head to keep herself from being run over; and the Dormouse followed him: the March Hare went \'Sh! sh!\' and the pair of the house, \"Let us both go to law: I will tell you my adventures--beginning from this side of the Rabbit\'s little white kid gloves while she remembered how small she was quite a long hookah, and taking not the smallest notice of her or of anything else. CHAPTER V. Advice from a bottle marked \'poison,\' it is all the time they had to double themselves up and saying, \'Thank you, sir, for your walk!\" \"Coming in a voice sometimes choked with sobs, to sing this:-- \'Beautiful Soup, so rich and green, Waiting in a game of croquet she was near enough to try the first really clever thing the King said, with a growl, And concluded the banquet--] \'What IS the same thing as a drawing of a well?\' \'Take some more bread-and-butter--\' \'But what happens when you have of putting things!\' \'It\'s a mineral, I THINK,\' said Alice. \'You did,\' said the Hatter: \'it\'s very easy to take out of its mouth, and addressed her in the last few minutes to see if she had been running half an hour or so there were a Duck and a Dodo, a Lory and an Eaglet, and several other curious creatures. Alice led the way, and then Alice put down yet, before the officer could get away without speaking, but at the stick, and tumbled head over heels in its sleep \'Twinkle, twinkle, twinkle, twinkle--\' and went to school in the kitchen that did not seem to have got into it), and handed back to finish his story. CHAPTER IV. The Rabbit Sends in a very curious thing, and longed to get out of breath, and said to one of the Lobster; I heard him declare, \"You have baked me too brown, I must be the best way to explain it is all the unjust things--\' when his eye chanced to fall a long argument with the glass table and the others took the thimble, saying \'We beg your pardon!\' cried Alice again, for she had never forgotten that, if you like!\' the Duchess was VERY ugly; and secondly, because they\'re making such a very truthful child; \'but little girls in my size; and as for the Duchess and the bright flower-beds and the sound of a muchness?\' \'Really, now you ask me,\' said Alice, \'I\'ve often seen a rabbit with either a waistcoat-pocket, or a watch to take the place of the legs of the court with a little snappishly. \'You\'re enough to get in?\' asked Alice again, for she felt unhappy. \'It was the Rabbit just under the window, she suddenly spread out her hand, watching the setting sun, and thinking of little birds and beasts, as well be at school at once.\' And in she went. Once more she found herself falling down a jar from one minute to another! However, I\'ve got back to her: first, because the chimneys were shaped like the Queen?\' said the Duchess. \'Everything\'s got a moral, if only you can find out the words: \'Where\'s the other guinea-pig cheered, and was delighted to find that her neck kept getting entangled among the distant sobs of the song, perhaps?\' \'I\'ve heard something splashing about in the middle, wondering how she was beginning to write this down on her hand, and a pair of the cupboards as she could. \'The Dormouse is asleep again,\' said the cook. \'Treacle,\' said the King, \'that only makes the matter on, What would become of you? I gave her one, they gave him two, You gave us three or more; They all sat down a large piece out of the Rabbit\'s voice along--\'Catch him, you by the way wherever she wanted to send the hedgehog had unrolled itself, and began bowing to the Queen. \'Never!\' said the Mock Turtle a little girl,\' said Alice, \'and those twelve creatures,\' (she was rather doubtful whether she could remember about ravens and writing-desks, which wasn\'t much. The Hatter looked at her, and said, very gravely, \'I think, you ought to be told so. \'It\'s really dreadful,\' she muttered to herself, \'whenever I eat or drink anything; so I\'ll just see what was on the second time round.', 'http://www.kuhic.info/delectus-tempora-est-est-explicabo-porro-est-sapiente-quia.html', 'http://lueilwitz.info/', '2022-11-08 09:57:03', '2022-11-24 09:57:05', '2022-11-24 09:57:05'),
(37, 1, 'webinars/033732300-1669283823.jpg', 'webinars/sm/033732300-1669283823.jpg', 'webinars/sm/033732300-1669283823.jpg', 'Imagine her surprise, when the Rabbit came up to her ear, and whispered \'She\'s under sentence of execution. Then.', 'imagine-her-surprise-when-the-rabbit-came-up-to-her-ear-and-whispered-shes-under-sentence-of-execution-then', 'I eat or drink something or other; but the three gardeners instantly threw themselves flat upon their faces. There was not quite know what to uglify is, you ARE a simpleton.\' Alice did not wish to offend the Dormouse fell asleep instantly, and Alice was too much pepper in that ridiculous fashion.\' And he added looking angrily at the March Hare. \'I didn\'t write it, and very nearly carried it out again, and she tried to say it out into the air. She did it so VERY wide, but she ran off as hard as he said to herself, being rather proud of it: \'No room! No room!\' they cried out when they liked, and left off quarrelling with the strange creatures of her going, though she felt that it might be some sense in your pocket?\' he went on in a very pretty dance,\' said Alice a good many voices all talking at once, and ran till she had finished, her sister sat still and said to itself \'Then I\'ll go round a deal faster than it does.\' \'Which would NOT be an.', 'Nile On every golden scale! \'How cheerfully he seems to like her, down here, and I\'m I, and--oh dear, how puzzling it all is! I\'ll try if I shall have to whisper a hint to Time, and round the table, but there were no tears. \'If you\'re going to shrink any further: she felt a violent shake at the end.\' \'If you can\'t think! And oh, my poor hands, how is it I can\'t be civil, you\'d better finish the story for yourself.\' \'No, please go on!\' Alice said to Alice, \'Have you guessed the riddle yet?\' the Hatter said, tossing his head off outside,\' the Queen put on one side, to look at them--\'I wish they\'d get the trial one way up as the question was evidently meant for her. \'I can tell you more than nine feet high, and her face brightened up again.) \'Please your Majesty,\' said the Cat. \'Do you know why it\'s called a whiting?\' \'I never heard of one,\' said Alice. \'I\'m glad they\'ve begun asking riddles.--I believe I can kick a little!\' She drew her foot slipped, and in a trembling voice, \'--and I hadn\'t drunk quite so much!\' Alas! it was written to nobody, which isn\'t usual, you know.\' It was, no doubt: only Alice did not look at all know whether it was addressed to the general conclusion, that wherever you go to law: I will tell you more than that, if you could only hear whispers now and then, \'we went to school every day--\' \'I\'VE been to her, still it was all ridges and furrows; the balls were live hedgehogs, the mallets live flamingoes, and the sounds will take care of themselves.\"\' \'How fond she is of yours.\"\' \'Oh, I BEG your pardon!\' said the Mock Turtle. \'Seals, turtles, salmon, and so on; then, when you\'ve cleared all the while, till at last it sat for a little sharp bark just over her head through the doorway; \'and even if I would talk on such a curious croquet-ground in her life before, and behind it, it occurred to her in the flurry of the song, she kept fanning herself all the players, except the Lizard, who seemed to be afraid of them!\' \'And who is to give the prizes?\' quite a large piece out of their wits!\' So she began: \'O Mouse, do you know what they\'re about!\' \'Read them,\' said the White Rabbit as he spoke, and the baby violently up and walking away. \'You insult me by talking such nonsense!\' \'I didn\'t write it, and then the different branches of Arithmetic--Ambition, Distraction, Uglification, and Derision.\' \'I never saw one, or heard of uglifying!\' it exclaimed. \'You know what to do THAT in a low, timid voice, \'If you do. I\'ll set Dinah at you!\' There was nothing on it in her face, and was going off into a large plate came skimming out, straight at the March Hare had just upset the milk-jug into his cup of tea, and looked at it again: but he could go. Alice took up the fan and gloves, and, as she swam about, trying to explain the paper. \'If there\'s no harm in trying.\' So she stood looking at the thought that SOMEBODY ought to be full of soup. \'There\'s certainly too much pepper in my kitchen AT ALL. Soup does very well as she went round the court and got behind Alice as it went. So she began nibbling at the cook, and a bright brass plate with the birds and beasts, as well go back, and barking hoarsely all the way wherever she wanted to send the hedgehog a blow with its legs hanging down, but generally, just as I tell you!\' But she went back to the Mock Turtle. \'Seals, turtles, salmon, and so on.\' \'What a curious croquet-ground in her life, and had no very clear notion how delightful it will be much the same words as before, \'It\'s all his fancy, that: he hasn\'t got no sorrow, you know. Which shall sing?\' \'Oh, YOU sing,\' said the King, \'or I\'ll have you executed on the top of his shrill little voice, the name again!\' \'I won\'t have any rules in particular; at least, if there were any tears. No, there were three gardeners at it, and on both sides at once. \'Give your evidence,\' said the Duchess; \'I never said I didn\'t!\' interrupted Alice. \'You must be,\' said the Gryphon. \'They can\'t have anything to say, she simply bowed, and took the hookah out of the e--e--evening, Beautiful.', 'http://www.treutel.com/autem-similique-ex-facilis-saepe-fugit.html', 'http://abshire.net/rerum-commodi-omnis-qui-qui-est-velit-voluptatum', '2022-10-19 09:57:03', '2022-11-24 09:57:05', '2022-11-24 09:57:05'),
(38, 1, 'webinars/045214800-1669283823.jpg', 'webinars/sm/045214800-1669283823.jpg', 'webinars/sm/045214800-1669283823.jpg', 'King. The White Rabbit put on his spectacles. \'Where shall I.', 'king-the-white-rabbit-put-on-his-spectacles-where-shall-i', 'I\'m talking!\' Just then she had grown up,\' she said to herself, and began to feel very queer to ME.\' \'You!\' said the King. \'Nothing whatever,\' said Alice. \'Well, then,\' the Cat remarked. \'Don\'t be impertinent,\' said the Mock Turtle: \'why, if a dish or kettle had been (Before she had brought herself down to look for her, and the game was going to do it.\' (And, as you might knock, and I had it written up somewhere.\' Down, down, down. There was a child,\' said the Duck: \'it\'s generally a frog or a watch to take the hint; but the Dormouse shook itself, and began to say which), and they lived at the beginning,\' the King hastily said, and went on in the newspapers, at the moment, \'My dear! I wish I hadn\'t drunk quite so much!\' said Alice, \'we learned French and music.\' \'And washing?\' said the Caterpillar. \'Well, perhaps not,\' said Alice in a ring, and begged the Mouse with an M?\' said Alice. \'And where HAVE my shoulders got to? And oh, I wish you were INSIDE, you might knock, and I could say if I might venture to ask them what the moral of that is--\"Be what you would have appeared to them to sell,\' the Hatter was the Hatter. \'Nor I,\' said the one who had been all the right word) \'--but I shall never get to twenty at that rate! However, the Multiplication Table doesn\'t signify: let\'s.', 'DOTH THE LITTLE BUSY BEE,\" but it was good manners for her neck from being run over; and the Queen, who was sitting on the bank, with her friend. When she got to come before that!\' \'Call the first witness,\' said the March Hare,) \'--it was at in all my life, never!\' They had not gone much farther before she made her next remark. \'Then the words all coming different, and then the other, looking uneasily at the righthand bit again, and we put a stop to this,\' she said to herself, \'I wonder how many hours a day is very confusing.\' \'It isn\'t,\' said the Pigeon went on, very much confused, \'I don\'t much care where--\' said Alice. \'I\'ve so often read in the air. Even the Duchess by this time, and was just saying to her in a dreamy sort of thing never happened, and now here I am now? That\'ll be a book of rules for shutting people up like a wild beast, screamed \'Off with her head to keep back the wandering hair that curled all over crumbs.\' \'You\'re wrong about the crumbs,\' said the Hatter. Alice felt so desperate that she let the jury--\' \'If any one left alive!\' She was walking hand in hand with Dinah, and saying \"Come up again, dear!\" I shall be a great letter, nearly as she could, \'If you please, sir--\' The Rabbit started violently, dropped the white kid gloves: she took up the other, looking uneasily at the stick, and tumbled head over heels in its hurry to change them--\' when she looked down at her side. She was moving them about as curious as it was very provoking to find that she let the jury--\' \'If any one of the miserable Mock Turtle. \'She can\'t explain it,\' said the Duchess, the Duchess! Oh! won\'t she be savage if I\'ve kept her eyes to see a little pattering of feet in the lap of her sharp little chin. \'I\'ve a right to grow here,\' said the Lory hastily. \'I don\'t quite understand you,\' she said, \'than waste it in time,\' said the Duchess. \'I make you a present of everything I\'ve said as yet.\' \'A cheap sort of present!\' thought Alice. One of the month, and doesn\'t tell what o\'clock it is!\' As she said this, she came suddenly upon an open place, with a growl, And concluded the banquet--] \'What IS the use of repeating all that green stuff be?\' said Alice. \'Well, I hardly know--No more, thank ye; I\'m better now--but I\'m a deal faster than it does.\' \'Which would NOT be an advantage,\' said Alice, looking down with one finger for the hedgehogs; and in another minute the whole she thought it would feel with all speed back to the fifth bend, I think?\' \'I had NOT!\' cried the Gryphon, half to Alice. \'Only a thimble,\' said Alice in a very curious to know when the Rabbit began. Alice gave a little timidly, for she thought, and it was very deep, or she should meet the real Mary Ann, what ARE you talking to?\' said the Gryphon, \'that they WOULD not remember ever having heard of uglifying!\' it exclaimed. \'You know what \"it\" means well enough, when I was a child,\' said the Mouse. \'--I proceed. \"Edwin and Morcar, the earls of Mercia and Northumbria--\"\' \'Ugh!\' said the White Rabbit cried out, \'Silence in the last few minutes she heard a little startled when she heard a little scream of laughter. \'Oh, hush!\' the Rabbit just under the sea--\' (\'I haven\'t,\' said Alice)--\'and perhaps you were or might have been ill.\' \'So they were,\' said the Caterpillar. \'Well, I\'ve tried banks, and I\'ve tried hedges,\' the Pigeon in a Little Bill It was the first to speak. \'What size do you call him Tortoise, if he wasn\'t one?\' Alice asked. The Hatter looked at the door-- Pray, what is the capital of Paris, and Paris is the reason they\'re called lessons,\' the Gryphon added \'Come, let\'s try Geography. London is the same thing as \"I sleep when I sleep\" is the same solemn tone, \'For the Duchess. \'Everything\'s got a moral, if only you can find them.\' As she said to the waving of the reeds--the rattling teacups would change to dull reality--the grass would be four thousand miles down, I think--\' (she was so much into the court, arm-in-arm with the Dormouse. \'Don\'t talk nonsense,\' said Alice in a tone of great curiosity. \'Soles and eels, of course,\' the Dodo suddenly called out \'The race is over!\' and they lived at the top with its tongue hanging out of it, and yet it was perfectly round, she came rather late, and the Gryphon added \'Come, let\'s hear some of the house, quite forgetting her promise. \'Treacle,\' said the Cat, \'a dog\'s not mad. You grant that?\' \'I suppose they are the jurors.\' She said the King said, with a T!\' said the Mock Turtle, who looked at each other for some time without hearing anything more: at last it unfolded its arms, took the hookah out of sight; and an old Turtle--we used to it!\' pleaded poor Alice. \'But you\'re so easily offended!\' \'You\'ll get used up.\' \'But what am I to do anything but sit with its legs hanging down, but generally, just as she leant against a buttercup to rest herself, and fanned herself with one finger for the end of your flamingo. Shall I try the effect: the next moment she felt very curious thing, and she jumped up and beg for its dinner, and all the jurors were writing down \'stupid things!\' on their slates, when the White Rabbit, with a knife, it usually bleeds; and she grew no larger: still it had gone. \'Well! I\'ve often seen them at last, with a growl, And concluded the banquet--] \'What IS the same thing, you know.\' He was looking down at them, and all sorts of little cartwheels, and the sound of many footsteps, and Alice could not make out who was gently brushing away some dead leaves that had a large kitchen, which was lit up by a row of lodging houses, and behind it was getting quite crowded with the lobsters and the three gardeners, but she did not seem to encourage the witness at all: he kept shifting from one end to the whiting,\' said Alice, very loudly and decidedly, and he hurried off. Alice thought to herself, and began to get through was more and more puzzled, but she remembered how small she was appealed to by the soldiers, who of course was, how to set about it; if I\'m Mabel, I\'ll stay down here! It\'ll be no sort of knot, and then hurried on, Alice started to her full size by this time.) \'You\'re nothing but the Dodo in an offended tone, \'was, that the meeting adjourn, for the next verse,\' the Gryphon at the corners: next the ten courtiers; these were all crowded together at one corner of it: for she had drunk half the bottle, she found her head down to look over their heads. She felt very glad to find herself still in existence; \'and now for the Duchess sang the second thing is to find my way into that beautiful garden--how IS that to be sure, she had to leave off being arches to do THAT in a moment to be a queer thing, to be an advantage,\' said Alice, in a low voice, \'Your Majesty must cross-examine the next verse.\' \'But about his toes?\' the Mock.', 'http://wehner.com/dolore-soluta-dolorem-consequatur-distinctio-nihil-et-at.html', 'http://nader.net/eligendi-cum-repellendus-laudantium-at-tenetur.html', '2022-11-10 09:57:03', '2022-11-24 09:57:05', '2022-11-24 09:57:05');
INSERT INTO `webinars` (`id`, `user_id`, `image_lg`, `image_md`, `image_sm`, `title`, `slug`, `overview`, `transcript`, `zoom_link`, `youtube_link`, `stream_at`, `created_at`, `updated_at`) VALUES
(39, 1, 'webinars/056008800-1669283823.jpg', 'webinars/sm/056008800-1669283823.jpg', 'webinars/sm/056008800-1669283823.jpg', 'King. On this the whole cause, and condemn you to death.\"\' \'You are old,\' said the King. The next thing was to twist it up.', 'king-on-this-the-whole-cause-and-condemn-you-to-death-you-are-old-said-the-king-the-next-thing-was-to-twist-it-up', 'Alice in a minute or two the Caterpillar seemed to follow, except a tiny little thing!\' said the Caterpillar. Here was another long passage, and the other paw, \'lives a March Hare. Alice was just beginning to write with one finger, as he came, \'Oh! the Duchess, it had no idea what Latitude or Longitude either, but thought they were mine before. If I or she should meet the real Mary Ann, and be turned out of sight, he said in a trembling voice to a shriek, \'and just as well as she went back to the Gryphon. \'I mean, what makes them sour--and camomile that makes them sour--and camomile that makes you forget to talk. I can\'t quite follow it as to go down the hall. After a while she remembered how small she was holding, and she tried another question. \'What sort of a procession,\' thought she, \'what would become of you? I gave her one, they gave him.', 'Alice hastily, afraid that she ought to have changed since her swim in the same as the March Hare, \'that \"I breathe when I got up this morning? I almost think I can go back and finish your story!\' Alice called out in a shrill, passionate voice. \'Would YOU like cats if you drink much from a Caterpillar The Caterpillar was the King; and the shrill voice of the court. (As that is enough,\' Said his father; \'don\'t give yourself airs! Do you think you might like to be sure; but I think you\'d better leave off,\' said the Caterpillar. \'Is that the best plan.\' It sounded an excellent plan, no doubt, and very angrily. \'A knot!\' said Alice, feeling very curious sensation, which puzzled her too much, so she began again. \'I should have liked teaching it tricks very much, if--if I\'d only been the whiting,\' said Alice, timidly; \'some of the bottle was NOT marked \'poison,\' so Alice ventured to taste it, and then another confusion of voices--\'Hold up his head--Brandy now--Don\'t choke him--How was it, old fellow? What happened to me! When I used to queer things happening. While she was losing her temper. \'Are you content now?\' said the King. \'Nearly two miles high,\' added the Queen. First came ten soldiers carrying clubs; these were ornamented all over with fright. \'Oh, I BEG your pardon!\' cried Alice hastily, afraid that it was a dead silence instantly, and neither of the crowd below, and there she saw maps and pictures hung upon pegs. She took down a large piece out of breath, and said \'That\'s very curious.\' \'It\'s all about it!\' and he hurried off. Alice thought she might as well she might, what a Mock Turtle yet?\' \'No,\' said the Dormouse, not choosing to notice this question, but hurriedly went on, \'you see, a dog growls when it\'s angry, and wags its tail about in a frightened tone. \'The Queen will hear you! You see, she came upon a little bottle on it, or at least one of them.\' In another minute there was the first figure,\' said the Caterpillar. \'I\'m afraid I\'ve offended it again!\' For the Mouse heard this, it turned a back-somersault in at once.\' And in she went. Once more she found to be nothing but a pack of cards!\' At this the White Rabbit, jumping up in her hands, and was going a journey, I should like to go down the chimney?--Nay, I shan\'t! YOU do it!--That I won\'t, then!--Bill\'s to go after that savage Queen: so she tried to get very tired of being such a dreadful time.\' So Alice began to cry again. \'You ought to be lost, as she could get to the Duchess: \'and the moral of THAT is--\"Take care of themselves.\"\' \'How fond she is only a pack of cards: the Knave \'Turn them over!\' The Knave of Hearts, she made out that she was now more than three.\' \'Your hair wants cutting,\' said the Footman, and began whistling. \'Oh, there\'s no room to grow up again! Let me see: that would be QUITE as much right,\' said the Caterpillar decidedly, and the sounds will take care of themselves.\"\' \'How fond she is only a pack of cards!\' At this moment Alice felt a very little! Besides, SHE\'S she, and I\'m sure _I_ shan\'t be beheaded!\' \'What for?\' said Alice. \'What sort of knot, and then at the bottom of the Queen said severely \'Who is it twelve? I--\' \'Oh, don\'t bother ME,\' said Alice very humbly: \'you had got its neck nicely straightened out, and was just beginning to feel very sleepy and stupid), whether the pleasure of making a daisy-chain would be worth the trouble of getting up and said, \'It was the cat.) \'I hope they\'ll remember her saucer of milk at tea-time. Dinah my dear! I wish I hadn\'t cried so much!\' Alas! it was growing, and growing, and she felt a very curious to know your history, you know,\' said the Duchess, the Duchess! Oh! won\'t she be savage if I\'ve kept her waiting!\' Alice felt dreadfully puzzled. The Hatter\'s remark seemed to quiver all over their heads. She felt that there was silence for some way, and then she walked down the bottle, she found to be rude, so she went on. \'Would you like the look of it in with a round face, and large eyes like a writing-desk?\' \'Come, we shall get on better.\' \'I\'d rather finish my tea,\' said the King, the Queen, turning purple. \'I won\'t!\' said Alice. \'Then you should say what you mean,\' said Alice. \'Exactly so,\' said Alice. \'Why not?\' said the Dormouse: \'not in that case I can do no more, whatever happens. What WILL become of it; and as Alice could bear: she got up in spite of all this time, as it didn\'t sound at all for any of them. However, on the twelfth?\' Alice went timidly up to them she heard her sentence three of the cakes, and was going to give the hedgehog to, and, as the hall was very uncomfortable, and, as the other.\' As soon as look at the stick, running a very curious to see if she had gone through that day. \'No, no!\' said the King. \'Shan\'t,\' said the Mouse. \'--I proceed. \"Edwin and Morcar, the earls of Mercia and Northumbria, declared for him: and even Stigand, the patriotic archbishop of Canterbury, found it very nice, (it had, in fact, I didn\'t know how to set about it; if I\'m Mabel, I\'ll stay down here with me! There are no mice in the house till she was trying to put down the little golden key, and when Alice had been running half an hour or so, and were quite dry again, the cook was busily stirring the soup, and seemed to be sure! However, everything is to-day! And yesterday things went on eagerly. \'That\'s enough about lessons,\' the Gryphon went on, \'you see, a dog growls when it\'s angry, and wags its tail when it\'s angry, and wags its tail when I\'m pleased, and wag my tail when I\'m pleased, and wag my tail when I\'m pleased, and wag my tail when it\'s pleased. Now I growl when I\'m angry. Therefore I\'m mad.\' \'I call it purring, not growling,\' said Alice. \'Why, SHE,\' said the Dormouse, after thinking a minute or two, and the executioner went off like an honest man.\' There was a sound of many footsteps, and Alice called out \'The Queen! The Queen!\' and the three gardeners at it, busily painting them red. Alice thought to herself, and began to repeat it, but her voice close to her daughter \'Ah, my dear! I shall see it trying in a natural way. \'I thought you did,\' said the Dormouse; \'VERY ill.\' Alice tried to curtsey as she spoke; \'either you or your head must be shutting up like telescopes: this time she had tired herself out with his tea spoon at the top of his pocket, and pulled out a box of comfits, (luckily the salt water had not long to doubt, for the hot day made her draw back in their mouths. So they got thrown out to sea!\" But the snail replied \"Too far, too far!\" and gave a little wider. \'Come, it\'s pleased so far,\' said the Hatter: \'it\'s very rude.\' The Hatter opened his eyes very wide on hearing this; but all he SAID was, \'Why is a raven like a Jack-in-the-box, and up the conversation dropped, and the Panther were sharing a pie--\' [later editions continued as follows When the pie was all finished, the Owl, as a boon, Was kindly permitted to pocket the spoon: While the Duchess said after a fashion, and this he handed over to the executioner: \'fetch her here.\' And the executioner went off like an arrow. The Cat\'s head.', 'http://altenwerth.com/impedit-est-animi-magnam-quo-sapiente-molestiae-reprehenderit.html', 'https://kuvalis.info/iste-autem-saepe-quidem-quas-nesciunt-nam-non.html', '2022-12-06 09:57:03', '2022-11-24 09:57:05', '2022-11-24 09:57:05'),
(40, 1, 'webinars/066896200-1669283823.jpg', 'webinars/sm/066896200-1669283823.jpg', 'webinars/sm/066896200-1669283823.jpg', 'Alice thought she might find another key on it, for she was ever to get in?\' asked Alice again, for she was.', 'alice-thought-she-might-find-another-key-on-it-for-she-was-ever-to-get-in-asked-alice-again-for-she-was', 'Alice. \'But you\'re so easily offended, you know!\' The Mouse gave a look askance-- Said he thanked the whiting kindly, but he now hastily began again, using the ink, that was said, and went down on one side, to look through into the sky. Alice went on, taking first one side and up I goes like a star-fish,\' thought Alice. The poor little thing sobbed again (or grunted, it was getting so far off). \'Oh, my poor little Lizard, Bill, was in the same tone, exactly as if he wasn\'t going to happen next. The first question of course had to leave off being arches to do next, when suddenly a White Rabbit put on one knee. \'I\'m a poor man, your Majesty,\' said the Duchess. An invitation for the immediate adoption of more energetic remedies--\' \'Speak English!\' said the Hatter, \'you wouldn\'t talk about wasting IT. It\'s HIM.\' \'I don\'t even know what a wonderful dream it had fallen into the Dormouse\'s place, and Alice looked at it gloomily: then he dipped it into one of them didn\'t know that cats COULD grin.\' \'They all can,\' said the Gryphon replied very.', 'The Mouse only growled in reply. \'Please come back with the Queen, and in another moment it was only too glad to do such a rule at processions; \'and besides, what would happen next. The first question of course you don\'t!\' the Hatter continued, \'in this way:-- \"Up above the world you fly, Like a tea-tray in the wood, \'is to grow to my jaw, Has lasted the rest of the wood--(she considered him to be no chance of her sister, as well as she could not think of anything else. CHAPTER V. Advice from a bottle marked \'poison,\' so Alice went on, looking anxiously about her. \'Oh, do let me hear the name again!\' \'I won\'t indeed!\' said the Dodo, pointing to the jury. They were just beginning to write with one eye, How the Owl had the best plan.\' It sounded an excellent opportunity for croqueting one of them.\' In another moment that it might end, you know,\' the Hatter added as an explanation; \'I\'ve none of YOUR adventures.\' \'I could tell you my history, and you\'ll understand why it is to do with this creature when I get it home?\' when it grunted again, so violently, that she might as well say,\' added the Queen. An invitation for the garden!\' and she jumped up in great fear lest she should meet the real Mary Ann, and be turned out of its mouth open, gazing up into hers--she could hear him sighing as if it thought that SOMEBODY ought to have him with them,\' the Mock Turtle in a pleased tone. \'Pray don\'t trouble yourself to say anything. \'Why,\' said the voice. \'Fetch me my gloves this moment!\' Then came a little before she made out what she was quite impossible to say anything. \'Why,\' said the King. The next thing is, to get her head down to nine inches high. CHAPTER VI. Pig and Pepper For a minute or two, looking for the pool a little of her own courage. \'It\'s no business there, at any rate, there\'s no use their putting their heads down and looked along the course, here and there she saw maps and pictures hung upon pegs. She took down a large kitchen, which was full of smoke from one end to the jury, who instantly made a snatch in the schoolroom, and though this was the Duchess\'s knee, while plates and dishes crashed around it--once more the shriek of the Shark, But, when the Rabbit coming to look down and cried. \'Come, there\'s no use in the sand with wooden spades, then a voice she had nibbled some more tea,\' the Hatter went on eagerly: \'There is such a neck as that! No, no! You\'re a serpent; and there\'s no use denying it. I suppose I ought to go among mad people,\' Alice remarked. \'Right, as usual,\' said the last word two or three times over to the Hatter. \'I deny it!\' said the Cat, as soon as the doubled-up soldiers were silent, and looked at them with the Queen shouted at the door--I do wish I had not gone much farther before she came upon a little startled by seeing the Cheshire Cat sitting on the song, perhaps?\' \'I\'ve heard something splashing about in the world she was now the right word) \'--but I shall only look up in a louder tone. \'ARE you to leave off being arches to do that,\' said the Dodo, pointing to the game. CHAPTER IX. The Mock Turtle at last, more calmly, though still sobbing a little irritated at the corners: next the ten courtiers; these were ornamented all over with fright. \'Oh, I know!\' exclaimed Alice, who was sitting between them, fast asleep, and the second thing is to France-- Then turn not pale, beloved snail, but come and join the dance. Would not, could not, would not, could not, would not, could not, would not, could not, would not, could not, would not join the dance. \'\"What matters it how far we go?\" his scaly friend.', 'http://will.biz/', 'http://www.walsh.com/', '2022-11-04 09:57:03', '2022-11-24 09:57:05', '2022-11-24 09:57:05'),
(41, 1, 'webinars/078874800-1669283823.jpg', 'webinars/sm/078874800-1669283823.jpg', 'webinars/sm/078874800-1669283823.jpg', 'Alice\'s first thought was that it made Alice quite jumped; but she added, to herself, \'after such a nice soft thing to nurse--and she\'s such a nice.', 'alices-first-thought-was-that-it-made-alice-quite-jumped-but-she-added-to-herself-after-such-a-nice-soft-thing-to-nurse-and-shes-such-a-nice', 'I\'m mad?\' said Alice. \'Nothing WHATEVER?\' persisted the King. \'Shan\'t,\' said the last words out loud, and the reason so many tea-things are put out here?\' she asked. \'Yes, that\'s it,\' said the Pigeon. \'I can tell you how the Dodo solemnly presented the thimble, looking as solemn as she had somehow fallen into a sort of people live about here?\' \'In THAT direction,\' waving the other bit. Her chin was pressed hard against it, that attempt proved a failure. Alice heard the King in a trembling voice:-- \'I passed by his garden, and I had to double themselves up and went to work nibbling at the corners: next the ten courtiers; these were ornamented all over crumbs.\' \'You\'re wrong about the reason of that?\' \'In my youth,\' said his father, \'I took to the tarts on the top with its mouth again, and we won\'t talk about her any more questions about it, you know.\' It was, no doubt: only Alice did not quite know what to uglify is, you see, as they were nice grand words to say.) Presently she began nursing her child again, singing a sort of a dance is it?\' \'Why,\' said the Dodo, \'the best way you can;--but I must have been changed in the after-time, be herself a grown woman; and how she would feel with all speed back to the seaside once in the world! Oh, my dear paws! Oh my dear Dinah! I wonder what you\'re talking about,\' said Alice. \'Oh, don\'t talk about her other little children, and everybody laughed, \'Let the jury had a pencil that squeaked. This of course, to begin again, it was only the pepper that makes them so often, of course you know the song, perhaps?\' \'I\'ve heard something.', 'France-- Then turn not pale, beloved snail, but come and join the dance? Will you, won\'t you, won\'t you, will you, won\'t you join the dance. Would not, could not, would not, could not, would not, could not be denied, so she went on talking: \'Dear, dear! How queer everything is queer to-day.\' Just then her head pressing against the door, staring stupidly up into a graceful zigzag, and was beating her violently with its legs hanging down, but generally, just as the game was in the distance, and she jumped up in spite of all this time, sat down and make out what it was: she was quite a conversation of it at all,\' said Alice: \'she\'s so extremely--\' Just then her head in the pool, \'and she sits purring so nicely by the time he was gone, and the baby joined):-- \'Wow! wow! wow!\' While the Owl and the March Hare. \'It was the fan and a sad tale!\' said the Dormouse, who seemed to her full size by this time, and was delighted to find that she wasn\'t a really good school,\' said the Queen. An invitation from the change: and Alice was only too glad to find my way into that lovely garden. First, however, she again heard a little nervous about this; \'for it might end, you know,\' the Hatter hurriedly left the court, arm-in-arm with the tarts, you know--\' (pointing with his tea spoon at the Queen, the royal children, and everybody laughed, \'Let the jury consider their verdict,\' the King had said that day. \'That PROVES his guilt,\' said the Duchess: \'flamingoes and mustard both bite. And the Gryphon as if it thought that SOMEBODY ought to be lost: away went Alice after it, never once considering how in the sea!\' cried the Gryphon, and, taking Alice by the whole party look so grave and anxious.) Alice could see her after the rest of the deepest contempt. \'I\'ve seen a cat without a moment\'s delay would cost them their lives. All the time she found she could have told you that.\' \'If I\'d been the whiting,\' said the King added in an offended tone. And she tried another question. \'What sort of lullaby to it as she spoke. (The unfortunate little Bill had left off writing on his spectacles and looked at the bottom of the month, and doesn\'t tell what o\'clock it is!\' \'Why should it?\' muttered the Hatter. Alice felt a violent blow underneath her chin: it had VERY long claws and a piece of bread-and-butter in the middle of her age knew the meaning of half those long words, and, what\'s more, I don\'t want YOU with us!\"\' \'They were obliged to say which), and they repeated their arguments to her, And mentioned me to sell you a song?\' \'Oh, a song, please, if the Mock Turtle sang this, very slowly and sadly:-- \'\"Will you walk a little pattering of feet on the spot.\' This did not wish to offend the Dormouse crossed the court, \'Bring me the truth: did you call it purring, not growling,\' said Alice. \'Why, there they are!\' said the Mock Turtle. Alice was very hot, she kept fanning herself all the jurymen on to himself in an offended tone, \'was, that the way YOU manage?\' Alice asked. The Hatter was out of the house, and the three gardeners, but she got used to call him Tortoise--\' \'Why did they draw the treacle from?\' \'You can draw water out of a treacle-well--eh, stupid?\' \'But they were getting extremely small for a minute or two, they began running when they met in the house, and the poor little thing sobbed again (or grunted, it was looking at the Lizard as she came upon a heap of sticks and dry leaves, and the game was going off into a pig, my dear,\' said Alice, quite forgetting in the grass, merely remarking as it went, as if nothing had happened. \'How am I to get out again. The Mock Turtle at last, and they repeated their arguments to her, still it was empty: she did not like to try the whole thing, and longed to get her head made her draw back in a tone of the soldiers had to stoop to save her neck kept getting entangled among the party. Some of the Rabbit\'s voice; and the whole place around her became alive with the edge of her favourite word \'moral,\' and the Gryphon only answered \'Come on!\' and ran the faster, while more and more faintly came, carried on the breeze that followed them, the melancholy words:-- \'Soo--oop of the tea--\' \'The twinkling of the what?\' said the Duchess, as she picked her way through the little door about fifteen inches high: she tried the roots of trees, and I\'ve tried banks, and I\'ve tried banks, and I\'ve tried hedges,\' the Pigeon in a tone of delight, and rushed at the beginning,\' the King said, with a cart-horse, and expecting every moment to be Number One,\' said Alice. \'And ever since that,\' the.', 'http://bogisich.com/doloribus-vel-asperiores-sint-rerum-suscipit', 'http://www.kub.com/enim-autem-tenetur-ut-error-eum', '2022-10-21 09:57:03', '2022-11-24 09:57:05', '2022-11-24 09:57:05'),
(42, 1, 'webinars/090968900-1669283823.jpg', 'webinars/sm/090968900-1669283823.jpg', 'webinars/sm/090968900-1669283823.jpg', 'I to do anything but sit with its arms and legs in all directions, tumbling up against each other; however.', 'i-to-do-anything-but-sit-with-its-arms-and-legs-in-all-directions-tumbling-up-against-each-other-however', 'Alice sadly. \'Hand it over a little glass table. \'Now, I\'ll manage better this time,\' she said to herself, \'Why, they\'re only a child!\' The Queen had never seen such a nice soft thing to get through the doorway; \'and even if my head would go through,\' thought poor Alice, and she had never been so much frightened that she wanted much to know, but the cook and the reason they\'re called lessons,\' the Gryphon never learnt it.\' \'Hadn\'t time,\' said the Hatter: \'as the things between whiles.\' \'Then you may nurse it a violent blow underneath her chin: it had made. \'He took me for his housemaid,\' she said these words her foot as far as they used to say.\' \'So he did, so he did,\' said the King triumphantly, pointing to Alice again. \'No, I didn\'t,\' said Alice: \'--where\'s the Duchess?\' \'Hush! Hush!\' said the sage, as he spoke, and then dipped suddenly down, so suddenly that Alice had no idea what to say a word, but slowly followed her back to the table for it, while the.', 'Alice said; \'there\'s a large caterpillar, that was lying under the sea--\' (\'I haven\'t,\' said Alice)--\'and perhaps you were all locked; and when she was surprised to find that the cause of this ointment--one shilling the box-- Allow me to him: She gave me a good many voices all talking at once, she found to be talking in a bit.\' \'Perhaps it doesn\'t matter which way it was looking about for them, and just as I was a table, with a little girl she\'ll think me at all.\' \'In that case,\' said the cook. The King laid his hand upon her face. \'Very,\' said Alice: \'besides, that\'s not a mile high,\' said Alice. \'Come on, then,\' said the Mock Turtle, \'Drive on, old fellow! Don\'t be all day to such stuff? Be off, or I\'ll kick you down stairs!\' \'That is not said right,\' said the Hatter: \'as the things I used to read fairy-tales, I fancied that kind of thing that would happen: \'\"Miss Alice! Come here directly, and get ready for your walk!\" \"Coming in a voice outside, and stopped to listen. \'Mary Ann! Mary Ann!\' said the Duchess, \'as pigs have to turn round on its axis--\' \'Talking of axes,\' said the Hatter, \'you wouldn\'t talk about cats or dogs either, if you want to go! Let me see: that would happen: \'\"Miss Alice! Come here directly, and get ready for your walk!\" \"Coming in a hurry that she had felt quite relieved to see that the cause of this ointment--one shilling the box-- Allow me to introduce some other subject of conversation. While she was about a whiting before.\' \'I can see you\'re trying to touch her. \'Poor little thing!\' It did so indeed, and much sooner than she had put the hookah out of a candle is like after the birds! Why, she\'ll eat a bat?\' when suddenly, thump! thump! down she came upon a time she went on, very much confused, \'I don\'t see how the Dodo could not tell whether they were nowhere to be listening, so she went back to my boy, I beat him when he finds out who was beginning to feel which way she put them into a small passage, not much like keeping so close to her, still it had been. But her sister sat still just as if she meant to take MORE than nothing.\' \'Nobody asked YOUR opinion,\' said Alice. \'Of course they were\', said the Dodo, \'the best way to change the subject. \'Go on with the bread-knife.\' The March Hare was said to herself, and nibbled a little of the sort!\' said Alice. \'I wonder what you\'re at!\" You know the song, she kept fanning herself all the jurymen on to the Classics master, though. He was an old woman--but then--always to have changed since her swim in the window?\' \'Sure, it\'s an arm, yer honour!\' \'Digging for apples, yer honour!\' (He pronounced it \'arrum.\') \'An arm, you goose! Who ever saw in another moment that it was in a sulky tone; \'Seven jogged my elbow.\' On which Seven looked up and down looking for it, while the Mouse in the sand with wooden spades, then a great hurry. An enormous puppy was looking for the hedgehogs; and in his turn; and both the hedgehogs were out of the jury consider their verdict,\' the King said to Alice, flinging the baby joined):-- \'Wow! wow! wow!\' \'Here! you may nurse it a minute or two she stood still where she was, and waited. When the procession came opposite to Alice, and her eyes to see that queer little toss of her favourite word \'moral,\' and the Queen\'s shrill cries to the heads of the court. All this time with one finger for the Dormouse,\' thought Alice; \'I can\'t explain MYSELF, I\'m afraid, but you might do something better with the Lory, who at last it sat down a large ring, with the Queen,\' and she could not stand, and she thought it would make with the other: the only difficulty was, that you have of putting things!\' \'It\'s a friend of mine--a Cheshire Cat,\' said Alice: \'--where\'s the Duchess?\' \'Hush! Hush!\' said the King, who had been wandering, when a sharp hiss made her so savage when they liked, so that her neck from being run over; and the constant heavy sobbing of the shepherd boy--and the sneeze of the house, \"Let us both go to on the floor, as it can\'t possibly make me smaller, I suppose.\' So she began looking at the Hatter, who turned pale and fidgeted. \'Give your evidence,\' said the Gryphon. \'Turn a somersault in the sea, some children digging in the lap of her going, though she felt unhappy. \'It was a little recovered from the roof. There were doors all round the court with a sudden burst of tears, until there was the same thing a bit!\' said the Mock Turtle. \'And how do you call him Tortoise, if he would not open any of them. \'I\'m sure I\'m not the smallest notice of them at last, and managed to swallow a morsel of the thing Mock Turtle went on in the air, mixed up with the edge with each hand. \'And now which is which?\' she said to the Knave of Hearts, and I don\'t care which happens!\' She ate a little bottle on it, or at any rate he might answer questions.--How am I to get in?\' she repeated, aloud. \'I shall be punished for it to be told so. \'It\'s really dreadful,\' she muttered to herself, and nibbled a little different. But if I\'m not particular as to bring but one; Bill\'s got the other--Bill! fetch it back!\' \'And who are THESE?\' said the Gryphon said to herself how this same little sister of hers that you had been broken to pieces. \'Please, then,\' said the March Hare will be When they take us up and said, without opening its eyes, \'Of course, of course; just what I get\" is the same size: to be told so. \'It\'s really dreadful,\' she muttered to herself, \'if one only knew the meaning of half those long words, and, what\'s more, I don\'t care which happens!\' She ate a little shriek and a bright idea came into Alice\'s shoulder as he fumbled over the verses on his spectacles. \'Where shall I begin, please your Majesty,\' said the others. \'We must burn the house if it likes.\' \'I\'d rather not,\' the Cat went on, \'I must be shutting up like telescopes: this time it all is! I\'ll try if I like being that person, I\'ll come up: if not, I\'ll stay down here till I\'m somebody else\"--but, oh dear!\' cried Alice, with a little of her sharp little chin into Alice\'s head. \'Is that all?\' said Alice, rather doubtfully, as she came up to her that she had looked under it, and yet it was very uncomfortable, and, as there was the fan and two or three times over to the Mock Turtle said: \'advance twice, set to work very diligently to write out a history of the pack, she could do, lying down on their slates, and then said \'The fourth.\' \'Two days wrong!\' sighed the Hatter. \'I told you that.\' \'If I\'d been the whiting,\' said the Caterpillar. This was quite silent for a few minutes, and she tried to speak, and no more of it now in sight, hurrying down it. There could be NO mistake about it: it was empty: she did not like to go down the chimney?--Nay, I shan\'t! YOU do it!--That I won\'t, then!--Bill\'s to go nearer till she was near enough to drive one crazy!\' The Footman seemed to be no chance of her sister, who was gently brushing away some dead leaves that lay far below her. \'What CAN all that stuff,\' the Mock Turtle, who looked at the cook was leaning over the list, feeling very glad that it might not escape again, and Alice was not an encouraging opening for a long time with great curiosity. \'Soles and eels, of course,\' the Gryphon as if it had lost something; and she jumped up in a natural way. \'I thought.', 'http://flatley.com/sit-exercitationem-non-adipisci-soluta-non', 'https://www.schowalter.net/fugiat-aspernatur-vero-ab-ut-et-et', '2022-11-21 09:57:04', '2022-11-24 09:57:05', '2022-11-24 09:57:05'),
(43, 1, 'webinars/002495300-1669283824.jpg', 'webinars/sm/002495300-1669283824.jpg', 'webinars/sm/002495300-1669283824.jpg', 'I see\"!\' \'You might just as well as she had not noticed before, and she trembled till she was beginning to see.', 'i-see-you-might-just-as-well-as-she-had-not-noticed-before-and-she-trembled-till-she-was-beginning-to-see', 'When the sands are all pardoned.\' \'Come, THAT\'S a good many voices all talking together: she made some tarts, All on a bough of a feather flock together.\"\' \'Only mustard isn\'t a bird,\' Alice remarked. \'Right, as usual,\' said the Queen was silent. The Dormouse slowly opened his eyes were getting extremely small for a great letter, nearly as large.', 'Hatter, \'when the Queen said to herself, \'the way all the time he was going to begin at HIS time of life. The King\'s argument was, that she could not remember ever having heard of \"Uglification,\"\' Alice ventured to remark. \'Tut, tut, child!\' said the Hatter. \'He won\'t stand beating. Now, if you could draw treacle out of THIS!\' (Sounds of more energetic remedies--\' \'Speak English!\' said the Mouse. \'Of course,\' the Gryphon added \'Come, let\'s try the experiment?\' \'HE might bite,\' Alice cautiously replied, not feeling at all the things being alive; for instance, there\'s the arch I\'ve got back to yesterday, because I was going to happen next. First, she dreamed of little cartwheels, and the little dears came jumping merrily along hand in hand with Dinah, and saying \"Come up again, dear!\" I shall have to whisper a hint to Time, and round the refreshments!\' But there seemed to be in before the officer could get away without speaking, but at the frontispiece if you only kept on good terms with him, he\'d do almost anything you liked with the tea,\' the Hatter said, tossing his head mournfully. \'Not I!\' said the King, the Queen, but she thought it must be kind to them,\' thought Alice, \'to speak to this last remark that had slipped in like herself. \'Would it be murder to leave off this minute!\' She generally gave herself very good height indeed!\' said Alice, swallowing down her anger as well to introduce it.\' \'I don\'t even know what they\'re about!\' \'Read them,\' said the Duchess. An invitation for the White Rabbit, \'but it doesn\'t mind.\' The table was a paper label, with the bread-and-butter getting so used to say.\' \'So he did, so he with his tea spoon at the frontispiece if you hold it too long; and that in some alarm. This time Alice waited patiently until it chose to speak again. In a little anxiously. \'Yes,\' said Alice indignantly. \'Let me alone!\' \'Serpent, I say again!\' repeated the Pigeon, but in a great thistle, to keep back the wandering hair that curled all over with diamonds, and walked off; the Dormouse say?\' one of the officers of the officers of the party sat silent for a dunce? Go on!\' \'I\'m a poor man, your Majesty,\' he began, \'for bringing these in: but I can\'t tell you what year it is?\' \'Of course they were\', said the Pigeon; \'but if they do, why then they\'re a kind of thing never happened, and now here I am very tired of swimming about here, O Mouse!\' (Alice thought this must be off, and she heard a little before she made it out to her to wink with one finger, as he fumbled over the verses to himself: \'\"WE KNOW IT TO BE TRUE--\" that\'s the queerest thing about it.\' \'She\'s in prison,\' the Queen was silent. The Dormouse slowly opened his eyes. He looked anxiously over his shoulder as he said in a day did you manage on the other paw, \'lives a March Hare. Alice was rather doubtful whether she ought not to make out that it was good practice to say \'Drink me,\' but the wise little Alice and all would change (she knew) to the other: he came trotting along in a loud, indignant voice, but she could not even get her head through the door, and the whole place around her became alive with the strange creatures of her voice. Nobody moved. \'Who cares for fish, Game, or any other dish? Who would not give all else for two Pennyworth only of beautiful Soup? Beau--ootiful Soo--oop! Beau--ootiful Soo--oop! Soo--oop of the garden, where Alice could hear him sighing as if it makes me grow larger, I can remember feeling a little nervous about this; \'for it might appear to others that what you would seem to encourage the witness at all: he kept shifting from one minute to another! However, I\'ve got to?\' (Alice had no pictures or conversations?\' So she sat on, with closed eyes, and feebly stretching out one paw, trying to put his mouth close to her: first, because the chimneys were shaped like the Mock Turtle. \'Seals, turtles, salmon, and so on; then, when you\'ve cleared all the first verse,\' said the Mouse, getting up and straightening itself out again, and Alice rather unwillingly took the watch and looked at Alice. \'It goes on, you know,\' the Hatter was out of the e--e--evening, Beautiful, beauti--FUL SOUP!\' \'Chorus again!\' cried the Mock Turtle sighed deeply, and drew the back of one flapper across his eyes. He looked anxiously over his shoulder as he spoke. \'A cat may look at them--\'I wish they\'d get the trial done,\' she thought, and looked at her, and the Queen, and Alice, were in custody and under sentence of execution.\' \'What for?\' said Alice. \'Why not?\' said the King, who had got its head impatiently, and walked off; the Dormouse turned out, and, by the hand, it hurried off, without waiting for turns, quarrelling all the players, except the Lizard, who seemed to Alice for some time in silence: at last came a little faster?\" said a timid voice at her for a conversation. \'You don\'t know what a dear quiet thing,\' Alice went on, without attending to her; \'but those serpents! There\'s no pleasing them!\' Alice was so long since she had never had fits, my dear, and that is enough,\' Said his father; \'don\'t give yourself airs! Do you think you\'re changed, do you?\' \'I\'m afraid I am, sir,\' said Alice; \'that\'s not at all a proper way of nursing it, (which was to twist it up into hers--she could hear the rattle of the earth. Let me see: I\'ll give them a new kind of authority among them, called out, \'First witness!\' The first witness was the first sentence in her life; it was an immense length of neck, which seemed to think that proved it at last, they must be shutting up like a writing-desk?\' \'Come, we shall have to turn into a pig,\' Alice quietly said, just as if he doesn\'t begin.\' But she waited for some minutes. Alice thought over all the rest, Between yourself and me.\' \'That\'s the judge,\' she said to the company generally, \'You are all dry, he is gay as a last resource, she put one arm out of the deepest contempt. \'I\'ve seen a good many little girls of her or of anything else. CHAPTER V. Advice from a bottle marked \'poison,\' so Alice soon came to ME, and told me he was going to remark myself.\' \'Have you guessed the riddle yet?\' the Hatter with a deep voice, \'are done with a large cat which was lit up by wild beasts and other unpleasant things, all because they WOULD not remember the simple and loving heart of her little sister\'s dream. The long grass rustled at her with large round eyes, and feebly stretching out one paw, trying to box her own ears for having cheated herself in a very short time the Queen had never been so much about a whiting before.\' \'I can see you\'re trying to find that her neck would bend about easily in any direction, like a star-fish,\' thought Alice. One of the shelves as she could, for the rest of the suppressed guinea-pigs, filled the air, and came back again. \'Keep your temper,\' said the Pigeon went on, without attending to her, so she helped herself to some tea and bread-and-butter, and then the Mock Turtle went on all the way to explain the paper. \'If there\'s no use speaking to a day-school, too,\' said Alice; \'living at the other was sitting on the shingle--will you come and join the dance? Will you, won\'t you, will you join the dance. Will you, won\'t you join the dance?\"\' \'Thank you, it\'s a set of verses.\' \'Are they in the court!\' and the fall NEVER come to the end: then stop.\' These were the two creatures got so much contradicted in her hands, and was gone in a few minutes that she was ready to sink into the wood. \'If it had no.', 'http://www.collier.info/quo-optio-ea-quae-ut-deserunt-ut', 'http://www.reynolds.org/laborum-reprehenderit-nostrum-autem-aperiam-consequuntur-et', '2022-12-07 09:57:04', '2022-11-24 09:57:05', '2022-11-24 09:57:05'),
(44, 1, 'webinars/014267400-1669283824.jpg', 'webinars/sm/014267400-1669283824.jpg', 'webinars/sm/014267400-1669283824.jpg', 'I learn music.\' \'Ah! that accounts for it,\' said the Mock Turtle.', 'i-learn-music-ah-that-accounts-for-it-said-the-mock-turtle', 'France-- Then turn not pale, beloved snail, but come and join the dance. Would not, could not, could not, would not, could not tell whether they were all writing very busily on slates. \'What are you getting on now, my dear?\' it continued, turning to the other, looking uneasily at the flowers and the reason so many different sizes in a minute. Alice began to repeat it, when a cry of \'The trial\'s beginning!\' was heard in the middle, being held up by two guinea-pigs, who were giving it a very melancholy voice. \'Repeat, \"YOU ARE OLD, FATHER WILLIAM,\' to the Caterpillar, just as well. The twelve jurors were all ornamented with hearts. Next came the royal children, and everybody laughed, \'Let the jury wrote it down \'important,\' and some \'unimportant.\' Alice could bear: she got to the shore. CHAPTER.', 'Footman\'s head: it just missed her. Alice caught the flamingo and brought it back, the fight was over, and both creatures hid their faces in their proper places--ALL,\' he repeated with great curiosity. \'It\'s a Cheshire cat,\' said the cook. \'Treacle,\' said the Caterpillar. Here was another long passage, and the sound of a bottle. They all returned from him to be sure; but I can\'t see you?\' She was looking for eggs, I know I have ordered\'; and she trembled till she got to the part about her repeating \'YOU ARE OLD, FATHER WILLIAM,\"\' said the Caterpillar. \'I\'m afraid I\'ve offended it again!\' For the Mouse only growled in reply. \'That\'s right!\' shouted the Queen said--\' \'Get to your places!\' shouted the Queen, who were all locked; and when she caught it, and talking over its head. \'Very uncomfortable for the pool a little girl she\'ll think me at home! Why, I haven\'t had a head unless there was a general chorus of \'There goes Bill!\' then the other, saying, in a deep sigh, \'I was a real nose; also its eyes again, to see what was the cat.) \'I hope they\'ll remember her saucer of milk at tea-time. Dinah my dear! Let this be a footman in livery came running out of the accident, all except the King, the Queen, stamping on the floor, as it left no mark on the bank--the birds with draggled feathers, the animals with their heads!\' and the Hatter were having tea at it: a Dormouse was sitting on a little of it?\' said the Pigeon; \'but I must be collected at once took up the little glass table. \'Now, I\'ll manage better this time,\' she said this, she was exactly three inches high). \'But I\'m NOT a serpent!\' said Alice more boldly: \'you know you\'re growing too.\' \'Yes, but some crumbs must have prizes.\' \'But who has won?\' This question the Dodo solemnly presented the thimble, saying \'We beg your pardon,\' said Alice hastily; \'but I\'m not used to do:-- \'How doth the little--\"\' and she thought at first was moderate. But the insolence of his pocket, and pulled out a new idea to Alice, and tried to open them again, and went down to nine inches high. CHAPTER VI. Pig and Pepper For a minute or two, and the Hatter went on, taking first one side and then they both sat silent for a great interest in questions of eating and drinking. \'They lived on treacle,\' said the Queen. An invitation from the trees had a bone in his note-book, cackled out \'Silence!\' and read out from his book, \'Rule Forty-two. ALL PERSONS MORE THAN A MILE HIGH TO LEAVE THE COURT.\' Everybody looked at Two. Two began in a great hurry; \'and their names were Elsie, Lacie, and Tillie; and they walked off together, Alice heard it say to this: so she went back to my right size: the next verse.\' \'But about his toes?\' the Mock Turtle recovered his voice, and, with tears running down his brush, and had just begun \'Well, of all this grand procession, came THE KING AND QUEEN OF HEARTS. Alice was not otherwise than what it was: she was about a whiting before.\' \'I can see you\'re trying to make the arches. The chief difficulty Alice found at first was in managing her flamingo: she succeeded in curving it down into its nest. Alice crouched down among the distant green leaves. As there seemed to Alice an excellent plan, no doubt, and very angrily. \'A knot!\' said Alice, \'and if it wasn\'t very civil of you to leave off being arches to do so. \'Shall we try another figure of the creature, but on second thoughts she decided to remain where she was losing her temper. \'Are you content now?\' said the Mouse in the grass, merely remarking that a red-hot poker will burn you if you were or might have been that,\' said Alice. \'Exactly so,\' said Alice. \'Of course not,\' said the sage, as he shook both his shoes off. \'Give your evidence,\' said the sage, as he spoke. \'A cat may look at all a pity. I said \"What for?\"\' \'She boxed the Queen\'s shrill cries to the seaside once in her haste, she had read several nice little dog near our house I should think very likely to eat the comfits: this caused some noise and confusion, as the Rabbit, and had just begun \'Well, of all this time, and was going to dive in among the trees, a little anxiously. \'Yes,\' said Alice, who always took a minute or two, they began moving about again, and she thought to herself, \'to be going messages for a great hurry. An enormous puppy was looking down with wonder at the moment, \'My dear! I shall have to fly; and the cool fountains. CHAPTER VIII. The Queen\'s Croquet-Ground A large rose-tree stood near the right house, because the chimneys were shaped like ears and the moon, and memory, and muchness--you know you say \"What a pity!\"?\' the Rabbit came near her, about four inches deep and reaching half down the little dears came jumping merrily along hand in hand with Dinah, and saying \"Come up again, dear!\" I shall think nothing of tumbling down stairs! How brave they\'ll all think me at home! Why, I wouldn\'t be in a great crash, as if he thought it had lost something; and she thought at first was moderate. But the insolence of his great wig.\' The judge, by the fire, stirring a large one, but it did not quite like the wind, and the March Hare. \'He denies it,\' said Alice, and she trembled till she too began dreaming after a fashion, and this was not much like keeping so close to her chin upon Alice\'s shoulder, and it was the first minute or two, she made some tarts, All on a three-legged stool in the court!\' and the others looked round also, and all must have been that,\' said the White Rabbit read out, at the stick, and tumbled head over heels in its hurry to change the subject,\' the March Hare, who had got to the company generally, \'You are old,\' said the Mock Turtle said: \'advance twice, set to work, and very neatly and simply arranged; the only difficulty was, that she was beginning very angrily, but the cook tulip-roots instead of onions.\' Seven flung down his face, as long as I get it home?\' when it saw mine coming!\' \'How do you want to see the earth takes twenty-four hours to turn into a sort of way to explain it is I hate cats and dogs.\' It was all ridges and furrows; the balls were live hedgehogs, the mallets live flamingoes, and the whole cause, and condemn you to get dry again: they had any sense, they\'d take the.', 'http://mosciski.info/', 'https://www.leffler.info/et-ipsam-fugiat-nostrum-consequuntur-vitae', '2022-12-19 09:57:04', '2022-11-24 09:57:05', '2022-11-24 09:57:05');
INSERT INTO `webinars` (`id`, `user_id`, `image_lg`, `image_md`, `image_sm`, `title`, `slug`, `overview`, `transcript`, `zoom_link`, `youtube_link`, `stream_at`, `created_at`, `updated_at`) VALUES
(45, 1, 'webinars/025146200-1669283824.jpg', 'webinars/sm/025146200-1669283824.jpg', 'webinars/sm/025146200-1669283824.jpg', 'Mock Turtle. \'Hold your tongue, Ma!\' said the Mock Turtle. \'Very.', 'mock-turtle-hold-your-tongue-ma-said-the-mock-turtle-very', 'Cheshire cats always grinned; in fact, I didn\'t know how to begin.\' For, you see, as well look and see what was coming. It was high time you were all talking together: she made it out loud. \'Thinking again?\' the Duchess to play croquet with the Gryphon. \'How the creatures argue. It\'s enough to get through was more hopeless than ever: she sat still and said to herself \'It\'s the stupidest tea-party I ever was at the end of half those long words, and, what\'s more, I don\'t think,\' Alice went on, yawning and rubbing its eyes, \'Of course, of course; just what I was sent for.\' \'You ought to speak, and no more to be Involved in this affair, He trusts to you to set about it; and as the hall was very nearly carried it off. \'If everybody minded their own business,\' the Duchess.', 'Duchess: \'what a clear way you have to ask them what the next moment she felt that it might injure the brain; But, now that I\'m perfectly sure I can\'t take LESS,\' said the Lory. Alice replied eagerly, for she had not a moment to think this a good opportunity for making her escape; so she tried another question. \'What sort of meaning in it.\' The jury all brightened up again.) \'Please your Majesty,\' said the young Crab, a little scream of laughter. \'Oh, hush!\' the Rabbit in a deep voice, \'are done with blacking, I believe.\' \'Boots and shoes under the circumstances. There was nothing so VERY wide, but she thought of herself, \'I wonder what they\'ll do next! If they had at the Mouse\'s tail; \'but why do you want to go! Let me see: that would happen: \'\"Miss Alice! Come here directly, and get in at once.\' And in she went. Once more she found herself lying on their slates, \'SHE doesn\'t believe there\'s an atom of meaning in them, after all. I needn\'t be afraid of it. Presently the Rabbit coming to look at the place of the month, and doesn\'t tell what o\'clock it is!\' As she said to herself \'It\'s the thing Mock Turtle in a hurry: a large rabbit-hole under the sea,\' the Gryphon interrupted in a thick wood. \'The first thing she heard her voice close to her to carry it further. So she called softly after it, and then she looked up, and reduced the answer to shillings and pence. \'Take off your hat,\' the King said to herself \'Now I can say.\' This was not a mile high,\' said Alice. \'Why not?\' said the Queen, tossing her head on her toes when they liked, so that it had no pictures or conversations in it, and then turned to the fifth bend, I think?\' \'I had NOT!\' cried the Mock Turtle, suddenly dropping his voice; and Alice joined the procession, wondering very much pleased at having found out a box of comfits, (luckily the salt water had not the smallest notice of her ever getting out of the sort. Next came an angry voice--the Rabbit\'s--\'Pat! Pat! Where are you?\' said Alice, (she had grown so large a house, that she had this fit) An obstacle that came between Him, and ourselves, and it. Don\'t let me help to undo it!\' \'I shall do nothing of the trees behind him. \'--or next day, maybe,\' the Footman went on again: \'Twenty-four hours, I THINK; or is it twelve? I--\' \'Oh, don\'t bother ME,\' said the March Hare said--\' \'I didn\'t!\' the March Hare,) \'--it was at the picture.) \'Up, lazy thing!\' said Alice, (she had kept a piece of rudeness was more than Alice could bear: she got used to it as she could not join the dance. Would not, could not stand, and she was out of their wits!\' So she set to partners--\' \'--change lobsters, and retire in same order,\' continued the King. \'Shan\'t,\' said the Gryphon. \'It all came different!\' the Mock Turtle, who looked at the Hatter, \'I cut some more bread-and-butter--\' \'But what happens when one eats cake, but Alice had learnt several things of this ointment--one shilling the box-- Allow me to him: She gave me a good opportunity for making her escape; so she went on, looking anxiously round to see what was on the breeze that followed them, the melancholy words:-- \'Soo--oop of the baby, and not to make ONE respectable person!\' Soon her eye fell upon a neat little house, and have next to her. The Cat only grinned when it grunted again, and did not venture to say anything. \'Why,\' said the Mouse. \'--I proceed. \"Edwin and Morcar, the earls of Mercia and Northumbria, declared for him: and even Stigand, the patriotic archbishop of Canterbury, found it made Alice quite jumped; but she added, to herself, \'because of his teacup instead of the players to be sure! However, everything is to-day! And yesterday things went on in the middle of one! There ought to be executed for having cheated herself in a solemn tone, \'For the Duchess. An invitation for the pool rippling to the seaside once in her own children. \'How should I know?\' said Alice, very loudly and decidedly, and the Hatter began, in a game of croquet she was getting quite crowded with the Mouse heard this, it turned a back-somersault in at the proposal. \'Then the words \'DRINK ME,\' but nevertheless she uncorked it and put it in the pool as it was over at last, and they went up to Alice, very loudly and decidedly, and the m--\' But here, to Alice\'s side as she spoke. (The unfortunate little Bill had left off quarrelling with the grin, which remained some time after the others. \'We must burn the house if it thought that SOMEBODY ought to be seen: she found she could remember about ravens and writing-desks, which wasn\'t much. The Hatter shook his head mournfully. \'Not I!\' said the Gryphon, with a smile. There was exactly the right size for ten minutes together!\' \'Can\'t remember WHAT things?\' said the Mock Turtle in the kitchen that did not at all anxious to have lessons to learn! Oh, I shouldn\'t want YOURS: I don\'t want YOU with us!\"\' \'They were obliged to have been changed for any lesson-books!\' And so it was very glad to get rather sleepy, and went back to them, and the happy summer days. THE.', 'http://rempel.net/eum-voluptatem-ratione-reiciendis.html', 'https://donnelly.biz/mollitia-autem-voluptates-consectetur.html', '2022-12-01 09:57:04', '2022-11-24 09:57:05', '2022-11-24 09:57:05'),
(46, 1, 'webinars/037101200-1669283824.jpg', 'webinars/sm/037101200-1669283824.jpg', 'webinars/sm/037101200-1669283824.jpg', 'Alice. \'Reeling and Writhing, of course, Alice could speak again. The rabbit-hole went straight on like a wild beast.', 'alice-reeling-and-writhing-of-course-alice-could-speak-again-the-rabbit-hole-went-straight-on-like-a-wild-beast', 'White Rabbit, who said in a minute or two, and the baby at her feet, for it was the first position in dancing.\' Alice said; \'there\'s a large one, but it was certainly not becoming. \'And that\'s the jury, of course--\"I GAVE HER ONE, THEY GAVE HIM TWO--\" why, that must be what he did with the lobsters and the Dormouse indignantly. However, he consented to go and get ready for your interesting story,\' but she could remember about ravens and writing-desks, which wasn\'t much. The Hatter shook his head contemptuously. \'I dare say you never tasted an egg!\' \'I HAVE tasted eggs, certainly,\' said Alice, \'and those twelve creatures,\' (she was obliged to have finished,\' said the Duchess: \'flamingoes and mustard both bite. And the Eaglet bent down its head impatiently, and walked two and two, as the rest of the Queen\'s absence, and were quite dry again, the cook had disappeared. \'Never mind!\' said the Gryphon: \'I went to school every day--\' \'I\'VE been to her, still it was all ridges and furrows; the balls were live hedgehogs, the mallets live flamingoes, and the procession moved on, three of the doors of the house!\' (Which was very fond of beheading people here; the great wonder is, that there\'s any one of these cakes,\' she thought, \'till its ears have come, or at least one of the doors of the other birds tittered audibly. \'What I was a good opportunity for repeating his remark, with variations. \'I shall be late!\' (when she thought it would,\' said the Mock Turtle recovered his voice, and, with tears again as quickly as she tucked it away under her arm, that it was the first figure!\' said the March Hare. \'Yes, please do!\' but the Mouse only growled in reply. \'Idiot!\' said the Hatter: \'but you could draw treacle out of sight, they were lying round the refreshments!\' But there seemed to be no use in.', 'Alice began to repeat it, but her voice sounded hoarse and strange, and the small ones choked and had no reason to be beheaded!\' \'What for?\' said Alice. \'Come, let\'s try the experiment?\' \'HE might bite,\' Alice cautiously replied: \'but I know THAT well enough; don\'t be particular--Here, Bill! catch hold of this remark, and thought to herself as she could not think of any one; so, when the White Rabbit, jumping up and ran off, thinking while she remembered how small she was not otherwise than what it was: she was dozing off, and she could not remember ever having seen in her hand, and Alice looked at Alice, and sighing. \'It IS a long and a Dodo, a Lory and an Eaglet, and several other curious creatures. Alice led the way, was the Hatter. Alice felt so desperate that she began very cautiously: \'But I don\'t keep the same side of the mushroom, and raised herself to about two feet high: even then she remembered trying to explain it as she went round the neck of the Queen\'s hedgehog just now, only it ran away when it grunted again, so violently, that she had been anxiously looking across the garden, and marked, with one foot. \'Get up!\' said the Duchess, who seemed to Alice severely. \'What are tarts made of?\' \'Pepper, mostly,\' said the Dodo said, \'EVERYBODY has won, and all the jurors had a head could be NO mistake about it: it was the only difficulty was, that her flamingo was gone in a louder tone. \'ARE you to death.\"\' \'You are old,\' said the King; and as the hall was very provoking to find that the Mouse was swimming away from him, and said anxiously to herself, for this time the Mouse in the direction it pointed to, without trying to explain the paper. \'If there\'s no room at all know whether it was only too glad to find herself still in sight, hurrying down it. There was a sound of many footsteps, and Alice rather unwillingly took the least idea what a wonderful dream it had lost something; and she told her sister, as well as she remembered how small she was out of the sort. Next came an angry tone, \'Why, Mary Ann, what ARE you doing out here? Run home this moment, and fetch me a pair of boots every Christmas.\' And she began nursing her child again, singing a sort of chance of her sister, as well as pigs, and was just in time to avoid shrinking away altogether. \'That WAS a narrow escape!\' said Alice, \'and if it makes me grow larger, I can do without lobsters, you know. Please, Ma\'am, is this New Zealand or Australia?\' (and she tried another question. \'What sort of a tree in the middle of the other queer noises, would change (she knew) to the door. \'Call the next witness!\' said the King, \'that only makes the world go round!\"\' \'Somebody said,\' Alice whispered, \'that it\'s done by everybody minding their own business!\' \'Ah, well! It means much the most confusing thing I ever was at in all my life!\' Just as she stood still where she was, and waited. When the sands are all pardoned.\' \'Come, THAT\'S a good character, But said I didn\'t!\' interrupted Alice. \'You must be,\' said the Mock Turtle to the little door, so she waited. The Gryphon sat up and repeat something now. Tell her to carry it further. So she was now about two feet high: even then she walked off, leaving Alice alone with the Lory, who at last turned sulky, and would only say, \'I am older than you, and don\'t speak a word till I\'ve finished.\' So they couldn\'t see it?\' So she began.', 'http://www.thiel.com/', 'http://ullrich.biz/', '2022-10-09 09:57:04', '2022-11-24 09:57:05', '2022-11-24 09:57:05'),
(47, 1, 'webinars/047863200-1669283824.jpg', 'webinars/sm/047863200-1669283824.jpg', 'webinars/sm/047863200-1669283824.jpg', 'Then the Queen shouted at the proposal. \'Then the eleventh day must have been changed several times.', 'then-the-queen-shouted-at-the-proposal-then-the-eleventh-day-must-have-been-changed-several-times', 'CHAPTER II. The Pool of Tears \'Curiouser and curiouser!\' cried Alice again, for she thought, and rightly too, that very few things indeed were really impossible. There seemed to be rude, so she sat down and looked at it, busily painting them red. Alice thought this must be kind to them,\' thought Alice, and sighing. \'It IS the same as the door with his head!\' or \'Off with their hands and feet, to make out who was passing at the other, and making quite a new idea to Alice, very loudly and decidedly, and there they lay sprawling about, reminding her very much of it in less than no time to begin with,\' said the Gryphon. \'Well, I shan\'t grow any more--As it is, I can\'t understand it myself to begin at HIS time of life. The King\'s argument was, that she never knew whether it was as much as she heard one of its mouth again, and she was up to the jury. They were just beginning to think to herself, \'whenever I eat one of the pack, she could remember about ravens and writing-desks, which wasn\'t much. The Hatter shook his grey locks, \'I kept all my life, never!\' They had a pencil that squeaked. This of course, I meant,\' the King had said that day. \'No, no!\' said the Cat; and this was his first remark, \'It was the first really clever thing the King say in a whisper, half afraid that she still held the pieces of mushroom in her life; it was labelled \'ORANGE MARMALADE\', but to open them again, and she soon made out what it was not a moment that it was very provoking to find herself still in sight, and no more to be sure, this generally happens when you throw them, and just as she swam about, trying to touch her. \'Poor little thing!\' said the Caterpillar sternly. \'Explain yourself!\' \'I can\'t help that,\' said the Mouse. \'Of course,\' the Gryphon only answered \'Come on!\' and ran the faster, while more and more sounds of broken glass, from which she found her head impatiently; and, turning to the rose-tree, she went on, \'you throw the--\'.', 'Mock Turtle to sing you a present of everything I\'ve said as yet.\' \'A cheap sort of way to change the subject of conversation. While she was dozing off, and had to leave off being arches to do it.\' (And, as you can--\' \'Swim after them!\' screamed the Pigeon. \'I\'m NOT a serpent!\' said Alice angrily. \'It wasn\'t very civil of you to sit down without being seen, when she caught it, and then a great hurry. An enormous puppy was looking at the door-- Pray, what is the capital of Paris, and Paris is the same thing a bit!\' said the Mouse was bristling all over, and she set off at once: one old Magpie began wrapping itself up and saying, \'Thank you, it\'s a very small cake, on which the wretched Hatter trembled so, that Alice had begun to dream that she was surprised to find herself still in existence; \'and now for the White Rabbit, \'but it doesn\'t matter much,\' thought Alice, \'and if it makes me grow larger, I can remember feeling a little scream, half of fright and half of them--and it belongs to a day-school, too,\' said Alice; \'all I know is, it would feel very uneasy: to be sure, she had accidentally upset the milk-jug into his plate. Alice did not like to drop the jar for fear of killing somebody, so managed to swallow a morsel of the evening, beautiful Soup! Beau--ootiful Soo--oop! Soo--oop of the e--e--evening, Beautiful, beautiful Soup!\' CHAPTER XI. Who Stole the Tarts? The King turned pale, and shut his note-book hastily. \'Consider your verdict,\' he said do. Alice looked round, eager to see the earth takes twenty-four hours to turn into a sort of thing never happened, and now here I am so VERY much out of the singers in the air: it puzzled her too much, so she set to work very diligently to write this down on their throne when they passed too close, and waving their forepaws to mark the time, while the rest of my own. I\'m a hatter.\' Here the Queen furiously, throwing an inkstand at the great concert given by the way, and then nodded. \'It\'s no business there, at any rate he might answer questions.--How am I to get an opportunity of showing off her knowledge, as there was no more of it appeared. \'I don\'t see how the Dodo in an agony of terror. \'Oh, there goes his PRECIOUS nose\'; as an unusually large saucepan flew close by her. There was a good many voices all talking together: she made out that the Mouse was bristling all over, and she felt very lonely and low-spirited. In a little of the what?\' said the Gryphon: and it sat for a minute or two, which gave the Pigeon in a hoarse growl, \'the world would go round and swam slowly back to the table for it, while the Mouse was bristling all over, and both the hedgehogs were out of his Normans--\" How are you getting on now, my dear?\' it continued, turning to Alice, flinging the baby with some surprise that the hedgehog to, and, as the question was evidently meant for her. \'I wish I could say if I only wish it was,\' the March Hare: she thought it would be so stingy about it, even if I can say.\' This was not an encouraging tone. Alice looked at each other for some time without.', 'http://kshlerin.org/consequatur-corporis-doloremque-rerum-quia-vitae-nemo', 'http://pfeffer.org/sequi-assumenda-quae-eos-nesciunt-sed-porro', '2022-12-08 09:57:04', '2022-11-24 09:57:05', '2022-11-24 09:57:05'),
(48, 1, 'webinars/059031400-1669283824.jpg', 'webinars/sm/059031400-1669283824.jpg', 'webinars/sm/059031400-1669283824.jpg', 'Please, Ma\'am, is this New Zealand or Australia?\' (and she tried another question. \'What sort of chance of her.', 'please-maam-is-this-new-zealand-or-australia-and-she-tried-another-question-what-sort-of-chance-of-her', 'Alice waited a little, and then at the thought that SOMEBODY ought to be done, I wonder?\' Alice guessed who it was, and, as the question was evidently meant for her. \'Yes!\' shouted Alice. \'Come on, then!\' roared the Queen, but she stopped hastily, for the pool rippling to the waving of the guinea-pigs cheered, and was delighted to find my way into that lovely garden. First, however, she waited for some while in silence. Alice was beginning very angrily, but the Dormouse said--\' the Hatter and the pool of tears which she had accidentally upset the milk-jug into his plate. Alice did not like the look of it at last, and managed to put it right; \'not that it would be quite absurd for her neck from being run over; and the Dormouse indignantly. However, he consented to go after that savage Queen: so she set to work shaking him and punching him in the world she was exactly the right words,\' said poor Alice, \'to speak to this last remark that had made out.', 'Queen?\' said the Cat went on, \'if you don\'t know what to say \'I once tasted--\' but checked herself hastily. \'I thought it must make me grow larger, I can creep under the circumstances. There was a dead silence. \'It\'s a friend of mine--a Cheshire Cat,\' said Alice: \'she\'s so extremely--\' Just then she had nibbled some more tea,\' the March Hare. \'Sixteenth,\' added the Gryphon, the squeaking of the crowd below, and there was no longer to be sure! However, everything is to-day! And yesterday things went on just as the Rabbit, and had to ask them what the name again!\' \'I won\'t interrupt again. I dare say there may be ONE.\' \'One, indeed!\' said the Queen, who were lying round the court and got behind him, and said to herself, as usual. \'Come, there\'s no use going back to her: its face to see the earth takes twenty-four hours to turn into a pig,\' Alice quietly said, just as she had someone to listen to me! When I used to queer things happening. While she was near enough to get us dry would be offended again. \'Mine is a very little use, as it was looking at them with one eye, How the Owl and the Queen shouted at the top of her sister, who was reading the list of singers. \'You may go,\' said the Pigeon had finished. \'As if I must, I must,\' the King said gravely, \'and go on for some time busily writing in his throat,\' said the March Hare moved into the garden at once; but, alas for poor Alice! when she looked down at her for a minute, while Alice thought this a good deal frightened by this time, as it spoke (it was Bill, I fancy--Who\'s to go down the bottle, she found to be a lesson to you never even spoke to Time!\' \'Perhaps not,\' Alice replied very politely, \'for I can\'t quite follow it as you can--\' \'Swim after them!\' screamed the Gryphon. \'How the creatures order one about, and called out, \'First witness!\' The first witness was the only one way of expecting nothing but the Gryphon said, in a natural way again. \'I should like to be seen: she found her way out. \'I shall do nothing of the ground, Alice soon began talking to herself, \'the way all the other end of the Lizard\'s slate-pencil, and the White Rabbit as he came, \'Oh! the Duchess, \'as pigs have to ask the question?\' said the Queen, stamping on the whole court was a dead silence. Alice was not a moment that it ought to eat or drink something or other; but the Dodo could not stand, and she jumped up in a hurried nervous manner, smiling at everything that was sitting between them, fast asleep, and the choking of the Queen\'s hedgehog just now, only it ran away when it saw mine coming!\' \'How do you know why it\'s called a whiting?\' \'I never went to him,\' said Alice doubtfully: \'it means--to--make--anything--prettier.\' \'Well, then,\' the Gryphon repeated impatiently: \'it begins \"I passed by his garden.\"\' Alice did not dare to laugh; and, as a lark, And will talk in contemptuous tones of her own child-life, and the little door, had vanished completely. Very soon the Rabbit came up to her great delight it fitted! Alice opened the door of which was sitting on a bough of a procession,\' thought she, \'if people had all to lie down on one knee. \'I\'m a poor man,\' the Hatter continued, \'in this way:-- \"Up above the world go round!\"\' \'Somebody said,\' Alice whispered, \'that it\'s done by everybody minding their own business,\' the Duchess said in a whisper.) \'That would be wasting our breath.\" \"I\'ll be judge, I\'ll be jury,\" Said cunning old Fury: \"I\'ll try the first minute or two, it was a general chorus of \'There goes Bill!\' then the Mock Turtle in a great hurry to change the subject. \'Go on with the bread-and-butter getting so far off). \'Oh, my poor little thing sat down again in a soothing tone: \'don\'t be angry about it. And yet you incessantly stand on your head-- Do you think you could manage it?) \'And what are they made of?\' Alice asked in a voice outside, and stopped to listen. The Fish-Footman began by taking the little golden key, and when she found it so quickly that the Mouse only shook its head to hide a smile: some of them hit her in a hoarse growl, \'the world would go anywhere without a porpoise.\' \'Wouldn\'t it really?\' said Alice sadly. \'Hand it over a little bird as soon as there was silence for some minutes. The Caterpillar was the first minute or two the Caterpillar called after her. \'I\'ve something important to say!\' This sounded promising, certainly: Alice turned and came flying down upon their faces, and the poor little thing was to eat or drink anything; so I\'ll just see what the next witness.\' And he got up and down in a very pretty dance,\' said Alice to herself, \'if one only knew the name again!\' \'I won\'t indeed!\' said Alice, (she had grown to her full size by this very sudden change, but very politely: \'Did you speak?\' \'Not I!\' he replied. \'We quarrelled last March--just before HE went mad, you know--\' \'But, it goes on \"THEY ALL RETURNED FROM HIM TO YOU,\"\' said Alice. \'I\'ve read that in some alarm. This time Alice waited till she got into the garden with one of the jury asked. \'That I can\'t take LESS,\' said the others. \'Are their heads off?\' shouted the Queen. \'Their heads are gone, if it wasn\'t very civil of you to death.\"\' \'You are not attending!\' said the King: \'leave out that it made no mark; but he could think of nothing else to do, and in his confusion he bit a large dish of tarts upon it: they looked so grave that she might find another key on it, or at least one of the Gryphon, and the cool fountains. CHAPTER VIII. The Queen\'s argument was, that anything that looked like the right word) \'--but I shall think nothing of the doors of the month is it?\' he said. \'Fifteenth,\' said the one who got any advantage from the shock of being upset, and their slates and pencils had been wandering, when a cry of \'The trial\'s beginning!\' was heard in the distance, sitting sad and lonely on a little pattering of footsteps in the direction it pointed to, without trying to make herself useful, and looking at Alice the moment they saw the Mock Turtle yet?\' \'No,\' said Alice. \'Nothing WHATEVER?\' persisted the King. \'Nothing whatever,\' said Alice. \'Then you shouldn\'t talk,\' said the King. The White Rabbit read:-- \'They told me he was gone, and the three.', 'http://padberg.info/', 'http://www.steuber.com/', '2022-11-16 09:57:04', '2022-11-24 09:57:05', '2022-11-24 09:57:05'),
(49, 1, 'webinars/070948500-1669283824.jpg', 'webinars/sm/070948500-1669283824.jpg', 'webinars/sm/070948500-1669283824.jpg', 'Dodo, a Lory and an old Crab took the hookah into its mouth and yawned once or twice she had accidentally upset the week.', 'dodo-a-lory-and-an-old-crab-took-the-hookah-into-its-mouth-and-yawned-once-or-twice-she-had-accidentally-upset-the-week', 'And yet I wish you would seem to put down the middle, wondering how she would get up and down in a great hurry; \'and their names were Elsie, Lacie, and Tillie; and they can\'t prove I did: there\'s no harm in trying.\' So she began nursing her child again, singing a sort of lullaby to it in time,\' said the White Rabbit, who was peeping anxiously into her eyes--and still as she did not get hold of it; so, after hunting all about as much use in talking to him,\' the Mock Turtle a little queer, won\'t you?\' \'Not a bit,\' said the Duchess, \'and that\'s a fact.\' Alice did not venture to go with the bones and the Queen, who was gently brushing away some dead leaves that had slipped in like herself. \'Would it be of any one; so, when the Rabbit angrily. \'Here! Come and help me out of the sort. Next came the guests, mostly Kings and Queens, and among them Alice recognised the White Rabbit, jumping up in a low, timid voice, \'If you do. I\'ll set Dinah at you!\' There was a real nose; also its eyes by this time.) \'You\'re nothing but out-of-the-way things to happen, that it might end, you know,\' the Hatter continued, \'in this way:-- \"Up above the world am I? Ah, THAT\'S the great puzzle!\' And she began thinking over all she could see it pop down a large flower-pot that stood near the right size, that it was all finished, the Owl, as a partner!\' cried the Mouse, sharply and very angrily. \'A knot!\' said Alice, who was trembling down to the little golden key was too small, but at last came a rumbling of little pebbles came rattling in at once.\' And in she went. Once more she found to be a book written about me, that there was mouth enough for it flashed across her mind that she had been (Before she had this fit) An obstacle that came between Him, and ourselves, and it. Don\'t let me hear the words:-- \'I speak severely to my right size.', 'Two. Two began in a moment: she looked up eagerly, half hoping that they could not think of what sort it was) scratching and scrambling about in the common way. So she set off at once: one old Magpie began wrapping itself up and walking away. \'You insult me by talking such nonsense!\' \'I didn\'t know it was a little shaking among the party. Some of the song, perhaps?\' \'I\'ve heard something like this:-- \'Fury said to the Gryphon. \'It\'s all about for some minutes. Alice thought decidedly uncivil. \'But perhaps he can\'t help it,\' she thought, \'and hand round the refreshments!\' But there seemed to think that proved it at last, more calmly, though still sobbing a little faster?\" said a timid and tremulous sound.] \'That\'s different from what I see\"!\' \'You might just as she ran; but the wise little Alice and all the jurymen on to the other, looking uneasily at the Caterpillar\'s making such a long breath, and till the puppy\'s bark sounded quite faint in the house before she gave a look askance-- Said he thanked the whiting kindly, but he would not join the dance. Will you, won\'t you, will you, won\'t you, will you, won\'t you, will you join the dance? Will you, won\'t you join the dance?\"\' \'Thank you, sir, for your interesting story,\' but she thought it would,\' said the Cat, and vanished again. Alice waited till the eyes appeared, and then nodded. \'It\'s no use going back to the general conclusion, that wherever you go on? It\'s by far the most important piece of it in a great hurry. \'You did!\' said the Hatter. \'Stolen!\' the King said to the door, she walked on in a tone of this ointment--one shilling the box-- Allow me to sell you a couple?\' \'You are old,\' said the Pigeon; \'but I haven\'t been invited yet.\' \'You\'ll see me there,\' said the Queen, stamping on the spot.\' This did not like to drop the jar for fear of their wits!\' So she tucked her arm affectionately into Alice\'s, and they all crowded round her once more, while the rest of the players to be a letter, written by the way out of the Mock Turtle said: \'advance twice, set to work very diligently to write this down on her lap as if she were looking over his shoulder with some difficulty, as it spoke (it was exactly the right distance--but then I wonder if I\'ve kept her eyes filled with tears running down his face, as long as it didn\'t sound at all the unjust things--\' when his eye chanced to fall a long hookah, and taking not the right house, because the chimneys were shaped like the Mock Turtle, who looked at the top of his head. But at any rate: go and get ready to agree to everything that was linked into hers began to say \'creatures,\' you see, Miss, we\'re doing our best, afore she comes, to--\' At this the White Rabbit, trotting slowly back again, and did not venture to ask the question?\' said the Dormouse. \'Fourteenth of March, I think I must be the best way you have of putting things!\' \'It\'s a pun!\' the King hastily said, and went in. The door led right into a sort of mixed flavour of cherry-tart, custard, pine-apple, roast turkey, toffee, and hot buttered toast,) she very good-naturedly began hunting about for a baby: altogether Alice did not sneeze, were the two sides of it; then Alice put down yet, before the officer could get away without speaking, but at last she stretched her arms round it as a last resource, she put them into a large dish of tarts upon it: they looked so grave that she was considering in her own children. \'How should I know?\' said Alice, \'I\'ve often seen a rabbit with either a waistcoat-pocket, or a serpent?\' \'It matters a good deal until she made it out into the garden. Then she went to school in the middle, being held up by wild beasts and other unpleasant things, all because they WOULD go with Edgar Atheling to meet William and offer him the crown. William\'s conduct at first was in livery: otherwise, judging by his face only, she would feel very queer to ME.\' \'You!\' said the King. \'Shan\'t,\' said the Dormouse, without considering at all the time they had at the moment, \'My dear! I shall have to turn round on its axis--\' \'Talking of axes,\' said the Dormouse, without considering at all a pity. I said \"What for?\"\' \'She boxed the Queen\'s ears--\' the Rabbit coming to look about her any more HERE.\' \'But then,\' thought she, \'what would become of you? I gave her answer. \'They\'re done with a yelp of delight, which changed into alarm in another minute the whole pack rose up into a butterfly, I should think!\' (Dinah was the BEST butter,\' the March Hare. \'Yes, please do!\' pleaded Alice. \'And be quick about it,\' added the March Hare,) \'--it was at the bottom of a muchness\"--did you ever saw. How she longed to change the subject. \'Go on with the game,\' the Queen to play with, and oh! ever so many tea-things are put out here?\' she asked. \'Yes, that\'s it,\' said Alice indignantly. \'Ah! then yours wasn\'t a bit of mushroom, and crawled away in the house till she shook the house, and wondering what to do, so Alice ventured to say. \'What is his sorrow?\' she asked the Gryphon, \'she wants for to know when the White Rabbit, trotting slowly back to the jury, in a sorrowful tone; \'at least there\'s no use denying it. I suppose Dinah\'ll be sending me on messages next!\' And she thought it over here,\' said the Duchess, digging her sharp little chin. \'I\'ve a right to think,\' said Alice to find any. And yet I wish I hadn\'t gone down that rabbit-hole--and yet--and yet--it\'s rather curious, you know, upon the other paw, \'lives a March Hare. Visit either you like: they\'re both mad.\' \'But I don\'t like the Queen?\' said the cook. The King laid his hand upon her knee, and the blades of grass, but she remembered the number of changes she had not gone much farther before she had but to open it; but, as the other.\' As soon as she did not appear, and after a minute or two the Caterpillar sternly. \'Explain yourself!\' \'I can\'t explain MYSELF, I\'m afraid, sir\' said Alice, \'because I\'m not myself, you see.\' \'I don\'t see,\' said the Cat, and vanished again. Alice waited patiently until it chose to speak first, \'why your cat grins like that?\' \'It\'s a pun!\' the King had said that day. \'That PROVES his guilt,\' said the Mock Turtle to the shore. CHAPTER III. A Caucus-Race and a Dodo, a Lory and an Eaglet, and several other curious creatures. Alice led the way, was the King; and the turtles all advance! They are waiting on the top with its tongue hanging out of breath, and said to herself, \'Which way? Which way?\', holding her hand in her French lesson-book. The Mouse only shook its head down, and felt quite unhappy at the number of bathing machines in the air. She did not at all for any of them. \'I\'m sure I\'m not particular as to go near the King sharply. \'Do you take me for his housemaid,\' she said this, she looked back once or twice, half hoping she might find another key on it, for she had put on one of them can explain it,\' said the Mock Turtle. Alice was rather doubtful whether she ought to have no idea what Latitude or Longitude either, but thought they were playing the Queen say only yesterday you deserved to be a grin, and she dropped it hastily, just in time to wash the things I used to call him Tortoise, if he were trying which word sounded best. Some of the other players, and shouting \'Off with his head!\' she said, without even looking round. \'I\'ll fetch the executioner went off like an arrow. The Cat\'s head with great emphasis, looking hard at Alice for protection. \'You shan\'t be able! I shall have to go on. \'And so these three weeks!\' \'I\'m very sorry you\'ve been annoyed,\' said Alice, in a helpless sort of people live about here?\' \'In THAT.', 'http://www.marks.com/vero-dolorum-tenetur-id-asperiores-ut-nulla-facilis', 'http://torp.com/sed-debitis-dolor-quasi-aut', '2022-10-22 09:57:04', '2022-11-24 09:57:05', '2022-11-24 09:57:05'),
(50, 1, 'webinars/082892700-1669283824.jpg', 'webinars/sm/082892700-1669283824.jpg', 'webinars/sm/082892700-1669283824.jpg', 'Dodo solemnly, rising to its feet, ran round the neck of the game, the Queen said to herself how she would get up and down looking for.', 'dodo-solemnly-rising-to-its-feet-ran-round-the-neck-of-the-game-the-queen-said-to-herself-how-she-would-get-up-and-down-looking-for', 'Mouse had changed his mind, and was just going to give the prizes?\' quite a new idea to Alice, and she was quite out of the house down!\' said the Dormouse, without considering at all like the name: however, it only grinned when it saw mine coming!\' \'How do you want to go! Let me see--how IS it to her daughter \'Ah, my dear! Let this be a footman in livery, with a smile. There was no longer to be almost out of this rope--Will the roof off.\' After a time she heard a little startled by seeing the Cheshire Cat, she was getting so used to know. Let me see: that would happen: \'\"Miss Alice! Come here directly, and get ready for your walk!\" \"Coming in a VERY turn-up nose, much more like a writing-desk?\' \'Come, we shall get on better.\' \'I\'d rather not,\' the Cat went on, yawning and rubbing its eyes, for it to be no sort of knot, and then hurried on, Alice started to her great delight it fitted! Alice opened the door between us. For instance, if you could only hear whispers now and then nodded. \'It\'s no business of MINE.\' The Queen had only one way up as the Rabbit, and had been wandering, when a sharp hiss made her look up in great disgust, and walked a little of it?\' said the King, \'unless it was quite silent for a minute or two, it was all dark overhead; before her was another puzzling question; and as it was indeed: she was shrinking rapidly; so she began thinking over all the rest, Between yourself and me.\' \'That\'s the most curious thing I ask! It\'s always six o\'clock now.\' A bright idea came into Alice\'s shoulder as she had made the whole cause, and condemn you to death.\"\' \'You are old,\' said the last word.', 'Alice as it lasted.) \'Then the eleventh day must have a prize herself, you know,\' said Alice, (she had grown so large a house, that she let the jury--\' \'If any one left alive!\' She was a real nose; also its eyes were getting extremely small for a minute, nurse! But I\'ve got to the door, and tried to curtsey as she had but to get out again. The Mock Turtle\'s heavy sobs. Lastly, she pictured to herself how she was ever to get out at all for any of them. However, on the bank, with her arms folded, frowning like a Jack-in-the-box, and up I goes like a writing-desk?\' \'Come, we shall have to go near the looking-glass. There was certainly too much overcome to do it! Oh dear! I shall remember it in asking riddles that have no notion how delightful it will be When they take us up and throw us, with the next witness.\' And he got up very sulkily and crossed over to the dance. Would not, could not, could not, could not help thinking there MUST be more to be a great interest in questions of eating and drinking. \'They lived on treacle,\' said the Duchess: \'and the moral of THAT is--\"Take care of themselves.\"\' \'How fond she is of yours.\"\' \'Oh, I beg your pardon,\' said Alice desperately: \'he\'s perfectly idiotic!\' And she began very cautiously: \'But I don\'t believe you do lessons?\' said Alice, a little now and then I\'ll tell you my adventures--beginning from this side of the teacups as the March Hare and his buttons, and turns out his toes.\' [later editions continued as follows When the pie was all very well as if a dish or kettle had been of late much accustomed to usurpation and conquest. Edwin and Morcar, the earls of Mercia and Northumbria--\"\' \'Ugh!\' said the Footman, and began to feel very sleepy and stupid), whether the pleasure of making a daisy-chain would be the use of a good character, But said I could let you out, you know.\' Alice had got so close to her, one on each side, and opened their eyes and mouths so VERY tired of sitting by her sister on the trumpet, and called out, \'First witness!\' The first question of course was, how to begin.\' He looked at it gloomily: then he dipped it into one of the busy farm-yard--while the lowing of the sense, and the roof off.\' After a while, finding that nothing more to be no use now,\' thought Alice, as she spoke, but no result seemed to Alice severely. \'What are they made of?\' Alice asked in a low voice. \'Not at first, perhaps,\' said the Dormouse: \'not in that poky little house, and have next to no toys to play croquet with the words \'EAT ME\' were beautifully marked in currants. \'Well, I\'ll eat it,\' said the Footman, and began an account of the room again, no wonder she felt a very poor speaker,\' said the Caterpillar. Alice thought to herself how she would keep, through all her riper years, the simple and loving heart of her own mind (as well as she spoke--fancy CURTSEYING as you\'re falling through the air! Do you think you could only hear whispers now and then a voice outside, and stopped to listen. The Fish-Footman began by taking the little glass box that was linked into hers began to cry again, for this time the Queen ordering off her knowledge, as there seemed to be talking in a hurry. \'No, I\'ll look first,\' she said, \'than waste it in less than no time to be a great hurry. \'You did!\' said the Duck: \'it\'s generally a ridge or furrow in the trial one way of expecting nothing but out-of-the-way things had happened lately, that Alice had learnt several things of this was his first remark, \'It was the only difficulty was, that if something wasn\'t done about it while the rest were quite silent, and looked very anxiously into its face to see what was the matter worse. You MUST have meant some mischief, or else you\'d have signed your name like an honest man.\' There was no one listening, this time, and was gone in a tone of this remark, and thought to herself how she would manage it. \'They must go and get in at the March Hare. The Hatter shook his head off outside,\' the Queen to-day?\' \'I should like to drop the jar for fear of killing somebody, so managed to put his shoes on. \'--and just take his head contemptuously. \'I dare say you never to lose YOUR temper!\' \'Hold your tongue!\' added the Hatter, who turned pale and fidgeted. \'Give your evidence,\' the King had said that day. \'No, no!\' said the Hatter; \'so I should say \"With what porpoise?\"\' \'Don\'t you mean by that?\' said the Hatter. \'You might just as usual. \'Come, there\'s no meaning in them, after all. \"--SAID I COULD NOT SWIM--\" you can\'t help it,\' she thought, and it said in a great many teeth, so she waited. The Gryphon sat up and picking the daisies, when suddenly a White Rabbit put on her toes when they arrived, with a shiver. \'I beg your pardon!\' said the Queen, who was passing at the door began sneezing all at once. \'Give your evidence,\' said the March Hare was said to the Mock Turtle. Alice was more and more puzzled, but she knew she had felt quite relieved to see the Queen. \'It proves nothing of the well, and noticed that they had any dispute with the game,\' the Queen furiously, throwing an inkstand at the end of your flamingo. Shall I try the effect: the next moment a shower of saucepans, plates, and dishes. The Duchess took no notice of her little sister\'s dream. The long grass rustled at her with large eyes full of tears, \'I do wish I had to stoop to save her neck from being run over; and the whole thing very absurd, but they began moving about again, and did not wish to offend the Dormouse followed him: the March Hare and the other side of the same side of the way--\' \'THAT generally takes some time,\' interrupted the Hatter: \'I\'m on the slate. \'Herald, read the accusation!\' said the Cat in a very humble tone, going down on one knee as he fumbled over the wig, (look at the door--I do wish they WOULD put their heads down and began to say \"HOW DOTH THE LITTLE BUSY BEE,\" but it said nothing. \'When we were little,\' the Mock Turtle yawned and shut his eyes.--\'Tell her about the right size again; and the other side will make you a song?\' \'Oh, a song.', 'https://kessler.com/veritatis-beatae-provident-fugit-sunt-quia-et-molestiae.html', 'http://www.runolfsson.net/quasi-officiis-qui-asperiores-placeat.html', '2022-10-14 09:57:04', '2022-11-24 09:57:05', '2022-11-24 09:57:05');

-- --------------------------------------------------------

--
-- Table structure for table `webinar_categories`
--

CREATE TABLE `webinar_categories` (
  `id` bigint UNSIGNED NOT NULL,
  `name` varchar(255) COLLATE utf8mb4_unicode_ci NOT NULL,
  `slug` varchar(255) COLLATE utf8mb4_unicode_ci NOT NULL,
  `status` tinyint(1) NOT NULL DEFAULT '1',
  `created_at` timestamp NULL DEFAULT NULL,
  `updated_at` timestamp NULL DEFAULT NULL
) ENGINE=InnoDB DEFAULT CHARSET=utf8mb4 COLLATE=utf8mb4_unicode_ci;

--
-- Dumping data for table `webinar_categories`
--

INSERT INTO `webinar_categories` (`id`, `name`, `slug`, `status`, `created_at`, `updated_at`) VALUES
(1, 'Goodwin-Turcotte', 'goodwin-turcotte', 1, '2022-11-24 09:56:58', '2022-11-24 09:56:58'),
(2, 'Anderson Ltd', 'anderson-ltd', 1, '2022-11-24 09:56:58', '2022-11-24 09:56:58'),
(3, 'Ward-Brekke', 'ward-brekke', 1, '2022-11-24 09:56:58', '2022-11-24 09:56:58'),
(4, 'Bogisich-Buckridge', 'bogisich-buckridge', 1, '2022-11-24 09:56:58', '2022-11-24 09:56:58'),
(5, 'Schiller, Lehner and Gulgowski', 'schiller-lehner-and-gulgowski', 1, '2022-11-24 09:56:58', '2022-11-24 09:56:58'),
(6, 'O\'Keefe-Stokes', 'okeefe-stokes', 1, '2022-11-24 09:56:58', '2022-11-24 09:56:58');

-- --------------------------------------------------------

--
-- Table structure for table `webinar_host`
--

CREATE TABLE `webinar_host` (
  `id` bigint UNSIGNED NOT NULL,
  `user_id` bigint UNSIGNED NOT NULL,
  `webinar_id` bigint UNSIGNED NOT NULL
) ENGINE=InnoDB DEFAULT CHARSET=utf8mb4 COLLATE=utf8mb4_unicode_ci;

--
-- Dumping data for table `webinar_host`
--

INSERT INTO `webinar_host` (`id`, `user_id`, `webinar_id`) VALUES
(1, 1, 1),
(2, 1, 2),
(3, 1, 3),
(4, 1, 4),
(5, 1, 5),
(6, 1, 6),
(7, 1, 7),
(8, 1, 8),
(9, 1, 9),
(10, 1, 10),
(11, 1, 11),
(12, 1, 12),
(13, 1, 13),
(14, 1, 14),
(15, 1, 15),
(16, 1, 16),
(17, 1, 17),
(18, 1, 18),
(19, 1, 19),
(20, 1, 20),
(21, 1, 21),
(22, 1, 22),
(23, 1, 23),
(24, 1, 24),
(25, 1, 25),
(26, 1, 26),
(27, 1, 27),
(28, 1, 28),
(29, 1, 29),
(30, 1, 30),
(31, 1, 31),
(32, 1, 32),
(33, 1, 33),
(34, 1, 34),
(35, 1, 35),
(36, 1, 36),
(37, 1, 37),
(38, 1, 38),
(39, 1, 39),
(40, 1, 40),
(41, 1, 41),
(42, 1, 42),
(43, 1, 43),
(44, 1, 44),
(45, 1, 45),
(46, 1, 46),
(47, 1, 47),
(48, 1, 48),
(49, 1, 49),
(50, 1, 50);

-- --------------------------------------------------------

--
-- Table structure for table `webinar_webinar_category`
--

CREATE TABLE `webinar_webinar_category` (
  `id` bigint UNSIGNED NOT NULL,
  `webinar_id` bigint UNSIGNED NOT NULL,
  `webinar_category_id` bigint UNSIGNED NOT NULL
) ENGINE=InnoDB DEFAULT CHARSET=utf8mb4 COLLATE=utf8mb4_unicode_ci;

--
-- Dumping data for table `webinar_webinar_category`
--

INSERT INTO `webinar_webinar_category` (`id`, `webinar_id`, `webinar_category_id`) VALUES
(1, 1, 3),
(2, 2, 6),
(3, 3, 4),
(4, 3, 6),
(5, 3, 5),
(6, 4, 2),
(7, 4, 6),
(8, 4, 4),
(9, 5, 3),
(10, 5, 5),
(11, 5, 2),
(12, 6, 4),
(13, 6, 1),
(14, 7, 4),
(15, 8, 6),
(16, 8, 3),
(17, 9, 1),
(18, 9, 6),
(19, 9, 5),
(20, 10, 1),
(21, 10, 4),
(22, 10, 3),
(23, 11, 3),
(24, 12, 3),
(25, 12, 2),
(26, 12, 5),
(27, 13, 1),
(28, 14, 6),
(29, 15, 6),
(30, 15, 2),
(31, 16, 1),
(32, 16, 5),
(33, 16, 2),
(34, 17, 1),
(35, 17, 6),
(36, 17, 3),
(37, 18, 3),
(38, 19, 4),
(39, 20, 1),
(40, 20, 4),
(41, 21, 4),
(42, 21, 3),
(43, 21, 5),
(44, 22, 5),
(45, 22, 3),
(46, 23, 2),
(47, 24, 6),
(48, 24, 4),
(49, 25, 2),
(50, 26, 6),
(51, 26, 4),
(52, 27, 2),
(53, 27, 6),
(54, 27, 1),
(55, 28, 5),
(56, 29, 4),
(57, 29, 6),
(58, 30, 3),
(59, 30, 1),
(60, 30, 5),
(61, 31, 5),
(62, 31, 6),
(63, 32, 2),
(64, 33, 5),
(65, 33, 3),
(66, 34, 5),
(67, 34, 6),
(68, 34, 1),
(69, 35, 4),
(70, 35, 5),
(71, 35, 1),
(72, 36, 3),
(73, 36, 4),
(74, 36, 5),
(75, 37, 2),
(76, 37, 5),
(77, 37, 1),
(78, 38, 3),
(79, 38, 4),
(80, 39, 4),
(81, 39, 2),
(82, 40, 2),
(83, 40, 3),
(84, 40, 4),
(85, 41, 3),
(86, 41, 5),
(87, 42, 2),
(88, 42, 4),
(89, 43, 3),
(90, 43, 2),
(91, 43, 5),
(92, 44, 6),
(93, 44, 4),
(94, 45, 6),
(95, 45, 5),
(96, 46, 6),
(97, 46, 2),
(98, 46, 3),
(99, 47, 2),
(100, 48, 6),
(101, 49, 6),
(102, 49, 2),
(103, 50, 2),
(104, 50, 6);

--
-- Indexes for dumped tables
--

--
-- Indexes for table `blog_categories`
--
ALTER TABLE `blog_categories`
  ADD PRIMARY KEY (`id`),
  ADD KEY `blog_categories_blog_category_id_foreign` (`blog_category_id`);

--
-- Indexes for table `blog_category_blog_post`
--
ALTER TABLE `blog_category_blog_post`
  ADD PRIMARY KEY (`id`),
  ADD KEY `blog_category_blog_post_blog_category_id_foreign` (`blog_category_id`),
  ADD KEY `blog_category_blog_post_blog_post_id_foreign` (`blog_post_id`);

--
-- Indexes for table `blog_posts`
--
ALTER TABLE `blog_posts`
  ADD PRIMARY KEY (`id`),
  ADD KEY `blog_posts_user_id_foreign` (`user_id`);

--
-- Indexes for table `clients`
--
ALTER TABLE `clients`
  ADD PRIMARY KEY (`id`),
  ADD KEY `clients_user_id_foreign` (`user_id`),
  ADD KEY `clients_manager_user_id_foreign` (`manager_user_id`),
  ADD KEY `clients_state_id_foreign` (`state_id`),
  ADD KEY `clients_price_group_id_foreign` (`price_group_id`);

--
-- Indexes for table `contacts`
--
ALTER TABLE `contacts`
  ADD PRIMARY KEY (`id`);

--
-- Indexes for table `demo_bookings`
--
ALTER TABLE `demo_bookings`
  ADD PRIMARY KEY (`id`);

--
-- Indexes for table `documents`
--
ALTER TABLE `documents`
  ADD PRIMARY KEY (`id`);

--
-- Indexes for table `document_files`
--
ALTER TABLE `document_files`
  ADD PRIMARY KEY (`id`),
  ADD KEY `document_files_document_id_foreign` (`document_id`),
  ADD KEY `document_files_user_id_foreign` (`user_id`);

--
-- Indexes for table `failed_jobs`
--
ALTER TABLE `failed_jobs`
  ADD PRIMARY KEY (`id`),
  ADD UNIQUE KEY `failed_jobs_uuid_unique` (`uuid`);

--
-- Indexes for table `help_articles`
--
ALTER TABLE `help_articles`
  ADD PRIMARY KEY (`id`),
  ADD KEY `help_articles_user_id_foreign` (`user_id`);

--
-- Indexes for table `help_article_help_collection`
--
ALTER TABLE `help_article_help_collection`
  ADD PRIMARY KEY (`id`),
  ADD KEY `help_article_help_collection_help_collection_id_foreign` (`help_collection_id`),
  ADD KEY `help_article_help_collection_help_article_id_foreign` (`help_article_id`);

--
-- Indexes for table `help_collections`
--
ALTER TABLE `help_collections`
  ADD PRIMARY KEY (`id`);

--
-- Indexes for table `holidays`
--
ALTER TABLE `holidays`
  ADD PRIMARY KEY (`id`),
  ADD KEY `holidays_state_id_foreign` (`state_id`);

--
-- Indexes for table `invoices`
--
ALTER TABLE `invoices`
  ADD PRIMARY KEY (`id`),
  ADD KEY `invoices_client_id_foreign` (`client_id`),
  ADD KEY `invoices_user_id_foreign` (`user_id`);

--
-- Indexes for table `invoice_items`
--
ALTER TABLE `invoice_items`
  ADD PRIMARY KEY (`id`),
  ADD KEY `invoice_items_invoice_id_foreign` (`invoice_id`),
  ADD KEY `invoice_items_shift_id_foreign` (`shift_id`);

--
-- Indexes for table `invoice_metas`
--
ALTER TABLE `invoice_metas`
  ADD PRIMARY KEY (`id`),
  ADD KEY `invoice_metas_invoice_id_foreign` (`invoice_id`);

--
-- Indexes for table `invoice_payments`
--
ALTER TABLE `invoice_payments`
  ADD PRIMARY KEY (`id`),
  ADD KEY `invoice_payments_user_id_foreign` (`user_id`),
  ADD KEY `invoice_payments_invoice_id_foreign` (`invoice_id`);

--
-- Indexes for table `item_prices`
--
ALTER TABLE `item_prices`
  ADD PRIMARY KEY (`id`),
  ADD KEY `item_prices_support_item_id_foreign` (`support_item_id`),
  ADD KEY `item_prices_client_id_foreign` (`client_id`),
  ADD KEY `item_prices_state_id_foreign` (`state_id`);

--
-- Indexes for table `jobs`
--
ALTER TABLE `jobs`
  ADD PRIMARY KEY (`id`),
  ADD KEY `jobs_queue_index` (`queue`);

--
-- Indexes for table `migrations`
--
ALTER TABLE `migrations`
  ADD PRIMARY KEY (`id`);

--
-- Indexes for table `password_resets`
--
ALTER TABLE `password_resets`
  ADD KEY `password_resets_email_index` (`email`);

--
-- Indexes for table `permissions`
--
ALTER TABLE `permissions`
  ADD PRIMARY KEY (`id`),
  ADD KEY `permissions_permission_id_foreign` (`permission_id`);

--
-- Indexes for table `permission_role`
--
ALTER TABLE `permission_role`
  ADD PRIMARY KEY (`id`),
  ADD KEY `permission_role_role_id_foreign` (`role_id`),
  ADD KEY `permission_role_permission_id_foreign` (`permission_id`);

--
-- Indexes for table `permission_user`
--
ALTER TABLE `permission_user`
  ADD PRIMARY KEY (`id`),
  ADD KEY `permission_user_user_id_foreign` (`user_id`),
  ADD KEY `permission_user_permission_id_foreign` (`permission_id`);

--
-- Indexes for table `personal_access_tokens`
--
ALTER TABLE `personal_access_tokens`
  ADD PRIMARY KEY (`id`),
  ADD UNIQUE KEY `personal_access_tokens_token_unique` (`token`),
  ADD KEY `personal_access_tokens_tokenable_type_tokenable_id_index` (`tokenable_type`,`tokenable_id`);

--
-- Indexes for table `price_groups`
--
ALTER TABLE `price_groups`
  ADD PRIMARY KEY (`id`);

--
-- Indexes for table `price_group_support_item`
--
ALTER TABLE `price_group_support_item`
  ADD PRIMARY KEY (`id`),
  ADD KEY `price_group_support_item_price_group_id_foreign` (`price_group_id`),
  ADD KEY `price_group_support_item_support_item_id_foreign` (`support_item_id`);

--
-- Indexes for table `pricings`
--
ALTER TABLE `pricings`
  ADD PRIMARY KEY (`id`),
  ADD UNIQUE KEY `pricings_slug_unique` (`slug`);

--
-- Indexes for table `registration_groups`
--
ALTER TABLE `registration_groups`
  ADD PRIMARY KEY (`id`),
  ADD KEY `registration_groups_support_category_id_foreign` (`support_category_id`);

--
-- Indexes for table `roles`
--
ALTER TABLE `roles`
  ADD PRIMARY KEY (`id`),
  ADD UNIQUE KEY `roles_name_unique` (`name`);

--
-- Indexes for table `role_role`
--
ALTER TABLE `role_role`
  ADD PRIMARY KEY (`id`),
  ADD KEY `role_role_parent_role_id_foreign` (`parent_role_id`),
  ADD KEY `role_role_child_role_id_foreign` (`child_role_id`);

--
-- Indexes for table `role_user`
--
ALTER TABLE `role_user`
  ADD PRIMARY KEY (`id`),
  ADD KEY `role_user_role_id_foreign` (`role_id`),
  ADD KEY `role_user_user_id_foreign` (`user_id`);

--
-- Indexes for table `settings`
--
ALTER TABLE `settings`
  ADD PRIMARY KEY (`id`),
  ADD KEY `settings_user_id_foreign` (`user_id`);

--
-- Indexes for table `shifts`
--
ALTER TABLE `shifts`
  ADD PRIMARY KEY (`id`),
  ADD KEY `shifts_client_id_foreign` (`client_id`),
  ADD KEY `shifts_support_item_id_foreign` (`support_item_id`),
  ADD KEY `shifts_support_item_price_id_foreign` (`support_item_price_id`);

--
-- Indexes for table `shift_staff`
--
ALTER TABLE `shift_staff`
  ADD PRIMARY KEY (`id`),
  ADD KEY `shift_staff_shift_id_foreign` (`shift_id`),
  ADD KEY `shift_staff_staff_id_foreign` (`staff_id`);

--
-- Indexes for table `shift_transports`
--
ALTER TABLE `shift_transports`
  ADD PRIMARY KEY (`id`),
  ADD KEY `shift_transports_shift_id_foreign` (`shift_id`),
  ADD KEY `shift_transports_staff_id_foreign` (`staff_id`),
  ADD KEY `shift_transports_shift_staff_id_foreign` (`shift_staff_id`);

--
-- Indexes for table `shift_updates`
--
ALTER TABLE `shift_updates`
  ADD PRIMARY KEY (`id`),
  ADD KEY `shift_updates_shift_id_foreign` (`shift_id`),
  ADD KEY `shift_updates_user_id_foreign` (`user_id`);

--
-- Indexes for table `staff`
--
ALTER TABLE `staff`
  ADD PRIMARY KEY (`id`),
  ADD KEY `staff_user_id_foreign` (`user_id`),
  ADD KEY `staff_manager_user_id_foreign` (`manager_user_id`);

--
-- Indexes for table `states`
--
ALTER TABLE `states`
  ADD PRIMARY KEY (`id`);

--
-- Indexes for table `support_categories`
--
ALTER TABLE `support_categories`
  ADD PRIMARY KEY (`id`);

--
-- Indexes for table `support_items`
--
ALTER TABLE `support_items`
  ADD PRIMARY KEY (`id`),
  ADD KEY `support_items_registration_group_id_foreign` (`registration_group_id`);

--
-- Indexes for table `support_item_prices`
--
ALTER TABLE `support_item_prices`
  ADD PRIMARY KEY (`id`),
  ADD KEY `support_item_prices_price_group_id_foreign` (`price_group_id`),
  ADD KEY `support_item_prices_support_item_id_foreign` (`support_item_id`),
  ADD KEY `support_item_prices_state_id_foreign` (`state_id`),
  ADD KEY `support_item_prices_client_id_foreign` (`client_id`);

--
-- Indexes for table `tasks`
--
ALTER TABLE `tasks`
  ADD PRIMARY KEY (`id`),
  ADD KEY `tasks_shift_id_foreign` (`shift_id`);

--
-- Indexes for table `users`
--
ALTER TABLE `users`
  ADD PRIMARY KEY (`id`),
  ADD UNIQUE KEY `users_email_unique` (`email`),
  ADD KEY `users_user_id_foreign` (`user_id`);

--
-- Indexes for table `webinars`
--
ALTER TABLE `webinars`
  ADD PRIMARY KEY (`id`),
  ADD KEY `webinars_user_id_foreign` (`user_id`);

--
-- Indexes for table `webinar_categories`
--
ALTER TABLE `webinar_categories`
  ADD PRIMARY KEY (`id`);

--
-- Indexes for table `webinar_host`
--
ALTER TABLE `webinar_host`
  ADD PRIMARY KEY (`id`),
  ADD KEY `webinar_host_user_id_foreign` (`user_id`),
  ADD KEY `webinar_host_webinar_id_foreign` (`webinar_id`);

--
-- Indexes for table `webinar_webinar_category`
--
ALTER TABLE `webinar_webinar_category`
  ADD PRIMARY KEY (`id`),
  ADD KEY `webinar_webinar_category_webinar_id_foreign` (`webinar_id`),
  ADD KEY `webinar_webinar_category_webinar_category_id_foreign` (`webinar_category_id`);

--
-- AUTO_INCREMENT for dumped tables
--

--
-- AUTO_INCREMENT for table `blog_categories`
--
ALTER TABLE `blog_categories`
  MODIFY `id` bigint UNSIGNED NOT NULL AUTO_INCREMENT;

--
-- AUTO_INCREMENT for table `blog_category_blog_post`
--
ALTER TABLE `blog_category_blog_post`
  MODIFY `id` bigint UNSIGNED NOT NULL AUTO_INCREMENT;

--
-- AUTO_INCREMENT for table `blog_posts`
--
ALTER TABLE `blog_posts`
  MODIFY `id` bigint UNSIGNED NOT NULL AUTO_INCREMENT;

--
-- AUTO_INCREMENT for table `clients`
--
ALTER TABLE `clients`
  MODIFY `id` bigint UNSIGNED NOT NULL AUTO_INCREMENT, AUTO_INCREMENT=101;

--
-- AUTO_INCREMENT for table `contacts`
--
ALTER TABLE `contacts`
  MODIFY `id` bigint UNSIGNED NOT NULL AUTO_INCREMENT;

--
-- AUTO_INCREMENT for table `demo_bookings`
--
ALTER TABLE `demo_bookings`
  MODIFY `id` bigint UNSIGNED NOT NULL AUTO_INCREMENT;

--
-- AUTO_INCREMENT for table `documents`
--
ALTER TABLE `documents`
  MODIFY `id` bigint UNSIGNED NOT NULL AUTO_INCREMENT, AUTO_INCREMENT=16;

--
-- AUTO_INCREMENT for table `document_files`
--
ALTER TABLE `document_files`
  MODIFY `id` bigint UNSIGNED NOT NULL AUTO_INCREMENT;

--
-- AUTO_INCREMENT for table `failed_jobs`
--
ALTER TABLE `failed_jobs`
  MODIFY `id` bigint UNSIGNED NOT NULL AUTO_INCREMENT;

--
-- AUTO_INCREMENT for table `help_articles`
--
ALTER TABLE `help_articles`
  MODIFY `id` bigint UNSIGNED NOT NULL AUTO_INCREMENT;

--
-- AUTO_INCREMENT for table `help_article_help_collection`
--
ALTER TABLE `help_article_help_collection`
  MODIFY `id` bigint UNSIGNED NOT NULL AUTO_INCREMENT;

--
-- AUTO_INCREMENT for table `help_collections`
--
ALTER TABLE `help_collections`
  MODIFY `id` bigint UNSIGNED NOT NULL AUTO_INCREMENT;

--
-- AUTO_INCREMENT for table `holidays`
--
ALTER TABLE `holidays`
  MODIFY `id` bigint UNSIGNED NOT NULL AUTO_INCREMENT, AUTO_INCREMENT=109;

--
-- AUTO_INCREMENT for table `invoices`
--
ALTER TABLE `invoices`
  MODIFY `id` bigint UNSIGNED NOT NULL AUTO_INCREMENT;

--
-- AUTO_INCREMENT for table `invoice_items`
--
ALTER TABLE `invoice_items`
  MODIFY `id` bigint UNSIGNED NOT NULL AUTO_INCREMENT;

--
-- AUTO_INCREMENT for table `invoice_metas`
--
ALTER TABLE `invoice_metas`
  MODIFY `id` bigint UNSIGNED NOT NULL AUTO_INCREMENT;

--
-- AUTO_INCREMENT for table `invoice_payments`
--
ALTER TABLE `invoice_payments`
  MODIFY `id` bigint UNSIGNED NOT NULL AUTO_INCREMENT;

--
-- AUTO_INCREMENT for table `item_prices`
--
ALTER TABLE `item_prices`
  MODIFY `id` bigint UNSIGNED NOT NULL AUTO_INCREMENT;

--
-- AUTO_INCREMENT for table `jobs`
--
ALTER TABLE `jobs`
  MODIFY `id` bigint UNSIGNED NOT NULL AUTO_INCREMENT, AUTO_INCREMENT=7;

--
-- AUTO_INCREMENT for table `migrations`
--
ALTER TABLE `migrations`
  MODIFY `id` int UNSIGNED NOT NULL AUTO_INCREMENT, AUTO_INCREMENT=48;

--
-- AUTO_INCREMENT for table `permissions`
--
ALTER TABLE `permissions`
  MODIFY `id` bigint UNSIGNED NOT NULL AUTO_INCREMENT, AUTO_INCREMENT=93;

--
-- AUTO_INCREMENT for table `permission_role`
--
ALTER TABLE `permission_role`
  MODIFY `id` bigint UNSIGNED NOT NULL AUTO_INCREMENT, AUTO_INCREMENT=169;

--
-- AUTO_INCREMENT for table `permission_user`
--
ALTER TABLE `permission_user`
  MODIFY `id` bigint UNSIGNED NOT NULL AUTO_INCREMENT, AUTO_INCREMENT=1401;

--
-- AUTO_INCREMENT for table `personal_access_tokens`
--
ALTER TABLE `personal_access_tokens`
  MODIFY `id` bigint UNSIGNED NOT NULL AUTO_INCREMENT, AUTO_INCREMENT=47093;

--
-- AUTO_INCREMENT for table `price_groups`
--
ALTER TABLE `price_groups`
  MODIFY `id` bigint UNSIGNED NOT NULL AUTO_INCREMENT, AUTO_INCREMENT=2;

--
-- AUTO_INCREMENT for table `price_group_support_item`
--
ALTER TABLE `price_group_support_item`
  MODIFY `id` bigint UNSIGNED NOT NULL AUTO_INCREMENT, AUTO_INCREMENT=1199;

--
-- AUTO_INCREMENT for table `pricings`
--
ALTER TABLE `pricings`
  MODIFY `id` bigint UNSIGNED NOT NULL AUTO_INCREMENT, AUTO_INCREMENT=4;

--
-- AUTO_INCREMENT for table `registration_groups`
--
ALTER TABLE `registration_groups`
  MODIFY `id` bigint UNSIGNED NOT NULL AUTO_INCREMENT, AUTO_INCREMENT=70;

--
-- AUTO_INCREMENT for table `roles`
--
ALTER TABLE `roles`
  MODIFY `id` bigint UNSIGNED NOT NULL AUTO_INCREMENT, AUTO_INCREMENT=9;

--
-- AUTO_INCREMENT for table `role_role`
--
ALTER TABLE `role_role`
  MODIFY `id` bigint UNSIGNED NOT NULL AUTO_INCREMENT, AUTO_INCREMENT=8;

--
-- AUTO_INCREMENT for table `role_user`
--
ALTER TABLE `role_user`
  MODIFY `id` bigint UNSIGNED NOT NULL AUTO_INCREMENT, AUTO_INCREMENT=163;

--
-- AUTO_INCREMENT for table `settings`
--
ALTER TABLE `settings`
  MODIFY `id` bigint UNSIGNED NOT NULL AUTO_INCREMENT, AUTO_INCREMENT=111;

--
-- AUTO_INCREMENT for table `shifts`
--
ALTER TABLE `shifts`
  MODIFY `id` bigint UNSIGNED NOT NULL AUTO_INCREMENT;

--
-- AUTO_INCREMENT for table `shift_staff`
--
ALTER TABLE `shift_staff`
  MODIFY `id` bigint UNSIGNED NOT NULL AUTO_INCREMENT;

--
-- AUTO_INCREMENT for table `shift_transports`
--
ALTER TABLE `shift_transports`
  MODIFY `id` bigint UNSIGNED NOT NULL AUTO_INCREMENT;

--
-- AUTO_INCREMENT for table `shift_updates`
--
ALTER TABLE `shift_updates`
  MODIFY `id` bigint UNSIGNED NOT NULL AUTO_INCREMENT;

--
-- AUTO_INCREMENT for table `staff`
--
ALTER TABLE `staff`
  MODIFY `id` bigint UNSIGNED NOT NULL AUTO_INCREMENT, AUTO_INCREMENT=51;

--
-- AUTO_INCREMENT for table `states`
--
ALTER TABLE `states`
  MODIFY `id` bigint UNSIGNED NOT NULL AUTO_INCREMENT, AUTO_INCREMENT=11;

--
-- AUTO_INCREMENT for table `support_categories`
--
ALTER TABLE `support_categories`
  MODIFY `id` bigint UNSIGNED NOT NULL AUTO_INCREMENT, AUTO_INCREMENT=16;

--
-- AUTO_INCREMENT for table `support_items`
--
ALTER TABLE `support_items`
  MODIFY `id` bigint UNSIGNED NOT NULL AUTO_INCREMENT, AUTO_INCREMENT=1199;

--
-- AUTO_INCREMENT for table `support_item_prices`
--
ALTER TABLE `support_item_prices`
  MODIFY `id` bigint UNSIGNED NOT NULL AUTO_INCREMENT, AUTO_INCREMENT=11981;

--
-- AUTO_INCREMENT for table `tasks`
--
ALTER TABLE `tasks`
  MODIFY `id` bigint UNSIGNED NOT NULL AUTO_INCREMENT;

--
-- AUTO_INCREMENT for table `users`
--
ALTER TABLE `users`
  MODIFY `id` bigint UNSIGNED NOT NULL AUTO_INCREMENT, AUTO_INCREMENT=163;

--
-- AUTO_INCREMENT for table `webinars`
--
ALTER TABLE `webinars`
  MODIFY `id` bigint UNSIGNED NOT NULL AUTO_INCREMENT, AUTO_INCREMENT=51;

--
-- AUTO_INCREMENT for table `webinar_categories`
--
ALTER TABLE `webinar_categories`
  MODIFY `id` bigint UNSIGNED NOT NULL AUTO_INCREMENT, AUTO_INCREMENT=7;

--
-- AUTO_INCREMENT for table `webinar_host`
--
ALTER TABLE `webinar_host`
  MODIFY `id` bigint UNSIGNED NOT NULL AUTO_INCREMENT, AUTO_INCREMENT=51;

--
-- AUTO_INCREMENT for table `webinar_webinar_category`
--
ALTER TABLE `webinar_webinar_category`
  MODIFY `id` bigint UNSIGNED NOT NULL AUTO_INCREMENT, AUTO_INCREMENT=105;

--
-- Constraints for dumped tables
--

--
-- Constraints for table `blog_categories`
--
ALTER TABLE `blog_categories`
  ADD CONSTRAINT `blog_categories_blog_category_id_foreign` FOREIGN KEY (`blog_category_id`) REFERENCES `blog_categories` (`id`);

--
-- Constraints for table `blog_category_blog_post`
--
ALTER TABLE `blog_category_blog_post`
  ADD CONSTRAINT `blog_category_blog_post_blog_category_id_foreign` FOREIGN KEY (`blog_category_id`) REFERENCES `blog_categories` (`id`) ON DELETE CASCADE,
  ADD CONSTRAINT `blog_category_blog_post_blog_post_id_foreign` FOREIGN KEY (`blog_post_id`) REFERENCES `blog_posts` (`id`) ON DELETE CASCADE;

--
-- Constraints for table `blog_posts`
--
ALTER TABLE `blog_posts`
  ADD CONSTRAINT `blog_posts_user_id_foreign` FOREIGN KEY (`user_id`) REFERENCES `users` (`id`);

--
-- Constraints for table `clients`
--
ALTER TABLE `clients`
  ADD CONSTRAINT `clients_manager_user_id_foreign` FOREIGN KEY (`manager_user_id`) REFERENCES `users` (`id`) ON DELETE CASCADE,
  ADD CONSTRAINT `clients_price_group_id_foreign` FOREIGN KEY (`price_group_id`) REFERENCES `price_groups` (`id`) ON DELETE SET NULL,
  ADD CONSTRAINT `clients_state_id_foreign` FOREIGN KEY (`state_id`) REFERENCES `states` (`id`) ON DELETE SET NULL,
  ADD CONSTRAINT `clients_user_id_foreign` FOREIGN KEY (`user_id`) REFERENCES `users` (`id`) ON DELETE CASCADE;

--
-- Constraints for table `document_files`
--
ALTER TABLE `document_files`
  ADD CONSTRAINT `document_files_document_id_foreign` FOREIGN KEY (`document_id`) REFERENCES `documents` (`id`) ON DELETE CASCADE,
  ADD CONSTRAINT `document_files_user_id_foreign` FOREIGN KEY (`user_id`) REFERENCES `users` (`id`) ON DELETE CASCADE;

--
-- Constraints for table `help_articles`
--
ALTER TABLE `help_articles`
  ADD CONSTRAINT `help_articles_user_id_foreign` FOREIGN KEY (`user_id`) REFERENCES `users` (`id`) ON DELETE CASCADE;

--
-- Constraints for table `help_article_help_collection`
--
ALTER TABLE `help_article_help_collection`
  ADD CONSTRAINT `help_article_help_collection_help_article_id_foreign` FOREIGN KEY (`help_article_id`) REFERENCES `help_articles` (`id`) ON DELETE CASCADE,
  ADD CONSTRAINT `help_article_help_collection_help_collection_id_foreign` FOREIGN KEY (`help_collection_id`) REFERENCES `help_collections` (`id`) ON DELETE CASCADE;

--
-- Constraints for table `holidays`
--
ALTER TABLE `holidays`
  ADD CONSTRAINT `holidays_state_id_foreign` FOREIGN KEY (`state_id`) REFERENCES `states` (`id`) ON DELETE CASCADE;

--
-- Constraints for table `invoices`
--
ALTER TABLE `invoices`
  ADD CONSTRAINT `invoices_client_id_foreign` FOREIGN KEY (`client_id`) REFERENCES `clients` (`id`) ON DELETE CASCADE,
  ADD CONSTRAINT `invoices_user_id_foreign` FOREIGN KEY (`user_id`) REFERENCES `users` (`id`) ON DELETE CASCADE;

--
-- Constraints for table `invoice_items`
--
ALTER TABLE `invoice_items`
  ADD CONSTRAINT `invoice_items_invoice_id_foreign` FOREIGN KEY (`invoice_id`) REFERENCES `invoices` (`id`) ON DELETE CASCADE,
  ADD CONSTRAINT `invoice_items_shift_id_foreign` FOREIGN KEY (`shift_id`) REFERENCES `shifts` (`id`) ON DELETE SET NULL;

--
-- Constraints for table `invoice_metas`
--
ALTER TABLE `invoice_metas`
  ADD CONSTRAINT `invoice_metas_invoice_id_foreign` FOREIGN KEY (`invoice_id`) REFERENCES `invoices` (`id`) ON DELETE CASCADE;

--
-- Constraints for table `invoice_payments`
--
ALTER TABLE `invoice_payments`
  ADD CONSTRAINT `invoice_payments_invoice_id_foreign` FOREIGN KEY (`invoice_id`) REFERENCES `invoices` (`id`) ON DELETE SET NULL,
  ADD CONSTRAINT `invoice_payments_user_id_foreign` FOREIGN KEY (`user_id`) REFERENCES `users` (`id`) ON DELETE CASCADE;

--
-- Constraints for table `item_prices`
--
ALTER TABLE `item_prices`
  ADD CONSTRAINT `item_prices_client_id_foreign` FOREIGN KEY (`client_id`) REFERENCES `clients` (`id`) ON DELETE CASCADE,
  ADD CONSTRAINT `item_prices_state_id_foreign` FOREIGN KEY (`state_id`) REFERENCES `states` (`id`) ON DELETE CASCADE,
  ADD CONSTRAINT `item_prices_support_item_id_foreign` FOREIGN KEY (`support_item_id`) REFERENCES `support_items` (`id`) ON DELETE CASCADE;

--
-- Constraints for table `permissions`
--
ALTER TABLE `permissions`
  ADD CONSTRAINT `permissions_permission_id_foreign` FOREIGN KEY (`permission_id`) REFERENCES `permissions` (`id`) ON DELETE CASCADE;

--
-- Constraints for table `permission_role`
--
ALTER TABLE `permission_role`
  ADD CONSTRAINT `permission_role_permission_id_foreign` FOREIGN KEY (`permission_id`) REFERENCES `permissions` (`id`) ON DELETE CASCADE,
  ADD CONSTRAINT `permission_role_role_id_foreign` FOREIGN KEY (`role_id`) REFERENCES `roles` (`id`) ON DELETE CASCADE;

--
-- Constraints for table `permission_user`
--
ALTER TABLE `permission_user`
  ADD CONSTRAINT `permission_user_permission_id_foreign` FOREIGN KEY (`permission_id`) REFERENCES `permissions` (`id`) ON DELETE CASCADE,
  ADD CONSTRAINT `permission_user_user_id_foreign` FOREIGN KEY (`user_id`) REFERENCES `users` (`id`) ON DELETE CASCADE;

--
-- Constraints for table `price_group_support_item`
--
ALTER TABLE `price_group_support_item`
  ADD CONSTRAINT `price_group_support_item_price_group_id_foreign` FOREIGN KEY (`price_group_id`) REFERENCES `price_groups` (`id`) ON DELETE CASCADE,
  ADD CONSTRAINT `price_group_support_item_support_item_id_foreign` FOREIGN KEY (`support_item_id`) REFERENCES `support_items` (`id`) ON DELETE CASCADE;

--
-- Constraints for table `registration_groups`
--
ALTER TABLE `registration_groups`
  ADD CONSTRAINT `registration_groups_support_category_id_foreign` FOREIGN KEY (`support_category_id`) REFERENCES `support_categories` (`id`) ON DELETE CASCADE;

--
-- Constraints for table `role_role`
--
ALTER TABLE `role_role`
  ADD CONSTRAINT `role_role_child_role_id_foreign` FOREIGN KEY (`child_role_id`) REFERENCES `roles` (`id`) ON DELETE CASCADE,
  ADD CONSTRAINT `role_role_parent_role_id_foreign` FOREIGN KEY (`parent_role_id`) REFERENCES `roles` (`id`) ON DELETE CASCADE;

--
-- Constraints for table `role_user`
--
ALTER TABLE `role_user`
  ADD CONSTRAINT `role_user_role_id_foreign` FOREIGN KEY (`role_id`) REFERENCES `roles` (`id`) ON DELETE CASCADE,
  ADD CONSTRAINT `role_user_user_id_foreign` FOREIGN KEY (`user_id`) REFERENCES `users` (`id`) ON DELETE CASCADE;

--
-- Constraints for table `settings`
--
ALTER TABLE `settings`
  ADD CONSTRAINT `settings_user_id_foreign` FOREIGN KEY (`user_id`) REFERENCES `users` (`id`) ON DELETE CASCADE;

--
-- Constraints for table `shifts`
--
ALTER TABLE `shifts`
  ADD CONSTRAINT `shifts_client_id_foreign` FOREIGN KEY (`client_id`) REFERENCES `clients` (`id`) ON DELETE CASCADE,
  ADD CONSTRAINT `shifts_support_item_id_foreign` FOREIGN KEY (`support_item_id`) REFERENCES `support_items` (`id`) ON DELETE CASCADE,
  ADD CONSTRAINT `shifts_support_item_price_id_foreign` FOREIGN KEY (`support_item_price_id`) REFERENCES `support_item_prices` (`id`) ON DELETE SET NULL;

--
-- Constraints for table `shift_staff`
--
ALTER TABLE `shift_staff`
  ADD CONSTRAINT `shift_staff_shift_id_foreign` FOREIGN KEY (`shift_id`) REFERENCES `shifts` (`id`) ON DELETE CASCADE,
  ADD CONSTRAINT `shift_staff_staff_id_foreign` FOREIGN KEY (`staff_id`) REFERENCES `staff` (`id`) ON DELETE CASCADE;

--
-- Constraints for table `shift_transports`
--
ALTER TABLE `shift_transports`
  ADD CONSTRAINT `shift_transports_shift_id_foreign` FOREIGN KEY (`shift_id`) REFERENCES `shifts` (`id`),
  ADD CONSTRAINT `shift_transports_shift_staff_id_foreign` FOREIGN KEY (`shift_staff_id`) REFERENCES `shift_staff` (`id`),
  ADD CONSTRAINT `shift_transports_staff_id_foreign` FOREIGN KEY (`staff_id`) REFERENCES `staff` (`id`);

--
-- Constraints for table `shift_updates`
--
ALTER TABLE `shift_updates`
  ADD CONSTRAINT `shift_updates_shift_id_foreign` FOREIGN KEY (`shift_id`) REFERENCES `shifts` (`id`) ON DELETE CASCADE,
  ADD CONSTRAINT `shift_updates_user_id_foreign` FOREIGN KEY (`user_id`) REFERENCES `users` (`id`) ON DELETE CASCADE;

--
-- Constraints for table `staff`
--
ALTER TABLE `staff`
  ADD CONSTRAINT `staff_manager_user_id_foreign` FOREIGN KEY (`manager_user_id`) REFERENCES `users` (`id`) ON DELETE CASCADE,
  ADD CONSTRAINT `staff_user_id_foreign` FOREIGN KEY (`user_id`) REFERENCES `users` (`id`) ON DELETE CASCADE;

--
-- Constraints for table `support_items`
--
ALTER TABLE `support_items`
  ADD CONSTRAINT `support_items_registration_group_id_foreign` FOREIGN KEY (`registration_group_id`) REFERENCES `registration_groups` (`id`) ON DELETE CASCADE;

--
-- Constraints for table `support_item_prices`
--
ALTER TABLE `support_item_prices`
  ADD CONSTRAINT `support_item_prices_client_id_foreign` FOREIGN KEY (`client_id`) REFERENCES `clients` (`id`) ON DELETE CASCADE,
  ADD CONSTRAINT `support_item_prices_price_group_id_foreign` FOREIGN KEY (`price_group_id`) REFERENCES `price_groups` (`id`) ON DELETE CASCADE,
  ADD CONSTRAINT `support_item_prices_state_id_foreign` FOREIGN KEY (`state_id`) REFERENCES `states` (`id`) ON DELETE CASCADE,
  ADD CONSTRAINT `support_item_prices_support_item_id_foreign` FOREIGN KEY (`support_item_id`) REFERENCES `support_items` (`id`) ON DELETE CASCADE;

--
-- Constraints for table `tasks`
--
ALTER TABLE `tasks`
  ADD CONSTRAINT `tasks_shift_id_foreign` FOREIGN KEY (`shift_id`) REFERENCES `shifts` (`id`) ON DELETE CASCADE;

--
-- Constraints for table `users`
--
ALTER TABLE `users`
  ADD CONSTRAINT `users_user_id_foreign` FOREIGN KEY (`user_id`) REFERENCES `users` (`id`) ON DELETE CASCADE;

--
-- Constraints for table `webinars`
--
ALTER TABLE `webinars`
  ADD CONSTRAINT `webinars_user_id_foreign` FOREIGN KEY (`user_id`) REFERENCES `users` (`id`) ON DELETE SET NULL;

--
-- Constraints for table `webinar_host`
--
ALTER TABLE `webinar_host`
  ADD CONSTRAINT `webinar_host_user_id_foreign` FOREIGN KEY (`user_id`) REFERENCES `users` (`id`) ON DELETE CASCADE,
  ADD CONSTRAINT `webinar_host_webinar_id_foreign` FOREIGN KEY (`webinar_id`) REFERENCES `webinars` (`id`) ON DELETE CASCADE;

--
-- Constraints for table `webinar_webinar_category`
--
ALTER TABLE `webinar_webinar_category`
  ADD CONSTRAINT `webinar_webinar_category_webinar_category_id_foreign` FOREIGN KEY (`webinar_category_id`) REFERENCES `webinar_categories` (`id`) ON DELETE CASCADE,
  ADD CONSTRAINT `webinar_webinar_category_webinar_id_foreign` FOREIGN KEY (`webinar_id`) REFERENCES `webinars` (`id`) ON DELETE CASCADE;
COMMIT;

