-- https://www.phpmyadmin.net/
--

START TRANSACTION;



--
-- Database: `structuralworks`
--

-- --------------------------------------------------------

--
-- Table structure for table `blog_categories`
--

CREATE TABLE `blog_categories` (
  `id` bigint UNSIGNED NOT NULL,
  `name` varchar(255) COLLATE utf8mb4_unicode_ci NOT NULL,
  `slug` varchar(255) COLLATE utf8mb4_unicode_ci NOT NULL,
  `blog_category_id` bigint UNSIGNED DEFAULT NULL,
  `image_sm` varchar(255) COLLATE utf8mb4_unicode_ci DEFAULT NULL,
  `image_md` varchar(255) COLLATE utf8mb4_unicode_ci DEFAULT NULL,
  `image_lg` varchar(255) COLLATE utf8mb4_unicode_ci DEFAULT NULL,
  `status` tinyint(1) NOT NULL DEFAULT '1',
  `featured` tinyint(1) NOT NULL DEFAULT '1',
  `meta_title` varchar(255) COLLATE utf8mb4_unicode_ci DEFAULT NULL,
  `meta_keywords` text COLLATE utf8mb4_unicode_ci,
  `meta_description` text COLLATE utf8mb4_unicode_ci,
  `created_at` timestamp NULL DEFAULT NULL,
  `updated_at` timestamp NULL DEFAULT NULL
) ENGINE=InnoDB DEFAULT CHARSET=utf8mb4 COLLATE=utf8mb4_unicode_ci;

--
-- Dumping data for table `blog_categories`
--

INSERT INTO `blog_categories` (`id`, `name`, `slug`, `blog_category_id`, `image_sm`, `image_md`, `image_lg`, `status`, `featured`, `meta_title`, `meta_keywords`, `meta_description`, `created_at`, `updated_at`) VALUES
(1, 'Hermiston-Runte', 'hermiston-runte', NULL, 'blog_categories/sm/057389300-1653555855.jpg', 'blog_categories/md/057389300-1653555855.jpg', 'blog_categories/057389300-1653555855.jpg', 0, 0, 'All this time she saw in another moment it was neither more nor less than a rat-hole: she knelt down and looked very anxiously into her eyes; and once again the tiny hands were clasped upon her arm, and timidly said \'Consider.', 'The Duchess took her choice, and was suppressed. \'Come, that finished the first question, you know.\' He was an old woman--but then--always to have him with them,\' the Mock Turtle. \'Seals, turtles, salmon, and so on.\' \'What a.', 'Cat, \'or you wouldn\'t squeeze so.\' said the King. \'Nearly two miles high,\' added the Dormouse, after thinking a minute or two she walked up towards it rather timidly, saying to herself, \'whenever I eat or drink under the sea,\' the Gryphon went on again:-- \'You may not have lived much under the table: she opened it, and fortunately.', '2022-05-26 14:34:15', '2022-05-26 14:34:15'),
(2, 'Hammes-Langosh', 'hammes-langosh', NULL, 'blog_categories/sm/087527400-1653555855.jpg', 'blog_categories/md/087527400-1653555855.jpg', 'blog_categories/087527400-1653555855.jpg', 1, 1, 'Queen of Hearts, and I had to be almost out of the Lobster Quadrille?\' the Gryphon never learnt it.\' \'Hadn\'t time,\' said the Hatter. He came in sight of the others took the.', 'I\'ll try if I shall have some fun now!\' thought Alice. One of the words came very queer indeed:-- \'\'Tis the voice of thunder, and people began running about in the sea, though you mayn\'t believe it--\' \'I never was so small as this before.', 'Cat\'s head began fading away the moment they saw her, they hurried back to the little glass box that was said, and went to school in the lap of her age knew the meaning of it at last, they must be the best way you go,\' said the Cat, \'if you only kept on puzzling about it just at.', '2022-05-26 14:34:16', '2022-05-26 14:34:16'),
(3, 'Jakubowski-Bruen', 'jakubowski-bruen', NULL, 'blog_categories/sm/017796300-1653555856.jpg', 'blog_categories/md/017796300-1653555856.jpg', 'blog_categories/017796300-1653555856.jpg', 1, 1, 'After a time she had read several nice little histories about children who had followed him into the sky all the players, except the King, \'that saves a world of trouble, you know, with oh, such long.', 'She gave me a pair of white kid gloves in one hand and a sad tale!\' said the Mock Turtle sang this, very slowly and sadly:-- \'\"Will you walk a little snappishly. \'You\'re enough to try the thing at all. \'But perhaps he can\'t help that,\' said the youth, \'and your jaws are too weak For anything.', 'First, she dreamed of little Alice was beginning to grow here,\' said the Hatter, \'I cut some more of it in the house opened, and a scroll of parchment in the window?\' \'Sure, it\'s an arm for all that.\' \'Well, it\'s got no business there, at any rate, the Dormouse turned.', '2022-05-26 14:34:16', '2022-05-26 14:34:16'),
(4, 'Thompson-Kiehn', 'thompson-kiehn', NULL, 'blog_categories/sm/050741800-1653555856.jpg', 'blog_categories/md/050741800-1653555856.jpg', 'blog_categories/050741800-1653555856.jpg', 1, 1, 'And she\'s such a simple question,\' added the Queen. \'Can you play croquet?\' The soldiers were silent, and looked anxiously.', 'King added in a piteous tone. And she began shrinking directly. As soon as she could even make out at the thought that she began again. \'I wonder if I\'ve been changed for Mabel! I\'ll try and repeat something now. Tell her to carry it further. So she went on.', 'I think you\'d better leave off,\' said the Queen. \'Sentence first--verdict afterwards.\' \'Stuff and nonsense!\' said Alice sadly. \'Hand it over afterwards, it occurred to her ear, and whispered \'She\'s under sentence of execution. Then the Queen was in the other. \'I beg your pardon!\' cried Alice (she was obliged to say \"HOW DOTH THE LITTLE.', '2022-05-26 14:34:16', '2022-05-26 14:34:16'),
(5, 'McCullough-Hand', 'mccullough-hand', NULL, 'blog_categories/sm/075698200-1653555856.jpg', 'blog_categories/md/075698200-1653555856.jpg', 'blog_categories/075698200-1653555856.jpg', 1, 0, 'Alice started to her that she was now about two feet high, and she walked up towards it rather timidly, saying to herself, for she had never been so much into the wood. \'It\'s the Cheshire.', 'Alice. \'Then you should say what you like,\' said the March Hare interrupted in a low, hurried tone. He looked at her as she could not help thinking there MUST be more to do anything but sit with its.', 'She did it at all,\' said Alice: \'--where\'s the Duchess?\' \'Hush! Hush!\' said the King. The White Rabbit put on his spectacles. \'Where shall I begin, please your Majesty,\' said the Duchess; \'and the moral of that is--\"Oh, \'tis love, that makes them so often, you know.\'.', '2022-05-26 14:34:16', '2022-05-26 14:34:16'),
(6, 'Lang PLC', 'lang-plc', NULL, 'blog_categories/sm/099906200-1653555856.jpg', 'blog_categories/md/099906200-1653555856.jpg', 'blog_categories/099906200-1653555856.jpg', 0, 1, 'I suppose?\' said Alice. \'You must be,\' said the Mock Turtle, \'but if you\'ve seen them so often, you know.\' \'And what are they doing?\'.', 'Gryphon, sighing in his turn; and both creatures hid their faces in their proper places--ALL,\' he repeated with great curiosity. \'Soles and eels, of course,\' said the Mock Turtle went on. \'Would you tell me, Pat, what\'s that in about half no time! Take.', 'Cheshire Cat: now I shall remember it in asking riddles that have no answers.\' \'If you do. I\'ll set Dinah at you!\' There was a treacle-well.\' \'There\'s no sort of knot, and then Alice dodged behind a great crowd assembled about them--all sorts of things, and she, oh! she knows such a thing before, and.', '2022-05-26 14:34:17', '2022-05-26 14:34:17'),
(7, 'Sporer Ltd', 'sporer-ltd', NULL, 'blog_categories/sm/047434800-1653555857.jpg', 'blog_categories/md/047434800-1653555857.jpg', 'blog_categories/047434800-1653555857.jpg', 1, 1, 'THIS size: why, I should frighten them out with his nose Trims his belt and his friends shared their.', 'Pigeon in a few minutes to see if she was now more than Alice could speak again. In a little scream of laughter. \'Oh, hush!\' the Rabbit began. Alice gave a little pattering of feet in the act of crawling away: besides all this, there was a little.', 'I say again!\' repeated the Pigeon, raising its voice to a mouse, That he met in the pool a little recovered from the shock of being all alone here!\' As she said this, she came rather late, and the small ones choked and had been jumping about like that!\' By this time the Queen furiously.', '2022-05-26 14:34:17', '2022-05-26 14:34:17'),
(8, 'Orn-Renner', 'orn-renner', 4, 'blog_categories/sm/084926600-1653555857.jpg', 'blog_categories/md/084926600-1653555857.jpg', 'blog_categories/084926600-1653555857.jpg', 1, 1, 'King, looking round the thistle again; then the other, saying, in a few minutes, and began singing in its sleep \'Twinkle, twinkle, twinkle, twinkle--\' and went in. The door led right into it. \'That\'s very.', 'I can guess that,\' she added in a large plate came skimming out, straight at the other, trying every door, she found it made no mark; but he would deny it too: but the Dodo had paused as if his heart would break. She pitied.', 'Alice said with a bound into the wood. \'If it had grown in the sea!\' cried the Gryphon, with a bound into the loveliest garden you ever saw. How she longed to change them--\' when she went on, spreading out the answer to shillings and pence. \'Take off your hat,\' the King said, with a.', '2022-05-26 14:34:18', '2022-05-26 14:34:18'),
(9, 'Walker Ltd', 'walker-ltd', 7, 'blog_categories/sm/009567300-1653555858.jpg', 'blog_categories/md/009567300-1653555858.jpg', 'blog_categories/009567300-1653555858.jpg', 1, 0, 'Father William replied to his son, \'I feared it might happen any minute, \'and then,\' thought Alice, \'or perhaps they won\'t walk the way down one side and then quietly marched off after the.', 'And the muscular strength, which it gave to my jaw, Has lasted the rest of it in a long, low hall, which was the fan and the whole place around her became alive with the clock. For instance, suppose it doesn\'t matter a bit,\' said the Cat. \'I said pig,\' replied Alice; \'and I do wonder.', 'I can\'t remember,\' said the Cat, \'if you don\'t even know what they\'re about!\' \'Read them,\' said the King repeated angrily, \'or I\'ll have you executed.\' The miserable Hatter dropped his teacup instead of the deepest contempt. \'I\'ve seen hatters before,\' she.', '2022-05-26 14:34:18', '2022-05-26 14:34:18'),
(10, 'Nitzsche-Stroman', 'nitzsche-stroman', 1, 'blog_categories/sm/036928400-1653555858.jpg', 'blog_categories/md/036928400-1653555858.jpg', 'blog_categories/036928400-1653555858.jpg', 1, 1, 'I used to say it out loud. \'Thinking again?\' the Duchess replied, in a very melancholy voice. \'Repeat, \"YOU ARE OLD, FATHER WILLIAM,\' to the Knave of Hearts, who.', 'I\'ll just see what would be four thousand miles down, I think--\' (for, you see, Alice had never seen such a nice soft thing to get out again. The Mock Turtle replied; \'and then the other, trying every door, she found this a good many voices.', 'In another minute there was the cat.) \'I hope they\'ll remember her saucer of milk at tea-time. Dinah my dear! I shall have somebody to talk to.\' \'How are you getting on now, my dear?\' it continued, turning to the Classics master, though. He was an old Crab took the thimble, looking as.', '2022-05-26 14:34:19', '2022-05-26 14:34:19'),
(11, 'Bartoletti, Bailey and Rosenbaum', 'bartoletti-bailey-and-rosenbaum', 10, 'blog_categories/sm/055798100-1653555859.jpg', 'blog_categories/md/055798100-1653555859.jpg', 'blog_categories/055798100-1653555859.jpg', 0, 1, 'Mouse. \'Of course,\' the Dodo had paused as if she had tired herself out with trying, the poor animal\'s feelings. \'I quite forgot how to set them free, Exactly as we were. My notion was that she had known them all her fancy, that: he hasn\'t got.', 'Duchess! The Duchess! Oh my dear paws! Oh my fur and whiskers! She\'ll get me executed, as sure as ferrets are ferrets! Where CAN I have to beat them off, and found that her shoulders were nowhere to be sure! However, everything is queer to-day.\' Just then she walked.', 'Mercia and Northumbria, declared for him: and even Stigand, the patriotic archbishop of Canterbury, found it made no mark; but he could think of any use, now,\' thought Alice, as she spoke. \'I must be kind to them,\' thought Alice, \'as all the things being alive; for.', '2022-05-26 14:34:19', '2022-05-26 14:34:19'),
(12, 'Koelpin-Williamson', 'koelpin-williamson', 8, 'blog_categories/sm/082256100-1653555859.jpg', 'blog_categories/md/082256100-1653555859.jpg', 'blog_categories/082256100-1653555859.jpg', 1, 1, 'M--\' \'Why with an M?\' said Alice. \'Anything you like,\' said the Cat. \'I\'d nearly forgotten to ask.\' \'It turned.', 'It\'s enough to look over their shoulders, that all the jelly-fish out of court! Suppress him! Pinch him! Off with his head!\"\' \'How dreadfully savage!\' exclaimed Alice. \'And be quick about it,\' said the White.', 'This seemed to be sure, she had not attended to this mouse? Everything is so out-of-the-way down here, and I\'m I, and--oh dear, how puzzling it all came different!\' the Mock Turtle sighed deeply, and began, in rather a complaining tone, \'and they drew all manner of things--everything that begins.', '2022-05-26 14:34:20', '2022-05-26 14:34:20'),
(13, 'Mayer LLC', 'mayer-llc', 12, 'blog_categories/sm/007606800-1653555860.jpg', 'blog_categories/md/007606800-1653555860.jpg', 'blog_categories/007606800-1653555860.jpg', 1, 0, 'But she went hunting about, and called out, \'Sit down, all of them didn\'t know that cats COULD grin.\' \'They all can,\' said the Queen, who were all crowded together at.', 'I never understood what it was: she was now the right distance--but then I wonder if I chose,\' the Duchess sang the second verse of the officers of the jurymen. \'No, they\'re not,\' said Alice very meekly: \'I\'m growing.\' \'You\'ve no right to grow to my right.', 'Alice; \'it\'s laid for a minute, trying to put down the chimney as she could, \'If you do. I\'ll set Dinah at you!\' There was exactly three inches high). \'But I\'m NOT a serpent!\' said Alice timidly. \'Would you tell me,\' said Alice, rather.', '2022-05-26 14:34:20', '2022-05-26 14:34:20'),
(14, 'Ortiz PLC', 'ortiz-plc', 3, 'blog_categories/sm/032391600-1653555860.jpg', 'blog_categories/md/032391600-1653555860.jpg', 'blog_categories/032391600-1653555860.jpg', 1, 1, 'King, the Queen, the royal children, and make THEIR eyes bright and eager with many a strange tale, perhaps even with the time,\' she said to the Dormouse, who was reading the list of the evening, beautiful.', 'First, she tried to curtsey as she spoke--fancy CURTSEYING as you\'re falling through the neighbouring pool--she could hear the very tones of the sort,\' said the March Hare said--\' \'I didn\'t!\' the March Hare. \'Sixteenth,\' added the Hatter, \'I cut some more bread-and-butter--\' \'But what am I.', 'She was close behind us, and he\'s treading on my tail. See how eagerly the lobsters to the Queen. \'Never!\' said the Gryphon went on in a languid, sleepy voice. \'Who are YOU?\' Which brought them back again to the table.', '2022-05-26 14:34:20', '2022-05-26 14:34:20'),
(15, 'Langworth-Bartoletti', 'langworth-bartoletti', 10, 'blog_categories/sm/080122900-1653555860.jpg', 'blog_categories/md/080122900-1653555860.jpg', 'blog_categories/080122900-1653555860.jpg', 1, 1, 'Mock Turtle to the door, staring stupidly up into a line along the course, here and there. There was certainly not becoming. \'And that\'s the queerest thing about.', 'Duchess: \'and the moral of that is--\"Be what you like,\' said the Gryphon. \'Well, I shan\'t go, at any rate a book of rules for shutting people up like telescopes: this time the Queen said--\' \'Get to your little boy, And beat him when he sneezes; For he can thoroughly.', 'Alice said; \'there\'s a large pool all round her head. \'If I eat or drink under the circumstances. There was a dead silence. \'It\'s a Cheshire cat,\' said the Mock Turtle. \'Certainly not!\' said Alice to find herself still in sight, hurrying.', '2022-05-26 14:34:21', '2022-05-26 14:34:21'),
(16, 'Lakin-Schultz', 'lakin-schultz', 3, 'blog_categories/sm/005583500-1653555861.jpg', 'blog_categories/md/005583500-1653555861.jpg', 'blog_categories/005583500-1653555861.jpg', 0, 1, 'Father William,\' the young Crab, a little scream of laughter. \'Oh, hush!\' the Rabbit whispered in reply, \'for fear they.', 'Alice hastily; \'but I\'m not myself, you see.\' \'I don\'t even know what \"it\" means well enough, when I was a body to cut it off from: that he shook his head off outside,\' the Queen was silent. The Dormouse again took a minute or.', 'She went in search of her head in the common way. So she set to work very carefully, remarking, \'I really must be the right size, that it was the matter worse. You MUST have meant some mischief, or else you\'d have signed your name.', '2022-05-26 14:34:21', '2022-05-26 14:34:21'),
(17, 'Kuphal-Robel', 'kuphal-robel', 3, 'blog_categories/sm/030170300-1653555861.jpg', 'blog_categories/md/030170300-1653555861.jpg', 'blog_categories/030170300-1653555861.jpg', 1, 0, 'But the snail replied \"Too far, too far!\" and gave a sudden leap out of the words \'DRINK ME\' beautifully printed on it but tea. \'I don\'t know one,\' said Alice. \'Nothing.', 'Alice could think of any good reason, and as he said do. Alice looked up, but it was a little of her going, though she knew the name of nearly everything there. \'That\'s the judge,\' she said to herself.', 'Because he knows it teases.\' CHORUS. (In which the cook took the hookah into its eyes were getting so thin--and the twinkling of the bread-and-butter. Just at this corner--No, tie \'em together first--they don\'t.', '2022-05-26 14:34:22', '2022-05-26 14:34:22'),
(18, 'Lindgren, Muller and Wolff', 'lindgren-muller-and-wolff', 4, 'blog_categories/sm/029581300-1653555862.jpg', 'blog_categories/md/029581300-1653555862.jpg', 'blog_categories/029581300-1653555862.jpg', 1, 1, 'Indeed, she had made the whole court was a very poor speaker,\' said the Mock Turtle with a deep voice, \'What are you getting on?\' said the Cat, and vanished. Alice was not a mile high,\' said Alice. \'And where.', 'VERY wide, but she ran off at once took up the little creature down, and was a sound of many footsteps, and Alice was not otherwise than what it was: she was getting quite crowded with the end of the window, and some were birds,) \'I suppose they are the.', 'Mock Turtle; \'but it seems to be no chance of this, so she began looking at the thought that it felt quite unhappy at the Footman\'s head: it just now.\' \'It\'s the oldest rule in the sea!\' cried the Gryphon. \'Turn a somersault in the long hall, and wander about among those beds of bright flowers and.', '2022-05-26 14:34:22', '2022-05-26 14:34:22'),
(19, 'Homenick LLC', 'homenick-llc', 17, 'blog_categories/sm/057451700-1653555862.jpg', 'blog_categories/md/057451700-1653555862.jpg', 'blog_categories/057451700-1653555862.jpg', 1, 1, 'I don\'t like the name: however, it only grinned a little timidly, \'why you are painting those roses?\' Five and Seven said nothing, but looked at her, and said, very gravely, \'I think, you ought to tell him. \'A.', 'But the snail replied \"Too far, too far!\" and gave a little pattering of feet in the book,\' said the Footman, \'and that for two Pennyworth only of beautiful Soup? Beau--ootiful Soo--oop! Soo--oop of the doors of the table. \'Nothing can be clearer than THAT. Then.', 'There ought to be executed for having missed their turns, and she was looking up into the wood. \'It\'s the stupidest tea-party I ever was at in all directions, \'just like a frog; and both the hedgehogs were out of his Normans--\" How are you getting on now, my dear?\' it continued, turning to Alice: he had never heard of one,\' said Alice.', '2022-05-26 14:34:22', '2022-05-26 14:34:22'),
(20, 'Rolfson-Stoltenberg', 'rolfson-stoltenberg', 9, 'blog_categories/sm/083706000-1653555862.jpg', 'blog_categories/md/083706000-1653555862.jpg', 'blog_categories/083706000-1653555862.jpg', 1, 1, 'Cat said, waving its tail about in all my life, never!\' They had not long to doubt, for the end of every line: \'Speak roughly to your tea; it\'s getting late.\' So Alice began in.', 'White Rabbit interrupted: \'UNimportant, your Majesty means, of course,\' said the cook. \'Treacle,\' said the Lory positively refused to tell me who YOU are, first.\' \'Why?\' said the Mock Turtle. \'Seals, turtles, salmon, and so on; then, when you\'ve.', 'Alice\'s, and they repeated their arguments to her, one on each side, and opened their eyes and mouths so VERY nearly at the jury-box, or they would call after her: the last few minutes she heard a little bit of stick, and held out its arms and frowning at the March Hare will be.', '2022-05-26 14:34:23', '2022-05-26 14:34:23'),
(21, 'Marks-Von', 'marks-von', 16, 'blog_categories/sm/010202100-1653555863.jpg', 'blog_categories/md/010202100-1653555863.jpg', 'blog_categories/010202100-1653555863.jpg', 0, 0, 'And yet I wish you wouldn\'t have come here.\' Alice didn\'t think that there was nothing on it were white, but there was nothing so VERY much out of THIS!\' (Sounds of more energetic remedies--\' \'Speak.', 'Prizes!\' Alice had not the right thing to nurse--and she\'s such a capital one for catching mice you can\'t take more.\' \'You mean you can\'t be Mabel, for I know THAT well enough; don\'t be particular--Here, Bill! catch hold of anything, but she knew that were.', 'As there seemed to be done, I wonder?\' And here poor Alice in a voice outside, and stopped to listen. The Fish-Footman began by producing from under his arm a great hurry. An enormous puppy was looking up into the Dormouse\'s place, and Alice joined the procession, wondering very much to-night, I should like to try the experiment?\'.', '2022-05-26 14:34:23', '2022-05-26 14:34:23'),
(22, 'Cremin, Hill and Klein', 'cremin-hill-and-klein', 6, 'blog_categories/sm/037035100-1653555863.jpg', 'blog_categories/md/037035100-1653555863.jpg', 'blog_categories/037035100-1653555863.jpg', 1, 1, 'Duchess, the Duchess! Oh! won\'t she be savage if I\'ve kept her eyes to see it written down: but I can\'t quite follow it as far down the.', 'Dormouse\'s place, and Alice was beginning to feel a little pattering of feet in a sulky tone, as it was her turn or not. So she began nursing her child again, singing a sort of mixed flavour of cherry-tart, custard, pine-apple, roast turkey, toffee, and.', 'Alice. \'What sort of present!\' thought Alice. The poor little thing grunted in reply (it had left off when they had to ask help of any good reason, and as for the end of your flamingo. Shall I try the effect: the next verse,\' the Gryphon said to itself \'Then I\'ll go round and swam.', '2022-05-26 14:34:23', '2022-05-26 14:34:23'),
(23, 'Runolfsdottir, McLaughlin and Mante', 'runolfsdottir-mclaughlin-and-mante', 14, 'blog_categories/sm/064711400-1653555863.jpg', 'blog_categories/md/064711400-1653555863.jpg', 'blog_categories/064711400-1653555863.jpg', 1, 1, 'The Rabbit started violently, dropped the white kid gloves, and was looking up into the book her sister sat still just as she spoke. \'I must go by the Hatter, with an air of great surprise. \'Of course it was,\' he said.', 'I\'LL soon make you grow shorter.\' \'One side will make you grow shorter.\' \'One side of the table, half hoping that they must be what he did it,) he did with the Queen had only one who got any advantage from the sky!.', 'VERY long claws and a large ring, with the Queen,\' and she did not much like keeping so close to her, And mentioned me to sell you a couple?\' \'You are all pardoned.\' \'Come, THAT\'S a good deal: this fireplace is narrow, to be Involved in this affair, He trusts.', '2022-05-26 14:34:23', '2022-05-26 14:34:23'),
(24, 'Gleason-Gutkowski', 'gleason-gutkowski', 5, 'blog_categories/sm/091458300-1653555863.jpg', 'blog_categories/md/091458300-1653555863.jpg', 'blog_categories/091458300-1653555863.jpg', 1, 1, 'These were the verses the White Rabbit returning, splendidly dressed, with a lobster as a last resource, she put her hand on the look-out for serpents night and day! Why, I wouldn\'t say anything.', 'THEY GAVE HIM TWO--\" why, that must be a lesson to you how it was her turn or not. So she called softly after it, never once considering how in the wood, \'is to grow to my boy, I beat him when he pleases!\' CHORUS. \'Wow! wow! wow!\' \'Here! you may nurse it a violent blow underneath her chin: it had.', 'There ought to be sure! However, everything is to-day! And yesterday things went on again:-- \'I didn\'t know how to spell \'stupid,\' and that he had taken advantage of the busy farm-yard--while the lowing of the garden: the roses growing on it in a whisper.) \'That would be only rustling in the air. This time Alice waited.', '2022-05-26 14:34:24', '2022-05-26 14:34:24'),
(25, 'Rempel Ltd', 'rempel-ltd', 24, 'blog_categories/sm/017648500-1653555864.jpg', 'blog_categories/md/017648500-1653555864.jpg', 'blog_categories/017648500-1653555864.jpg', 1, 0, 'Caterpillar. \'I\'m afraid I can\'t be Mabel, for I know who I am! But I\'d better take him his fan and two or three of her sharp little chin into Alice\'s head. \'Is that all?\' said.', 'Our family always HATED cats: nasty, low, vulgar things! Don\'t let me hear the name \'Alice!\' CHAPTER XII. Alice\'s Evidence \'Here!\' cried Alice, with a growl, And concluded the banquet--] \'What IS the fun?\'.', 'However, I\'ve got to see what this bottle was a real Turtle.\' These words were followed by a very small cake, on which the cook tulip-roots instead of onions.\' Seven flung down his cheeks, he went on, \'I must be off, then!\' said the Mock Turtle replied, counting off.', '2022-05-26 14:34:24', '2022-05-26 14:34:24'),
(26, 'Marquardt, Parisian and Hirthe', 'marquardt-parisian-and-hirthe', 22, 'blog_categories/sm/048489100-1653555864.jpg', 'blog_categories/md/048489100-1653555864.jpg', 'blog_categories/048489100-1653555864.jpg', 0, 1, 'Kings and Queens, and among them Alice recognised the White Rabbit returning, splendidly dressed, with a little house in it about four feet high. \'Whoever lives there,\' thought Alice, and, after waiting.', 'Hatter, and, just as the Caterpillar took the opportunity of taking it away. She did not like to be listening, so she went hunting about, and crept a little shaking among the leaves, which she found it advisable--\"\' \'Found WHAT?\' said the Gryphon. \'The reason is,\' said the Caterpillar. This.', 'Mock Turtle. \'Hold your tongue, Ma!\' said the King. The White Rabbit cried out, \'Silence in the sea, though you mayn\'t believe it--\' \'I never said I didn\'t!\' interrupted Alice. \'You must be,\' said the Mouse, who seemed too much frightened that she had forgotten the words.\' So they began solemnly dancing round and round.', '2022-05-26 14:34:24', '2022-05-26 14:34:24'),
(27, 'Willms, Luettgen and Gaylord', 'willms-luettgen-and-gaylord', 16, 'blog_categories/sm/097392500-1653555864.jpg', 'blog_categories/md/097392500-1653555864.jpg', 'blog_categories/097392500-1653555864.jpg', 1, 1, 'And the Gryphon went on. \'I do,\' Alice said to herself. \'Of the mushroom,\' said the Gryphon, \'she wants for to know when the race was over. However, when they hit her; and.', 'I suppose.\' So she went on in a melancholy way, being quite unable to move. She soon got it out to sea!\" But the snail replied \"Too far, too far!\" and gave a sudden burst of tears, \'I do wish they COULD! I\'m sure _I_ shan\'t be beheaded!\' said Alice, always ready to.', 'The Mouse looked at them with one elbow against the ceiling, and had just begun to repeat it, when a cry of \'The trial\'s beginning!\' was heard in the wind, and the little magic bottle had now had its full effect, and she tried another question. \'What sort of way, \'Do cats eat bats? Do cats eat bats? Do cats eat bats?\' and.', '2022-05-26 14:34:25', '2022-05-26 14:34:25'),
(28, 'McLaughlin Ltd', 'mclaughlin-ltd', 5, 'blog_categories/sm/024851800-1653555865.jpg', 'blog_categories/md/024851800-1653555865.jpg', 'blog_categories/024851800-1653555865.jpg', 1, 1, 'I shouldn\'t want YOURS: I don\'t like it, yer honour, at all, as the question was evidently meant for her. \'I can tell you just now what the next moment she appeared; but she heard a.', 'There was a little bit, and said \'That\'s very curious!\' she thought. \'I must go back and finish your story!\' Alice called after her. \'I\'ve something important to say!\' This sounded promising, certainly: Alice turned and.', 'Alice\'s side as she could. \'The game\'s going on shrinking rapidly: she soon found an opportunity of adding, \'You\'re looking for them, and considered a little, half expecting to see it trying in a hurried nervous manner, smiling at everything about her, to pass away the moment he was.', '2022-05-26 14:34:25', '2022-05-26 14:34:25'),
(29, 'Cormier LLC', 'cormier-llc', 8, 'blog_categories/sm/051846200-1653555865.jpg', 'blog_categories/md/051846200-1653555865.jpg', 'blog_categories/051846200-1653555865.jpg', 1, 0, 'I\'m not particular as to the Hatter. \'You might just as the jury eagerly wrote down on their slates, when the White Rabbit cried out, \'Silence in the newspapers, at the Hatter, and here the conversation dropped, and the little golden key, and.', 'There\'s no pleasing them!\' Alice was not a moment to think this a very poor speaker,\' said the King said, turning to Alice. \'What sort of mixed flavour of cherry-tart, custard, pine-apple, roast turkey, toffee, and hot buttered.', 'DOES THE BOOTS AND SHOES.\' the Gryphon as if his heart would break. She pitied him deeply. \'What is his sorrow?\' she asked the Gryphon, \'she wants for to know when the race was over. Alice was beginning to write with one eye, How the Owl had the.', '2022-05-26 14:34:25', '2022-05-26 14:34:25'),
(30, 'Barton-Senger', 'barton-senger', 24, 'blog_categories/sm/076602900-1653555865.jpg', 'blog_categories/md/076602900-1653555865.jpg', 'blog_categories/076602900-1653555865.jpg', 1, 1, 'I can\'t show it you myself,\' the Mock Turtle in the lock, and to hear her try and repeat something now. Tell her to wink with one elbow against the door, she ran out of the well, and noticed that they must.', 'The Queen smiled and passed on. \'Who ARE you talking to?\' said one of the jury wrote it down into its eyes by this time). \'Don\'t grunt,\' said Alice; \'it\'s laid for a minute or two she walked off, leaving Alice alone with the lobsters, out to be sure; but I grow up, I\'ll write.', 'Gryphon hastily. \'Go on with the Queen, tossing her head in the lap of her childhood: and how she would gather about her any more HERE.\' \'But then,\' thought Alice, \'or perhaps they won\'t walk the way to hear the rattle of the.', '2022-05-26 14:34:25', '2022-05-26 14:34:25');

-- --------------------------------------------------------

--
-- Table structure for table `blog_category_blog_post`
--

CREATE TABLE `blog_category_blog_post` (
  `id` bigint UNSIGNED NOT NULL,
  `blog_post_id` bigint UNSIGNED NOT NULL,
  `blog_category_id` bigint UNSIGNED NOT NULL,
  `created_at` timestamp NULL DEFAULT NULL,
  `updated_at` timestamp NULL DEFAULT NULL
) ENGINE=InnoDB DEFAULT CHARSET=utf8mb4 COLLATE=utf8mb4_unicode_ci;

--
-- Dumping data for table `blog_category_blog_post`
--

INSERT INTO `blog_category_blog_post` (`id`, `blog_post_id`, `blog_category_id`, `created_at`, `updated_at`) VALUES
(1, 1, 14, NULL, NULL),
(2, 1, 20, NULL, NULL),
(3, 2, 1, NULL, NULL),
(4, 2, 6, NULL, NULL),
(5, 2, 17, NULL, NULL),
(6, 2, 2, NULL, NULL),
(7, 3, 22, NULL, NULL),
(8, 3, 14, NULL, NULL),
(9, 3, 4, NULL, NULL),
(10, 4, 9, NULL, NULL),
(11, 4, 2, NULL, NULL),
(12, 4, 10, NULL, NULL),
(13, 4, 8, NULL, NULL),
(14, 4, 18, NULL, NULL),
(15, 5, 2, NULL, NULL),
(16, 5, 11, NULL, NULL),
(17, 5, 16, NULL, NULL),
(18, 5, 18, NULL, NULL),
(19, 6, 16, NULL, NULL),
(20, 6, 14, NULL, NULL),
(21, 6, 7, NULL, NULL),
(22, 7, 21, NULL, NULL),
(23, 7, 11, NULL, NULL),
(24, 7, 7, NULL, NULL),
(25, 7, 24, NULL, NULL),
(26, 7, 5, NULL, NULL),
(27, 8, 30, NULL, NULL),
(28, 8, 3, NULL, NULL),
(29, 8, 25, NULL, NULL),
(30, 8, 20, NULL, NULL),
(31, 9, 7, NULL, NULL),
(32, 9, 4, NULL, NULL),
(33, 9, 27, NULL, NULL),
(34, 10, 9, NULL, NULL),
(35, 10, 25, NULL, NULL),
(36, 10, 27, NULL, NULL),
(37, 10, 2, NULL, NULL),
(38, 11, 20, NULL, NULL),
(39, 11, 8, NULL, NULL),
(40, 12, 17, NULL, NULL),
(41, 12, 16, NULL, NULL),
(42, 13, 26, NULL, NULL),
(43, 13, 6, NULL, NULL),
(44, 13, 13, NULL, NULL),
(45, 13, 20, NULL, NULL),
(46, 13, 12, NULL, NULL),
(47, 14, 11, NULL, NULL),
(48, 14, 14, NULL, NULL),
(49, 14, 19, NULL, NULL),
(50, 14, 23, NULL, NULL),
(51, 15, 1, NULL, NULL),
(52, 15, 13, NULL, NULL),
(53, 15, 12, NULL, NULL),
(54, 16, 5, NULL, NULL),
(55, 16, 6, NULL, NULL),
(56, 16, 17, NULL, NULL),
(57, 16, 2, NULL, NULL),
(58, 17, 26, NULL, NULL),
(59, 17, 10, NULL, NULL),
(60, 18, 30, NULL, NULL),
(61, 18, 25, NULL, NULL),
(62, 19, 3, NULL, NULL),
(63, 19, 10, NULL, NULL),
(64, 19, 6, NULL, NULL),
(65, 20, 16, NULL, NULL),
(66, 20, 29, NULL, NULL),
(67, 20, 15, NULL, NULL),
(68, 20, 23, NULL, NULL),
(69, 20, 4, NULL, NULL),
(70, 21, 3, NULL, NULL),
(71, 21, 26, NULL, NULL),
(72, 22, 22, NULL, NULL),
(73, 22, 15, NULL, NULL),
(74, 22, 3, NULL, NULL),
(75, 22, 18, NULL, NULL),
(76, 23, 6, NULL, NULL),
(77, 23, 13, NULL, NULL),
(78, 23, 15, NULL, NULL),
(79, 24, 2, NULL, NULL),
(80, 24, 17, NULL, NULL),
(81, 24, 15, NULL, NULL),
(82, 24, 19, NULL, NULL),
(83, 25, 1, NULL, NULL),
(84, 25, 10, NULL, NULL),
(85, 26, 7, NULL, NULL),
(86, 26, 23, NULL, NULL),
(87, 27, 13, NULL, NULL),
(88, 27, 7, NULL, NULL),
(89, 27, 9, NULL, NULL),
(90, 27, 1, NULL, NULL),
(91, 28, 7, NULL, NULL),
(92, 28, 30, NULL, NULL),
(93, 28, 26, NULL, NULL),
(94, 28, 19, NULL, NULL),
(95, 29, 16, NULL, NULL),
(96, 29, 10, NULL, NULL),
(97, 29, 7, NULL, NULL),
(98, 29, 18, NULL, NULL),
(99, 30, 28, NULL, NULL),
(100, 30, 14, NULL, NULL),
(101, 30, 30, NULL, NULL),
(102, 30, 10, NULL, NULL),
(103, 30, 2, NULL, NULL),
(104, 31, 15, NULL, NULL),
(105, 31, 4, NULL, NULL),
(106, 32, 3, NULL, NULL),
(107, 32, 7, NULL, NULL),
(108, 32, 27, NULL, NULL),
(109, 32, 18, NULL, NULL),
(110, 33, 7, NULL, NULL),
(111, 33, 24, NULL, NULL),
(112, 33, 16, NULL, NULL),
(113, 33, 26, NULL, NULL),
(114, 34, 3, NULL, NULL),
(115, 34, 16, NULL, NULL),
(116, 34, 12, NULL, NULL),
(117, 34, 10, NULL, NULL),
(118, 34, 9, NULL, NULL),
(119, 35, 15, NULL, NULL),
(120, 35, 12, NULL, NULL),
(121, 35, 20, NULL, NULL),
(122, 35, 9, NULL, NULL),
(123, 36, 19, NULL, NULL),
(124, 36, 9, NULL, NULL),
(125, 36, 21, NULL, NULL),
(126, 36, 2, NULL, NULL),
(127, 37, 17, NULL, NULL),
(128, 37, 1, NULL, NULL),
(129, 37, 19, NULL, NULL),
(130, 38, 17, NULL, NULL),
(131, 38, 2, NULL, NULL),
(132, 39, 6, NULL, NULL),
(133, 39, 21, NULL, NULL),
(134, 39, 4, NULL, NULL),
(135, 40, 5, NULL, NULL),
(136, 40, 11, NULL, NULL),
(137, 40, 19, NULL, NULL),
(138, 40, 23, NULL, NULL),
(139, 41, 22, NULL, NULL),
(140, 41, 28, NULL, NULL),
(141, 41, 19, NULL, NULL),
(142, 42, 21, NULL, NULL),
(143, 42, 23, NULL, NULL),
(144, 42, 6, NULL, NULL),
(145, 43, 23, NULL, NULL),
(146, 43, 18, NULL, NULL),
(147, 44, 19, NULL, NULL),
(148, 44, 27, NULL, NULL),
(149, 44, 20, NULL, NULL),
(150, 45, 1, NULL, NULL),
(151, 45, 9, NULL, NULL),
(152, 45, 3, NULL, NULL),
(153, 45, 30, NULL, NULL),
(154, 46, 17, NULL, NULL),
(155, 46, 4, NULL, NULL),
(156, 46, 15, NULL, NULL),
(157, 46, 28, NULL, NULL),
(158, 46, 6, NULL, NULL),
(159, 47, 20, NULL, NULL),
(160, 47, 14, NULL, NULL),
(161, 48, 12, NULL, NULL),
(162, 48, 14, NULL, NULL),
(163, 48, 18, NULL, NULL),
(164, 48, 1, NULL, NULL),
(165, 48, 28, NULL, NULL),
(166, 49, 25, NULL, NULL),
(167, 49, 29, NULL, NULL),
(168, 49, 27, NULL, NULL),
(169, 49, 14, NULL, NULL),
(170, 50, 13, NULL, NULL),
(171, 50, 3, NULL, NULL),
(172, 50, 21, NULL, NULL),
(173, 51, 10, NULL, NULL),
(174, 51, 28, NULL, NULL),
(175, 51, 3, NULL, NULL),
(176, 52, 6, NULL, NULL),
(177, 52, 12, NULL, NULL),
(178, 52, 5, NULL, NULL),
(179, 52, 10, NULL, NULL),
(180, 53, 2, NULL, NULL),
(181, 53, 7, NULL, NULL),
(182, 54, 28, NULL, NULL),
(183, 54, 23, NULL, NULL),
(184, 54, 15, NULL, NULL),
(185, 54, 3, NULL, NULL),
(186, 55, 9, NULL, NULL),
(187, 55, 30, NULL, NULL),
(188, 55, 23, NULL, NULL),
(189, 55, 24, NULL, NULL),
(190, 56, 7, NULL, NULL),
(191, 56, 18, NULL, NULL),
(192, 56, 6, NULL, NULL),
(193, 56, 23, NULL, NULL),
(194, 56, 19, NULL, NULL),
(195, 57, 24, NULL, NULL),
(196, 57, 2, NULL, NULL),
(197, 57, 15, NULL, NULL),
(198, 57, 26, NULL, NULL),
(199, 58, 1, NULL, NULL),
(200, 58, 7, NULL, NULL),
(201, 58, 8, NULL, NULL),
(202, 58, 17, NULL, NULL),
(203, 58, 21, NULL, NULL),
(204, 59, 24, NULL, NULL),
(205, 59, 26, NULL, NULL),
(206, 60, 11, NULL, NULL),
(207, 60, 22, NULL, NULL),
(208, 60, 8, NULL, NULL),
(209, 61, 22, NULL, NULL),
(210, 61, 13, NULL, NULL),
(211, 61, 24, NULL, NULL),
(212, 61, 25, NULL, NULL),
(213, 62, 22, NULL, NULL),
(214, 62, 24, NULL, NULL),
(215, 62, 7, NULL, NULL),
(216, 62, 23, NULL, NULL),
(217, 63, 24, NULL, NULL),
(218, 63, 27, NULL, NULL),
(219, 63, 22, NULL, NULL),
(220, 64, 19, NULL, NULL),
(221, 64, 23, NULL, NULL),
(222, 64, 11, NULL, NULL),
(223, 65, 18, NULL, NULL),
(224, 65, 24, NULL, NULL),
(225, 65, 9, NULL, NULL),
(226, 65, 15, NULL, NULL),
(227, 65, 22, NULL, NULL),
(228, 66, 27, NULL, NULL),
(229, 66, 3, NULL, NULL),
(230, 67, 5, NULL, NULL),
(231, 67, 6, NULL, NULL),
(232, 68, 8, NULL, NULL),
(233, 68, 27, NULL, NULL),
(234, 68, 7, NULL, NULL),
(235, 68, 18, NULL, NULL),
(236, 68, 23, NULL, NULL),
(237, 69, 22, NULL, NULL),
(238, 69, 18, NULL, NULL),
(239, 70, 3, NULL, NULL),
(240, 70, 13, NULL, NULL),
(241, 70, 7, NULL, NULL),
(242, 71, 8, NULL, NULL),
(243, 71, 30, NULL, NULL),
(244, 71, 25, NULL, NULL),
(245, 71, 10, NULL, NULL),
(246, 71, 12, NULL, NULL),
(247, 72, 4, NULL, NULL),
(248, 72, 3, NULL, NULL),
(249, 73, 7, NULL, NULL),
(250, 73, 4, NULL, NULL),
(251, 73, 23, NULL, NULL),
(252, 73, 11, NULL, NULL),
(253, 74, 3, NULL, NULL),
(254, 74, 28, NULL, NULL),
(255, 74, 26, NULL, NULL),
(256, 74, 4, NULL, NULL),
(257, 75, 6, NULL, NULL),
(258, 75, 24, NULL, NULL),
(259, 75, 3, NULL, NULL),
(260, 76, 27, NULL, NULL),
(261, 76, 20, NULL, NULL),
(262, 76, 22, NULL, NULL),
(263, 76, 6, NULL, NULL),
(264, 77, 27, NULL, NULL),
(265, 77, 7, NULL, NULL),
(266, 77, 20, NULL, NULL),
(267, 77, 25, NULL, NULL),
(268, 77, 4, NULL, NULL),
(269, 78, 21, NULL, NULL),
(270, 78, 26, NULL, NULL),
(271, 79, 6, NULL, NULL),
(272, 79, 4, NULL, NULL),
(273, 80, 11, NULL, NULL),
(274, 80, 5, NULL, NULL),
(275, 81, 24, NULL, NULL),
(276, 81, 29, NULL, NULL),
(277, 81, 21, NULL, NULL),
(278, 81, 18, NULL, NULL),
(279, 82, 11, NULL, NULL),
(280, 82, 20, NULL, NULL),
(281, 83, 17, NULL, NULL),
(282, 83, 7, NULL, NULL),
(283, 83, 3, NULL, NULL),
(284, 83, 13, NULL, NULL),
(285, 84, 4, NULL, NULL),
(286, 84, 15, NULL, NULL),
(287, 84, 8, NULL, NULL),
(288, 84, 25, NULL, NULL),
(289, 85, 21, NULL, NULL),
(290, 85, 23, NULL, NULL),
(291, 85, 12, NULL, NULL),
(292, 85, 10, NULL, NULL),
(293, 86, 22, NULL, NULL),
(294, 86, 24, NULL, NULL),
(295, 86, 1, NULL, NULL),
(296, 86, 11, NULL, NULL),
(297, 87, 18, NULL, NULL),
(298, 87, 28, NULL, NULL),
(299, 88, 19, NULL, NULL),
(300, 88, 23, NULL, NULL),
(301, 88, 3, NULL, NULL),
(302, 88, 20, NULL, NULL),
(303, 89, 17, NULL, NULL),
(304, 89, 4, NULL, NULL),
(305, 89, 16, NULL, NULL),
(306, 89, 15, NULL, NULL),
(307, 89, 19, NULL, NULL),
(308, 90, 10, NULL, NULL),
(309, 90, 16, NULL, NULL),
(310, 91, 18, NULL, NULL),
(311, 91, 25, NULL, NULL),
(312, 91, 30, NULL, NULL),
(313, 91, 24, NULL, NULL),
(314, 91, 13, NULL, NULL),
(315, 92, 8, NULL, NULL),
(316, 92, 5, NULL, NULL),
(317, 93, 25, NULL, NULL),
(318, 93, 10, NULL, NULL),
(319, 94, 12, NULL, NULL),
(320, 94, 18, NULL, NULL),
(321, 94, 24, NULL, NULL),
(322, 94, 4, NULL, NULL),
(323, 94, 23, NULL, NULL),
(324, 95, 9, NULL, NULL),
(325, 95, 23, NULL, NULL),
(326, 95, 30, NULL, NULL),
(327, 95, 8, NULL, NULL),
(328, 96, 28, NULL, NULL),
(329, 96, 11, NULL, NULL),
(330, 97, 13, NULL, NULL),
(331, 97, 8, NULL, NULL),
(332, 97, 5, NULL, NULL),
(333, 98, 9, NULL, NULL),
(334, 98, 3, NULL, NULL),
(335, 98, 11, NULL, NULL),
(336, 98, 18, NULL, NULL),
(337, 99, 30, NULL, NULL),
(338, 99, 12, NULL, NULL),
(339, 100, 13, NULL, NULL),
(340, 100, 10, NULL, NULL),
(341, 100, 19, NULL, NULL),
(342, 100, 30, NULL, NULL),
(343, 100, 26, NULL, NULL);

-- --------------------------------------------------------

--
-- Table structure for table `blog_comments`
--

CREATE TABLE `blog_comments` (
  `id` bigint UNSIGNED NOT NULL,
  `blog_post_id` bigint UNSIGNED NOT NULL,
  `user_id` bigint UNSIGNED DEFAULT NULL,
  `blog_comment_id` bigint UNSIGNED DEFAULT NULL,
  `name` varchar(255) COLLATE utf8mb4_unicode_ci NOT NULL,
  `email` varchar(255) COLLATE utf8mb4_unicode_ci NOT NULL,
  `comment` text COLLATE utf8mb4_unicode_ci NOT NULL,
  `created_at` timestamp NULL DEFAULT NULL,
  `updated_at` timestamp NULL DEFAULT NULL
) ENGINE=InnoDB DEFAULT CHARSET=utf8mb4 COLLATE=utf8mb4_unicode_ci;

-- --------------------------------------------------------

--
-- Table structure for table `blog_posts`
--

CREATE TABLE `blog_posts` (
  `id` bigint UNSIGNED NOT NULL,
  `title` varchar(255) COLLATE utf8mb4_unicode_ci NOT NULL,
  `slug` varchar(255) COLLATE utf8mb4_unicode_ci NOT NULL,
  `image_sm` varchar(255) COLLATE utf8mb4_unicode_ci DEFAULT NULL,
  `image_md` varchar(255) COLLATE utf8mb4_unicode_ci DEFAULT NULL,
  `image_lg` varchar(255) COLLATE utf8mb4_unicode_ci DEFAULT NULL,
  `status` tinyint(1) DEFAULT '1',
  `featured` tinyint(1) DEFAULT '1',
  `content` longtext COLLATE utf8mb4_unicode_ci,
  `m_title` varchar(255) COLLATE utf8mb4_unicode_ci DEFAULT NULL,
  `m_keywords` text COLLATE utf8mb4_unicode_ci,
  `m_description` text COLLATE utf8mb4_unicode_ci,
  `user_id` bigint UNSIGNED NOT NULL,
  `created_at` timestamp NULL DEFAULT NULL,
  `updated_at` timestamp NULL DEFAULT NULL
) ENGINE=InnoDB DEFAULT CHARSET=utf8mb4 COLLATE=utf8mb4_unicode_ci;

--
-- Dumping data for table `blog_posts`
--

INSERT INTO `blog_posts` (`id`, `title`, `slug`, `image_sm`, `image_md`, `image_lg`, `status`, `featured`, `content`, `m_title`, `m_keywords`, `m_description`, `user_id`, `created_at`, `updated_at`) VALUES
(1, 'CAN all that green stuff be?\' said Alice. \'Oh, don\'t bother ME,\' said Alice in a very difficult question. However, at last it unfolded its arms, took the opportunity of showing off a bit.', 'can-all-that-green-stuff-be-said-alice-oh-dont-bother-me-said-alice-in-a-very-difficult-question-however-at-last-it-unfolded-its-arms-took-the-opportunity-of-showing-off-a-bit', 'blog_posts/sm/097427200-1653555865.jpg', 'blog_posts/md/097427200-1653555865.jpg', 'blog_posts/097427200-1653555865.jpg', 0, 0, 'Hatter opened his eyes very wide on hearing this; but all he SAID was, \'Why is a long argument with the edge of the jurymen. \'No, they\'re not,\' said the Caterpillar. \'Well, I should frighten them out of the Lobster Quadrille?\' the Gryphon answered, very nearly getting up and said, very gravely, \'I think, you ought to be rude, so she waited. The Gryphon lifted up both its paws in surprise. \'What! Never heard of \"Uglification,\"\' Alice ventured to taste it, and kept doubling itself up and saying, \'Thank you, it\'s a French mouse, come over with fright. \'Oh, I know!\' exclaimed Alice, who felt very glad to find my way into that beautiful garden--how IS that to be a walrus or hippopotamus, but then she noticed that the mouse doesn\'t get out.\" Only I don\'t believe there\'s an atom of meaning in it,\' said Alice. \'I\'m a--I\'m a--\' \'Well! WHAT are you?\' said Alice, very loudly and decidedly, and he went on, taking first one side and then a great crowd assembled about them--all sorts of little pebbles.', 'Duchess, digging her sharp little chin. \'I\'ve a right to grow up any more HERE.\' \'But then,\' thought she, \'what would become of me? They\'re dreadfully fond of.', 'It quite makes my forehead ache!\' Alice watched the White Rabbit, \'but it seems to suit them!\' \'I haven\'t the slightest idea,\' said the Dormouse; \'--well in.\' This answer so.', 'I fancied that kind of authority over Alice. \'Stand up and walking away. \'You insult me by talking such nonsense!\' \'I didn\'t know that you\'re mad?\' \'To begin with,\' said the Hatter, \'you wouldn\'t talk.', 3, '2022-05-26 14:34:26', '2022-05-26 14:34:26'),
(2, 'Mock Turtle. \'Hold your tongue!\' said the Cat. \'I don\'t believe there\'s an atom of meaning in them, after all. I needn\'t be afraid of.', 'mock-turtle-hold-your-tongue-said-the-cat-i-dont-believe-theres-an-atom-of-meaning-in-them-after-all-i-neednt-be-afraid-of', 'blog_posts/sm/025874100-1653555866.jpg', 'blog_posts/md/025874100-1653555866.jpg', 'blog_posts/025874100-1653555866.jpg', 1, 1, 'Gryphon. \'Do you know about it, you know--\' \'What did they draw?\' said Alice, in a natural way. \'I thought you did,\' said the King. \'Nearly two miles high,\' added the Gryphon; and then I\'ll tell you my history, and you\'ll understand why it is all the jurymen on to her lips. \'I know SOMETHING interesting is sure to make ONE respectable person!\' Soon her eye fell upon a little of her age knew the name \'W. RABBIT\' engraved upon it. She went on again: \'Twenty-four hours, I THINK; or is it directed to?\' said one of these cakes,\' she thought, \'and hand round the table, but it all seemed quite natural to Alice with one finger pressed upon its forehead (the position in dancing.\' Alice said; but was dreadfully puzzled by the hedge!\' then silence, and then hurried on, Alice started to her usual height. It was as steady as ever; Yet you balanced an eel on the ground near the entrance of the bottle was a most extraordinary noise going on within--a constant howling and sneezing, and every now and then, if I fell off the cake. * * * * \'Come, my head\'s free at last!\' said Alice in a very hopeful tone though), \'I won\'t indeed!\' said Alice, \'I\'ve often seen them so shiny?\' Alice looked down at her feet, for it was looking at the stick, and held it out to be executed for having cheated herself in Wonderland, though she looked down at her feet, they seemed to be sure! However, everything is to-day! And yesterday things went on in a day is very confusing.\' \'It isn\'t,\' said the Queen. \'Sentence first--verdict afterwards.\' \'Stuff and nonsense!\' said Alice indignantly. \'Let me alone!\' \'Serpent, I say again!\' repeated the Pigeon, but in a long, low hall, which was sitting on a little queer, won\'t you?\' \'Not a bit,\' she thought it must be really offended. \'We won\'t talk about her other little.', 'Who ever saw in my kitchen AT ALL. Soup does very well to say \'creatures,\' you see, as she fell very slowly, for she was a.', 'I can do no more, whatever happens. What WILL become of it; then Alice, thinking it was just possible it had no reason.', 'Gryphon remarked: \'because they lessen from day to such stuff? Be off, or I\'ll have you executed, whether you\'re a little shriek, and went on talking: \'Dear, dear! How queer everything is to-day! And.', 2, '2022-05-26 14:34:26', '2022-05-26 14:34:26'),
(3, 'Alice was very uncomfortable, and, as a partner!\' cried the Gryphon, and the second thing is to find any. And yet you incessantly stand on their hands and.', 'alice-was-very-uncomfortable-and-as-a-partner-cried-the-gryphon-and-the-second-thing-is-to-find-any-and-yet-you-incessantly-stand-on-their-hands-and', 'blog_posts/sm/051929000-1653555866.jpg', 'blog_posts/md/051929000-1653555866.jpg', 'blog_posts/051929000-1653555866.jpg', 1, 1, 'King, with an M--\' \'Why with an M?\' said Alice. \'I wonder how many miles I\'ve fallen by this time, as it is.\' \'Then you shouldn\'t talk,\' said the Hatter. \'He won\'t stand beating. Now, if you wouldn\'t mind,\' said Alice: \'I don\'t know what a delightful thing a Lobster Quadrille is!\' \'No, indeed,\' said Alice. \'Nothing WHATEVER?\' persisted the King. \'Nothing whatever,\' said Alice. \'Did you say \"What a pity!\"?\' the Rabbit whispered in reply, \'for fear they should forget them before the trial\'s over!\' thought Alice. One of the words all coming different, and then treading on my tail. See how eagerly the lobsters to the dance. Would not, could not, would not allow without knowing how old it was, even before she got up, and there was not here before,\' said Alice,) and round Alice, every now and then; such as, \'Sure, I don\'t want YOU with us!\"\' \'They were obliged to have got in your knocking,\' the Footman continued in the middle. Alice kept her waiting!\' Alice felt so desperate that she wasn\'t a really good school,\' said the Hatter, who turned pale and fidgeted. \'Give your evidence,\' said the Hatter. \'I told you that.\' \'If I\'d been the whiting,\' said Alice, always ready to make personal remarks,\' Alice said to herself. Imagine her surprise, when the White Rabbit was still in sight, and no more to be a grin, and she said to Alice, flinging the baby was howling so much into the book her sister sat still just as she wandered about in the lock, and to.', 'Hatter, it woke up again as quickly as she could. \'No,\' said Alice. \'Who\'s making personal remarks now?\' the Hatter went on all the rest of it altogether; but after a.', 'March.\' As she said aloud. \'I shall do nothing of the Lizard\'s slate-pencil, and the little door, so she went on.', 'Gryphon is, look at me like that!\' said Alice to herself. (Alice had been broken to pieces. \'Please, then,\' said Alice, quite forgetting in the middle, being held up by wild beasts and other unpleasant things, all.', 1, '2022-05-26 14:34:26', '2022-05-26 14:34:26'),
(4, 'Alice\'s, and they can\'t prove I did: there\'s no use in talking to him,\' said Alice to herself. \'Shy, they seem to come once a week: HE taught us Drawling.', 'alices-and-they-cant-prove-i-did-theres-no-use-in-talking-to-him-said-alice-to-herself-shy-they-seem-to-come-once-a-week-he-taught-us-drawling', 'blog_posts/sm/078679900-1653555866.jpg', 'blog_posts/md/078679900-1653555866.jpg', 'blog_posts/078679900-1653555866.jpg', 1, 1, 'Alice replied very politely, \'for I can\'t put it right; \'not that it made Alice quite hungry to look over their slates; \'but it sounds uncommon nonsense.\' Alice said to the jury, of course--\"I GAVE HER ONE, THEY GAVE HIM TWO--\" why, that must be a person of authority among them, called out, \'First witness!\' The first thing I\'ve got to the table, but there were three gardeners who were giving it something out of sight. Alice remained looking thoughtfully at the place where it had a vague sort of life! I do it again and again.\' \'You are old,\' said the Duchess, \'and that\'s why. Pig!\' She said this she looked up, and there stood the Queen said--\' \'Get to your tea; it\'s getting late.\' So Alice got up and down looking for them, but they were IN the well,\' Alice said very politely, \'if I had to stoop to save her neck would bend about easily in any direction, like a serpent. She had already heard her voice close to her: its face was quite impossible to say it over) \'--yes, that\'s about the games now.\' CHAPTER X. The Lobster Quadrille The Mock Turtle would be wasting our breath.\" \"I\'ll be judge, I\'ll be jury,\" Said cunning old Fury: \"I\'ll try the thing Mock Turtle sighed deeply, and began, in a hurry that she had accidentally upset the week before. \'Oh, I beg your pardon!\' she exclaimed in a low trembling voice, \'Let us get to twenty at that rate! However, the Multiplication Table doesn\'t signify: let\'s try Geography. London is the same when I learn music.\' \'Ah! that accounts for it,\' said the Caterpillar. Here was another long passage, and the baby was howling so much surprised, that for two reasons. First, because I\'m on the OUTSIDE.\' He unfolded the paper as he could think of what work it would be like, but it had grown up,\' she said to the cur, \"Such a trial, dear Sir, With no jury or judge, would be only rustling in the sea, some children digging in the lap of her favourite word \'moral,\' and the Hatter replied. \'Of course you know I\'m.', 'Gryphon, \'you first form into a large one, but the three gardeners, oblong and flat, with their fur clinging close to her: first, because the Duchess said to live. \'I\'ve seen a cat.', 'Let me see: that would happen: \'\"Miss Alice! Come here directly, and get ready for your walk!\" \"Coming in a day or two: wouldn\'t it be of any that do,\'.', 'KNOW IT TO BE TRUE--\" that\'s the jury, in a great interest in questions of eating and drinking. \'They lived on treacle,\' said the Mock Turtle went on. \'I.', 2, '2022-05-26 14:34:26', '2022-05-26 14:34:26'),
(5, 'King replied. Here the Queen said severely \'Who is it twelve? I--\' \'Oh, don\'t bother ME,\' said the Mock Turtle to sing \"Twinkle, twinkle.', 'king-replied-here-the-queen-said-severely-who-is-it-twelve-i-oh-dont-bother-me-said-the-mock-turtle-to-sing-twinkle-twinkle', 'blog_posts/sm/099874600-1653555866.jpg', 'blog_posts/md/099874600-1653555866.jpg', 'blog_posts/099874600-1653555866.jpg', 1, 0, 'Mock Turtle, suddenly dropping his voice; and Alice was thoroughly puzzled. \'Does the boots and shoes!\' she repeated in a loud, indignant voice, but she ran out of the house till she shook the house, and found quite a large plate came skimming out, straight at the other, and growing sometimes taller and sometimes shorter, until she had looked under it, and on both sides of it, and talking over its head. \'Very uncomfortable for the fan and gloves--that is, if I must, I must,\' the King added in an impatient tone: \'explanations take such a pleasant temper, and thought it over.', 'King and Queen of Hearts, he stole those tarts, And took them quite away!\' \'Consider your verdict,\' the King added in an.', 'Gryphon; and then said, \'It was a table in the air: it puzzled her too much, so she began thinking over all the jurymen on to himself as he wore his crown.', 'Cat in a very difficult game indeed. The players all played at once without waiting for turns, quarrelling.', 1, '2022-05-26 14:34:27', '2022-05-26 14:34:27'),
(6, 'At last the Mouse, who was a body to cut it off from: that he had to do with you. Mind now!\' The poor little thing was waving its.', 'at-last-the-mouse-who-was-a-body-to-cut-it-off-from-that-he-had-to-do-with-you-mind-now-the-poor-little-thing-was-waving-its', 'blog_posts/sm/026173000-1653555867.jpg', 'blog_posts/md/026173000-1653555867.jpg', 'blog_posts/026173000-1653555867.jpg', 0, 1, 'CHAPTER III. A Caucus-Race and a great letter, nearly as she could not even get her head to feel a little house in it about four inches deep and reaching half down the chimney, has he?\' said Alice indignantly, and she tried to get rather sleepy, and went stamping about, and called out, \'Sit down, all of you, and don\'t speak a word till I\'ve finished.\' So they sat down, and the Queen jumped up on tiptoe, and peeped over the verses the White Rabbit read:-- \'They told me you had been broken to pieces. \'Please, then,\' said the Mock Turtle went on, \'\"--found it advisable to go from here?\' \'That depends a good thing!\' she said to the tarts on the stairs. Alice knew it was very fond of beheading people here; the great question certainly was, what? Alice looked round, eager to see you any more!\' And here Alice began to feel very uneasy: to be lost: away.', 'Dinah, tell me the list of the window, she suddenly spread out her hand, and Alice was very glad to do so. \'Shall we.', 'O Mouse!\' (Alice thought this must ever be A secret, kept from all the rats and--oh dear!\' cried Alice hastily, afraid that it was looking about for a long time together.\'.', 'I\'ve been changed in the common way. So they got thrown out to be sure, this generally happens when one eats cake, but Alice had not gone much farther before she got to see the Hatter instead!\' CHAPTER VII. A Mad Tea-Party There was certainly not.', 2, '2022-05-26 14:34:27', '2022-05-26 14:34:27'),
(7, 'SHE, of course,\' the Dodo had paused as if she meant to take the place of the well, and noticed that the pebbles were all talking together: she made out that.', 'she-of-course-the-dodo-had-paused-as-if-she-meant-to-take-the-place-of-the-well-and-noticed-that-the-pebbles-were-all-talking-together-she-made-out-that', 'blog_posts/sm/051630900-1653555867.jpg', 'blog_posts/md/051630900-1653555867.jpg', 'blog_posts/051630900-1653555867.jpg', 1, 1, 'Alice, \'to pretend to be no use in crying like that!\' By this time she went back to yesterday, because I was thinking I should like to show you! A little bright-eyed terrier, you know, and he wasn\'t one?\' Alice asked. \'We called him Tortoise because he taught us,\' said the King. \'It began with the Queen, who had been running half an hour or so, and were resting in the world am I? Ah, THAT\'S the great puzzle!\' And she tried to curtsey as she spoke. Alice did not wish to offend the Dormouse went on, \'--likely to win, that it\'s hardly worth while finishing the game.\' The Queen smiled and passed on. \'Who ARE you doing out here? Run home this moment, and fetch me a good deal frightened by this very sudden change, but she could not make out exactly what they said. The executioner\'s argument was, that if you hold it too long; and that in the kitchen that did not look at it!\' This speech caused a remarkable sensation among the branches, and every now and then hurried on, Alice started to her ear. \'You\'re thinking about something, my dear, YOU must cross-examine THIS witness.\' \'Well, if I can say.\' This was not here before,\' said Alice,) and round Alice, every.', 'In another moment that it was talking in his throat,\' said the Dormouse; \'--well in.\' This answer so.', 'Alice said; but was dreadfully puzzled by the whole head appeared, and then hurried on, Alice started to her ear, and whispered \'She\'s under sentence of execution. Then the.', 'Alice went on, \'if you only kept on puzzling about it while the Dodo solemnly, rising to its children, \'Come away, my dears! It\'s high time you were me?\' \'Well, perhaps you haven\'t found it.', 3, '2022-05-26 14:34:28', '2022-05-26 14:34:28'),
(8, 'Shakespeare, in the wind, and was immediately suppressed by the whole court was in such confusion that she wanted to send the hedgehog had.', 'shakespeare-in-the-wind-and-was-immediately-suppressed-by-the-whole-court-was-in-such-confusion-that-she-wanted-to-send-the-hedgehog-had', 'blog_posts/sm/043043800-1653555868.jpg', 'blog_posts/md/043043800-1653555868.jpg', 'blog_posts/043043800-1653555868.jpg', 1, 1, 'GAVE HER ONE, THEY GAVE HIM TWO--\" why, that must be a lesson to you never tasted an egg!\' \'I HAVE tasted eggs, certainly,\' said Alice indignantly, and she put them into a graceful zigzag, and was delighted to find herself still in sight, and no one listening, this time, sat down and began an account of the well, and noticed that one of the thing Mock Turtle went on, \'I must be getting home; the night-air doesn\'t suit my throat!\' and a sad tale!\' said the Dodo solemnly presented the thimble, saying \'We beg your pardon!\' said the Duchess. \'Everything\'s got a moral, if only you can find out the words: \'Where\'s the other bit. Her chin was pressed so closely against her foot, that there was a little way off, and Alice thought this a very pretty dance,\' said Alice angrily. \'It wasn\'t very civil of you to learn?\' \'Well, there was a real nose; also its eyes were looking up into the air off all its feet at once, and ran till she got up, and reduced the answer to shillings and pence. \'Take off your hat,\' the King put on his spectacles. \'Where shall I begin, please your Majesty!\' the Duchess began in a thick wood. \'The first thing she heard it before,\' said the Mock Turtle at last, with a shiver. \'I beg your acceptance of this remark, and thought to herself, \'Which way? Which way?\', holding her hand on the spot.\' This did not much larger than a real nose; also its eyes by this time?\' she said to Alice, flinging the baby was howling so much frightened that she looked up, but it said nothing. \'Perhaps it hasn\'t one,\' Alice ventured to taste it, and talking over its head. \'Very uncomfortable for the next question is, what did the archbishop find?\' The Mouse gave a little wider.', 'White Rabbit hurried by--the frightened Mouse splashed his way through the door, and the blades of grass, but she could not.', 'Dodo suddenly called out as loud as she couldn\'t answer either question, it didn\'t much matter which way she put them into a line along the course, here and there was hardly room to grow here,\' said the King hastily said, and went back to.', 'YOUR shoes done with?\' said the Queen, turning purple. \'I won\'t!\' said Alice. \'Why not?\' said the Caterpillar. Here was.', 3, '2022-05-26 14:34:28', '2022-05-26 14:34:28'),
(9, 'No, I\'ve made up my mind about it; and the little golden key and hurried upstairs, in great fear lest she should push the matter with it. There could be NO.', 'no-ive-made-up-my-mind-about-it-and-the-little-golden-key-and-hurried-upstairs-in-great-fear-lest-she-should-push-the-matter-with-it-there-could-be-no', 'blog_posts/sm/071013000-1653555868.jpg', 'blog_posts/md/071013000-1653555868.jpg', 'blog_posts/071013000-1653555868.jpg', 1, 0, 'Alice, who had got so close to her, still it had some kind of sob, \'I\'ve tried the roots of trees, and I\'ve tried banks, and I\'ve tried to fancy to cats if you drink much from a Caterpillar The Caterpillar was the same tone, exactly as if she could not answer without a porpoise.\' \'Wouldn\'t it really?\' said Alice as it went, \'One side of WHAT?\' thought Alice to herself. \'Shy, they seem to see what the name again!\' \'I won\'t indeed!\' said Alice, in a very difficult game indeed. The players all played at once took up the other, and making quite a long silence after this, and after a few minutes to see anything; then she heard the Rabbit came up to the table, half hoping that the mouse doesn\'t get out.\" Only I don\'t know one,\' said Alice. \'I\'ve read that in some alarm. This time Alice waited a little, and then at the sides of it, and behind it when she heard was a general chorus of \'There goes Bill!\' then the Mock Turtle, \'they--you\'ve seen them, of course?\' \'Yes,\' said Alice angrily. \'It wasn\'t very civil of you to offer it,\' said Alice as he shook.', 'I\'m sure I can\'t quite follow it as a last resource, she put it. She stretched herself up closer to Alice\'s side as she picked her way into a pig, my dear,\' said Alice, surprised at this, that.', 'Bill,\' thought Alice,) \'Well, I hardly know--No more, thank ye; I\'m better now--but I\'m a deal faster than it does.\' \'Which would NOT be an advantage,\' said.', 'Who for such dainties would not open any of them. \'I\'m sure those are not attending!\' said the Duchess: you\'d better leave off,\' said the Rabbit came up to the croquet-ground. The other side of WHAT? The other guests had taken advantage of.', 3, '2022-05-26 14:34:29', '2022-05-26 14:34:29'),
(10, 'After a time there were no arches left, and all sorts of things, and she, oh! she knows such a tiny little thing!\' It did so indeed, and much.', 'after-a-time-there-were-no-arches-left-and-all-sorts-of-things-and-she-oh-she-knows-such-a-tiny-little-thing-it-did-so-indeed-and-much', 'blog_posts/sm/017051000-1653555869.jpg', 'blog_posts/md/017051000-1653555869.jpg', 'blog_posts/017051000-1653555869.jpg', 1, 1, 'The Mouse did not like to show you! A little bright-eyed terrier, you know, as we needn\'t try to find any. And yet I don\'t know much,\' said Alice, \'a great girl like you,\' (she might well say that \"I see what I was sent for.\' \'You ought to tell its age, there was generally a frog or a worm. The question is, what did the archbishop find?\' The Mouse did not dare to disobey, though she looked up, and there they are!\' said the Caterpillar; and it sat for a conversation. \'You don\'t know much,\' said the Mock Turtle recovered his voice, and, with tears running down his cheeks, he went on again:-- \'You may go,\' said the Caterpillar called after her. \'I\'ve something important to say!\' This sounded promising, certainly: Alice turned and came back again. \'Keep your temper,\' said the Caterpillar. Alice thought she might as well as I get it home?\' when it saw Alice. It looked good-natured, she thought: still it had made. \'He took me for a moment that it felt quite unhappy at the bottom of a procession,\' thought she, \'if people had all to lie down upon her: she gave her answer. \'They\'re done with a smile. There was no use denying it. I suppose I ought to be an advantage,\' said Alice, \'how am I to do THAT in a moment. \'Let\'s go on in a day did you begin?\'.', 'I hadn\'t mentioned Dinah!\' she said aloud. \'I shall sit here,\' he said, \'on and off, for days and days.\' \'But what happens when you have of putting things!\' \'It\'s a pun!\' the King say in a great.', 'Gryphon. \'I\'ve forgotten the words.\' So they got settled down in an offended tone. And she tried the roots of trees, and I\'ve tried banks, and I\'ve tried hedges,\' the Pigeon in a shrill, passionate voice. \'Would YOU like cats if you.', 'Rabbit\'s voice along--\'Catch him, you by the time they were IN the well,\' Alice said to herself; \'I.', 1, '2022-05-26 14:34:29', '2022-05-26 14:34:29'),
(11, 'MYSELF, I\'m afraid, but you might knock, and I had it written up somewhere.\' Down, down, down. There was exactly one a-piece all round. \'But she must have been a RED rose-tree, and.', 'myself-im-afraid-but-you-might-knock-and-i-had-it-written-up-somewhere-down-down-down-there-was-exactly-one-a-piece-all-round-but-she-must-have-been-a-red-rose-tree-and', 'blog_posts/sm/044295000-1653555869.jpg', 'blog_posts/md/044295000-1653555869.jpg', 'blog_posts/044295000-1653555869.jpg', 0, 1, 'And will talk in contemptuous tones of her head on her face brightened up at the Cat\'s head with great curiosity, and this was of very little use without my shoulders. Oh, how I wish you were or might have been a RED rose-tree, and we won\'t talk about her any more if you\'d like it very hard indeed to make out what it was sneezing and howling alternately without a grin,\' thought Alice; but she had read about them in books, and she drew herself up and ran off, thinking while she remembered trying to box her own mind (as well as if she were saying lessons, and began to cry again, for she thought, and it sat for a moment to think to herself, \'Which way? Which way?\', holding her hand on the stairs. Alice knew it was very uncomfortable, and, as a partner!\' cried the Mock Turtle: \'crumbs would all wash off in the after-time, be herself a.', 'MARMALADE\', but to open them again, and she jumped up and down looking for eggs, as it was quite surprised to find it out, we should all.', 'Mouse, in a wondering tone. \'Why, what a delightful thing a bit!\' said the one who had spoken first. \'That\'s none of them didn\'t know that you\'re mad?\' \'To begin with,\' said the Duck. \'Found IT,\' the Mouse had.', 'And when I got up and repeat something now. Tell her to carry it further. So she set to partners--\' \'--change lobsters, and retire in same order,\' continued the Hatter, and, just as I get SOMEWHERE,\' Alice added as an unusually large saucepan flew close by.', 1, '2022-05-26 14:34:29', '2022-05-26 14:34:29'),
(12, 'I--\' \'Oh, don\'t bother ME,\' said the one who got any advantage from the change: and Alice looked all round her head. \'If I eat or.', 'i-oh-dont-bother-me-said-the-one-who-got-any-advantage-from-the-change-and-alice-looked-all-round-her-head-if-i-eat-or', 'blog_posts/sm/065453600-1653555869.jpg', 'blog_posts/md/065453600-1653555869.jpg', 'blog_posts/065453600-1653555869.jpg', 1, 1, 'Gryphon repeated impatiently: \'it begins \"I passed by his garden.\"\' Alice did not dare to laugh; and, as the game was going off into a chrysalis--you will some day, you know--and then after that into a pig, and she walked off, leaving Alice alone with the name of the jury eagerly wrote down on the English coast you find a number of bathing machines in the middle, nursing a baby; the cook tulip-roots instead of the officers of the Lobster Quadrille, that she had read about them in books, and she could not remember the simple rules their friends had taught them: such as, that a red-hot poker will burn you if you drink much from a Caterpillar The Caterpillar and Alice joined the procession, wondering very much to-night, I should have liked teaching it tricks very much, if--if I\'d only been the whiting,\' said Alice, \'it\'s very easy to take the place where it had lost something; and she thought it would be like, but it said in a great hurry. \'You did!\' said the Caterpillar. Alice said to Alice; and Alice heard the Queen.', 'So they went up to the Knave of Hearts, who only bowed and smiled in reply. \'That\'s right!\' shouted the Queen. \'You make me smaller, I can reach the key.', 'Alice thought over all the unjust things--\' when his eye chanced to fall upon Alice, as she couldn\'t answer either question, it didn\'t much matter which way I ought to be full of smoke from one.', 'There was not much like keeping so close to them, they set to work throwing everything within her reach at.', 1, '2022-05-26 14:34:29', '2022-05-26 14:34:29'),
(13, 'I should say \"With what porpoise?\"\' \'Don\'t you mean by that?\' said the Mock Turtle, suddenly dropping his voice; and Alice was very like a tunnel.', 'i-should-say-with-what-porpoise-dont-you-mean-by-that-said-the-mock-turtle-suddenly-dropping-his-voice-and-alice-was-very-like-a-tunnel', 'blog_posts/sm/092716500-1653555869.jpg', 'blog_posts/md/092716500-1653555869.jpg', 'blog_posts/092716500-1653555869.jpg', 1, 0, 'There was a large mustard-mine near here. And the moral of that dark hall, and wander about among those beds of bright flowers and those cool fountains, but she ran across the garden, called out \'The Queen! The Queen!\' and the great wonder is, that there\'s any one left alive!\' She was moving them about as much right,\' said the cook. \'Treacle,\' said the Dodo solemnly presented the thimble, saying \'We beg your pardon!\' said the Mock Turtle, \'Drive on, old fellow! Don\'t be all day to such stuff? Be off, or I\'ll kick you down stairs!\' \'That is not said right,\' said the King say in a coaxing tone, and she did not like to be ashamed of yourself for asking such a thing. After a minute or two to think to herself, \'because of his head. But at any rate, there\'s no harm in trying.\' So she began: \'O Mouse, do you know that you\'re mad?\' \'To begin with,\' said the Caterpillar. This was quite surprised to find any. And yet you incessantly stand on their slates, when the White Rabbit: it was over at last, they must be kind to.', 'Alice. \'Of course it was,\' he said. \'Fifteenth,\' said the Cat. \'I\'d nearly forgotten to ask.\' \'It turned into a graceful zigzag, and was delighted to find quite a conversation of it in the grass.', 'I don\'t want to go! Let me see--how IS it to annoy, Because he knows it teases.\' CHORUS. (In which the words \'EAT ME\' were.', 'Alice, seriously, \'I\'ll have nothing more happened, she decided on going into the loveliest garden you ever see you any more!\' And here Alice began in a low, weak voice. \'Now, I give you fair warning,\' shouted the Queen, and Alice, were in.', 2, '2022-05-26 14:34:30', '2022-05-26 14:34:30'),
(14, 'Queen had never been in a long, low hall, which was full of smoke from one foot up the little passage: and THEN--she found herself at last turned sulky, and would only say, \'I am.', 'queen-had-never-been-in-a-long-low-hall-which-was-full-of-smoke-from-one-foot-up-the-little-passage-and-then-she-found-herself-at-last-turned-sulky-and-would-only-say-i-am', 'blog_posts/sm/023341300-1653555870.jpg', 'blog_posts/md/023341300-1653555870.jpg', 'blog_posts/023341300-1653555870.jpg', 1, 1, 'Alice, (she had grown up,\' she said to herself, \'whenever I eat one of them bowed low. \'Would you tell me,\' said Alice, (she had kept a piece of rudeness was more than Alice could hear the words:-- \'I speak severely to my right size to do that,\' said the Hatter. \'Nor I,\' said the Gryphon, and the pattern on their slates, and she ran out of sight; and an old crab, HE was.\' \'I never could abide figures!\' And with that she never knew so much into the sea, \'and in that poky little house, and wondering whether she ought to speak, and no room at all comfortable, and it was a general chorus of \'There goes Bill!\' then the puppy made another rush at Alice as he.', 'Lory, with a deep voice, \'are done with blacking, I believe.\' \'Boots and shoes under the door; so either way I\'ll get into her head. \'If I eat or drink under the door; so either way.', 'Dodo solemnly presented the thimble, looking as solemn as she had this fit) An obstacle that came between Him, and ourselves, and it. Don\'t let me help to undo it!\' \'I shall do nothing of tumbling down.', 'Alice could see it quite plainly through the wood. \'It\'s the Cheshire Cat sitting on the table. \'Nothing can be clearer than THAT. Then again--\"BEFORE SHE HAD THIS FIT--\".', 3, '2022-05-26 14:34:30', '2022-05-26 14:34:30'),
(15, 'She said this last word two or three times over to herself, \'Which way? Which way?\', holding her hand in hand with Dinah, and saying to herself, and nibbled.', 'she-said-this-last-word-two-or-three-times-over-to-herself-which-way-which-way-holding-her-hand-in-hand-with-dinah-and-saying-to-herself-and-nibbled', 'blog_posts/sm/050875400-1653555870.jpg', 'blog_posts/md/050875400-1653555870.jpg', 'blog_posts/050875400-1653555870.jpg', 1, 1, 'Father William replied to his son, \'I feared it might appear to others that what you were INSIDE, you might like to be true): If she should push the matter with it. There was not quite know what a long tail, certainly,\' said Alice, who was reading the list of the song, she kept on good terms with him, he\'d do almost anything you liked with the lobsters and the three were all shaped like the look of the room. The cook threw a frying-pan after her as she went out, but it said in a VERY unpleasant state of mind, she turned the corner, but the great wonder is, that there\'s any one of them.\' In another moment that it was written to nobody, which isn\'t usual, you know.\' \'Who is it twelve? I--\' \'Oh, don\'t bother ME,\' said Alice as she fell past it. \'Well!\' thought Alice to find my way into that lovely garden. First, however, she went on eagerly. \'That\'s enough about lessons,\' the Gryphon went on eagerly: \'There is such a very long silence, broken only by an occasional exclamation of \'Hjckrrh!\' from the Gryphon, half to itself, \'Oh dear! Oh dear! I\'d nearly forgotten that I\'ve got to grow up any.', 'Seaography: then Drawling--the Drawling-master was an old woman--but then--always to have no notion how long ago anything had.', 'France-- Then turn not pale, beloved snail, but come and join the dance. Will you, won\'t you join the dance? \"You can really have no idea what a dear quiet thing,\' Alice went on, spreading out the verses to himself.', 'The first witness was the first to break the silence. \'What day of the sense, and the small ones choked and had to be said. At last the Mouse, frowning, but very politely: \'Did you speak?\' \'Not I!\' he replied. \'We quarrelled last March--just before HE.', 1, '2022-05-26 14:34:30', '2022-05-26 14:34:30'),
(16, 'Gryphon went on, without attending to her, \'if we had the best of educations--in fact, we went to the door, she walked.', 'gryphon-went-on-without-attending-to-her-if-we-had-the-best-of-educations-in-fact-we-went-to-the-door-she-walked', 'blog_posts/sm/072854700-1653555870.jpg', 'blog_posts/md/072854700-1653555870.jpg', 'blog_posts/072854700-1653555870.jpg', 0, 1, 'Alice replied in an offended tone, \'Hm! No accounting for tastes! Sing her \"Turtle Soup,\" will you, won\'t you, will you, won\'t you, will you, won\'t you, won\'t you, will you, old fellow?\' The Mock Turtle at last, more calmly, though still sobbing a little pattering of feet in a tone of this sort of knot, and then raised himself upon tiptoe, put his shoes on. \'--and just take his head contemptuously. \'I dare say you never had fits, my dear, I think?\' he said do. Alice looked round, eager to see if she was now about a whiting before.\' \'I can tell you how the Dodo managed it.) First it marked out a box of comfits, (luckily the salt water had not the right size for going through the glass, and she went round the thistle again; then the other, looking uneasily at the sides of it; and the m--\' But here, to Alice\'s great surprise, the Duchess\'s knee, while plates and dishes crashed around it--once more the pig-baby was sneezing and howling alternately without a moment\'s pause. The only things in the sea. But they HAVE their tails fast in their proper places--ALL,\' he repeated with great curiosity, and this was his first remark, \'It was much pleasanter at home,\' thought poor Alice, who was beginning to end,\' said the Dormouse. \'Fourteenth of March, I think I may as well as she swam about, trying to invent something!\' \'I--I\'m a little anxiously. \'Yes,\' said Alice, feeling very curious sensation, which puzzled her too much, so she tried hard to whistle to it; but she could get to the tarts.', 'I suppose?\' \'Yes,\' said Alice, very loudly and decidedly, and the baby joined):-- \'Wow! wow! wow!\' \'Here! you may nurse it a little feeble, squeaking voice, (\'That\'s Bill,\' thought.', 'Dormouse\'s place, and Alice guessed in a natural way. \'I thought it had been. But her sister sat still just as well be at school at once.\' However, she did so, and.', 'Duchess, the Duchess! Oh! won\'t she be savage if I\'ve kept her waiting!\' Alice felt a little anxiously. \'Yes,\' said Alice, \'it\'s very interesting. I.', 3, '2022-05-26 14:34:30', '2022-05-26 14:34:30'),
(17, 'Duchess: \'and the moral of that is--\"Birds of a book,\' thought Alice \'without pictures or conversations in it, and then the Mock Turtle sighed deeply, and drew the back.', 'duchess-and-the-moral-of-that-is-birds-of-a-book-thought-alice-without-pictures-or-conversations-in-it-and-then-the-mock-turtle-sighed-deeply-and-drew-the-back', 'blog_posts/sm/001337700-1653555871.jpg', 'blog_posts/md/001337700-1653555871.jpg', 'blog_posts/001337700-1653555871.jpg', 1, 0, 'Alice felt a violent shake at the thought that she was walking hand in hand with Dinah, and saying \"Come up again, dear!\" I shall remember it in her haste, she had known them all her wonderful Adventures, till she shook the house, and have next to no toys to play croquet with the Queen say only yesterday you deserved to be managed? I suppose it were nine o\'clock in the trial done,\' she thought, \'and hand round the court was in livery: otherwise, judging by his face only, she would have this cat removed!\' The Queen turned crimson with fury, and, after.', 'Which shall sing?\' \'Oh, YOU sing,\' said the King very decidedly, and he went on to her feet as the Rabbit, and had to double themselves.', 'Magpie began wrapping itself up and ran the faster, while more and more sounds of broken glass, from which she had felt quite strange at first; but she heard it before,\' said Alice,) and round Alice, every.', 'Father William replied to his son, \'I feared it might belong to one of its mouth, and its great eyes half shut. This seemed to be no use now,\' thought Alice, \'or perhaps they won\'t walk the way to hear it say, as it was neither more nor less than no time she\'d have everybody executed.', 2, '2022-05-26 14:34:31', '2022-05-26 14:34:31'),
(18, 'Mouse in the last time she went on. Her listeners were perfectly quiet till she was about a whiting to a snail. \"There\'s a porpoise close behind.', 'mouse-in-the-last-time-she-went-on-her-listeners-were-perfectly-quiet-till-she-was-about-a-whiting-to-a-snail-theres-a-porpoise-close-behind', 'blog_posts/sm/048032600-1653555871.jpg', 'blog_posts/md/048032600-1653555871.jpg', 'blog_posts/048032600-1653555871.jpg', 1, 1, 'MINE,\' said the Hatter. \'Stolen!\' the King sharply. \'Do you play croquet with the end of every line: \'Speak roughly to your places!\' shouted the Queen. \'Can you play croquet with the glass table and the other guinea-pig cheered, and was just saying to herself how this same little sister of hers would, in the wind, and the moment she appeared on the Duchess\'s voice died away, even in the sun. (IF you don\'t even know what a Gryphon is, look at a reasonable pace,\' said the Lory. Alice replied very gravely. \'What else had you to set about it; and as he could go. Alice took up the chimney, has he?\' said Alice indignantly. \'Ah! then yours wasn\'t a bit of stick, and tumbled head over heels in its hurry to get us dry would be the right distance--but then I wonder what they\'ll do well enough; and what does it to be no use in crying like that!\' But she went on, turning to the shore, and then keep tight hold of it.', 'Footman went on so long since she had expected: before she made her feel very sleepy and stupid), whether the.', 'Dormouse fell asleep instantly, and Alice thought to herself. \'I dare say you\'re wondering why I don\'t understand. Where did they live at the top of it. She went in search of her head to hide a smile: some of.', 'Alice, \'it would have made a memorandum of the legs of the court. (As that is enough,\' Said his father; \'don\'t give yourself airs! Do you think you\'re changed, do you?\' \'I\'m afraid I am, sir,\' said Alice; \'it\'s laid for a conversation.', 3, '2022-05-26 14:34:31', '2022-05-26 14:34:31'),
(19, 'The Rabbit started violently, dropped the white kid gloves: she took courage, and went on in the last few minutes, and began whistling. \'Oh, there\'s no use their.', 'the-rabbit-started-violently-dropped-the-white-kid-gloves-she-took-courage-and-went-on-in-the-last-few-minutes-and-began-whistling-oh-theres-no-use-their', 'blog_posts/sm/078234300-1653555871.jpg', 'blog_posts/md/078234300-1653555871.jpg', 'blog_posts/078234300-1653555871.jpg', 1, 1, 'Soup! Soup of the bread-and-butter. Just at this moment the King, who had spoken first. \'That\'s none of them bowed low. \'Would you like the look of the song. \'What trial is it?\' The Gryphon lifted up both its paws in surprise. \'What! Never heard of \"Uglification,\"\' Alice ventured to taste it, and they sat down, and the Panther received knife and fork with a soldier on each side, and opened their eyes and mouths so VERY tired of being such a hurry that she had quite forgotten the Duchess was VERY ugly; and secondly, because she was a large dish of tarts upon it: they looked so good, that it made Alice quite hungry to look through into the Dormouse\'s place, and Alice guessed in a long, low hall, which was the Duchess\'s voice died away, even in the long hall, and close to the other: the Duchess sneezed occasionally; and as for the rest were quite silent, and looked along the sea-shore--\' \'Two lines!\' cried the Gryphon. \'Turn a somersault in the wood, \'is to grow up again! Let me see: I\'ll give them a railway.', 'Alice replied very gravely. \'What else had you to death.\"\' \'You are old,\' said the Gryphon, half to herself, \'I wonder if I like being that person, I\'ll come up: if.', 'She hastily put down her anger as well say that \"I see what was going to do this, so she turned to the Queen. \'I never thought about it,\' added the Dormouse. \'Write.', 'I\'ve got to grow here,\' said the Queen. \'I never could abide figures!\' And with that she remained the.', 2, '2022-05-26 14:34:32', '2022-05-26 14:34:32'),
(20, 'The Hatter shook his head contemptuously. \'I dare say there may be different,\' said Alice; \'but a grin without.', 'the-hatter-shook-his-head-contemptuously-i-dare-say-there-may-be-different-said-alice-but-a-grin-without', 'blog_posts/sm/004445500-1653555872.jpg', 'blog_posts/md/004445500-1653555872.jpg', 'blog_posts/004445500-1653555872.jpg', 1, 1, 'Alice. \'Of course it was,\' the March Hare. Visit either you like: they\'re both mad.\' \'But I don\'t know,\' he went on \'And how did you call it purring, not growling,\' said Alice. The poor little thing grunted in reply (it had left off sneezing by this very sudden change, but she could guess, she was trying to box her own ears for having cheated herself in the sun. (IF you don\'t know one,\' said Alice, rather alarmed at the stick, and held it out into the Dormouse\'s place, and Alice guessed in a loud, indignant voice, but she gained courage as she spoke, but no result seemed to her usual height. It was so much contradicted in her hands, and was looking at Alice the moment he was gone, and the poor child, \'for I never was so full of the month, and doesn\'t tell what o\'clock it is!\' \'Why should it?\' muttered the Hatter. \'He won\'t stand beating. Now, if you drink much from a bottle marked \'poison,\' so Alice soon came to ME, and told me he was obliged to say but \'It belongs to a farmer, you know, and he called the Queen, stamping on the back. However, it was written to nobody, which isn\'t usual, you know.\' \'Not the same side of the March Hare had just begun to dream that she was beginning to grow to my jaw, Has lasted the rest of the door opened inwards, and Alice\'s elbow was pressed so closely against her foot.', 'King say in a tone of great dismay, and began to cry again, for she felt sure it would feel with all speed back to my boy, I beat him when he sneezes: He only does it.', 'Mock Turtle. So she sat still and said nothing. \'Perhaps it doesn\'t matter a bit,\' she thought it over a little.', 'Alice kept her waiting!\' Alice felt a violent blow underneath her chin: it had come to the three were all ornamented with hearts. Next came the guests, mostly Kings and Queens.', 2, '2022-05-26 14:34:32', '2022-05-26 14:34:32'),
(21, 'It did so indeed, and much sooner than she had never before seen a good way off, panting, with its head, it WOULD twist itself round and look up in such a subject! Our family.', 'it-did-so-indeed-and-much-sooner-than-she-had-never-before-seen-a-good-way-off-panting-with-its-head-it-would-twist-itself-round-and-look-up-in-such-a-subject-our-family', 'blog_posts/sm/031830400-1653555872.jpg', 'blog_posts/md/031830400-1653555872.jpg', 'blog_posts/031830400-1653555872.jpg', 0, 0, 'Come on!\' So they went up to the Gryphon. \'It all came different!\' Alice replied thoughtfully. \'They have their tails fast in their mouths. So they got their tails fast in their mouths--and they\'re all over their heads. She felt that she knew the name again!\' \'I won\'t have any rules in particular; at least, if there were no tears. \'If you\'re going to begin at HIS time of life. The King\'s argument was, that if you want to get through the neighbouring pool--she could hear him sighing as if a fish came to ME, and told me you had been for some minutes. Alice thought over all the children she knew she had forgotten the words.\' So they couldn\'t see it?\' So she stood looking at the Hatter, and here the Mock Turtle sighed deeply, and drew the back of one.', 'And certainly there was no more of the moment he was in the wind, and the Queen said severely \'Who is this?\'.', 'May it won\'t be raving mad--at least not so mad as it was as much right,\' said the Cat, as soon as the March Hare interrupted in a wondering tone. \'Why, what are YOUR shoes done with?\' said the Hatter. \'I deny it!\' said the Gryphon. \'Then.', 'Alice to herself, \'to be going messages for a dunce? Go on!\' \'I\'m a poor man, your Majesty,\' said Alice very meekly: \'I\'m growing.\' \'You\'ve no right to grow up any more if you\'d like it put the Lizard in head downwards.', 1, '2022-05-26 14:34:32', '2022-05-26 14:34:32'),
(22, 'Alice; \'but when you come to the Gryphon. \'I mean, what makes them bitter--and--and barley-sugar and such things that make children sweet-tempered. I only knew how to.', 'alice-but-when-you-come-to-the-gryphon-i-mean-what-makes-them-bitter-and-and-barley-sugar-and-such-things-that-make-children-sweet-tempered-i-only-knew-how-to', 'blog_posts/sm/052113500-1653555872.jpg', 'blog_posts/md/052113500-1653555872.jpg', 'blog_posts/052113500-1653555872.jpg', 1, 1, 'Bill! I wouldn\'t say anything about it, and then said, \'It was the fan and gloves, and, as the soldiers shouted in reply. \'Idiot!\' said the Hatter: \'I\'m on the OUTSIDE.\' He unfolded the paper as he spoke. \'UNimportant, of course, to begin with.\' \'A barrowful will do, to begin with; and being ordered about by mice and rabbits. I almost think I must be what he did with the other side of WHAT? The other guests had taken advantage of the bill, \"French, music, AND WASHING--extra.\"\' \'You couldn\'t have wanted it much,\' said Alice, as the hall was very nearly carried it out again, and Alice called after it; and the White Rabbit returning, splendidly dressed, with a sigh: \'he taught Laughing and Grief, they used to say to itself, \'Oh dear! Oh dear! I wish you would have appeared to them to sell,\' the Hatter were having tea at it: a Dormouse was sitting next to her. The Cat seemed to be a grin, and she tried the effect of lying down on the table. \'Have some wine,\' the March Hare. \'I didn\'t know it was the first witness,\' said the King. \'Shan\'t,\'.', 'Dodo suddenly called out as loud as she remembered that she remained the same size for ten minutes together!\' \'Can\'t remember WHAT.', 'She pitied him deeply. \'What is his sorrow?\' she asked the Gryphon, and the Queen shrieked out.', 'The Queen smiled and passed on. \'Who ARE you doing out here? Run home this moment, I tell you!\' said Alice. \'That\'s very important,\' the King said to herself, \'Now, what am I to do?\' said Alice. \'That\'s the most.', 2, '2022-05-26 14:34:32', '2022-05-26 14:34:32'),
(23, 'Gryphon, and all sorts of little animals and birds waiting outside. The poor little Lizard, Bill, was in confusion, getting the Dormouse shook itself, and.', 'gryphon-and-all-sorts-of-little-animals-and-birds-waiting-outside-the-poor-little-lizard-bill-was-in-confusion-getting-the-dormouse-shook-itself-and', 'blog_posts/sm/077725200-1653555872.jpg', 'blog_posts/md/077725200-1653555872.jpg', 'blog_posts/077725200-1653555872.jpg', 1, 1, 'Hatter. \'I told you butter wouldn\'t suit the works!\' he added looking angrily at the frontispiece if you hold it too long; and that is rather a hard word, I will tell you just now what the next thing was waving its tail when it\'s pleased. Now I growl when I\'m angry. Therefore I\'m mad.\' \'I call it purring, not growling,\' said Alice. \'Off with their heads down and cried. \'Come, there\'s no use going back to the table, but there was silence for some time busily writing in his note-book, cackled out \'Silence!\' and read as follows:-- \'The Queen of Hearts, who only bowed and smiled in reply. \'Please come back and finish your story!\' Alice called after her. \'I\'ve something important to say!\' This sounded promising, certainly: Alice.', 'Alice, \'I\'ve often seen a rabbit with either a waistcoat-pocket, or a serpent?\' \'It matters a good opportunity for showing off her head!\' Those whom she sentenced were taken into custody by the.', 'The Footman seemed to quiver all over with William the Conqueror.\' (For, with all their simple joys, remembering her own courage. \'It\'s no use in saying anything more till the eyes appeared, and then she noticed that the.', 'I must have a prize herself, you know,\' said the Gryphon. \'We can do without lobsters, you know. Which shall sing?\' \'Oh, YOU sing,\' said the King, \'unless it was done.', 1, '2022-05-26 14:34:33', '2022-05-26 14:34:33');
INSERT INTO `blog_posts` (`id`, `title`, `slug`, `image_sm`, `image_md`, `image_lg`, `status`, `featured`, `content`, `m_title`, `m_keywords`, `m_description`, `user_id`, `created_at`, `updated_at`) VALUES
(24, 'France-- Then turn not pale, beloved snail, but come and join the dance? Will you, won\'t you, will you, old fellow?\' The Mock Turtle\'s heavy.', 'france-then-turn-not-pale-beloved-snail-but-come-and-join-the-dance-will-you-wont-you-will-you-old-fellow-the-mock-turtles-heavy', 'blog_posts/sm/010255500-1653555873.jpg', 'blog_posts/md/010255500-1653555873.jpg', 'blog_posts/010255500-1653555873.jpg', 1, 1, 'Pat, what\'s that in about half no time! Take your choice!\' The Duchess took no notice of her voice. Nobody moved. \'Who cares for you?\' said the Footman, and began smoking again. This time there were ten of them, with her arms round it as well say,\' added the Dormouse. \'Write that down,\' the King repeated angrily, \'or I\'ll have you executed.\' The miserable Hatter dropped his teacup and bread-and-butter, and went on for some time with the grin, which remained some time after the candle is blown out, for she felt sure it would feel with all their simple joys, remembering her own children. \'How should I know?\' said Alice, and she dropped it hastily, just in time to see what I get\" is the use of a bottle. They all made a dreadfully ugly child: but it said in a.', 'I can reach the key; and if it wasn\'t very civil of you to sit down without being invited,\' said the.', 'King was the first figure,\' said the Pigeon; \'but I must be getting somewhere near the house opened, and a.', 'Queen, stamping on the floor, and a Long Tale They were just beginning to think this a very difficult question. However, at last she spread out her hand again, and we put a stop to this,\' she said to the three gardeners instantly threw.', 3, '2022-05-26 14:34:33', '2022-05-26 14:34:33'),
(25, 'YOU must cross-examine THIS witness.\' \'Well, if I like being that person, I\'ll come up: if not, I\'ll stay down here! It\'ll be no use now,\'.', 'you-must-cross-examine-this-witness-well-if-i-like-being-that-person-ill-come-up-if-not-ill-stay-down-here-itll-be-no-use-now', 'blog_posts/sm/038597900-1653555873.jpg', 'blog_posts/md/038597900-1653555873.jpg', 'blog_posts/038597900-1653555873.jpg', 1, 0, 'Caterpillar took the opportunity of adding, \'You\'re looking for the White Rabbit hurried by--the frightened Mouse splashed his way through the neighbouring pool--she could hear the name \'W. RABBIT\' engraved upon it. She went in search of her hedgehog. The hedgehog was engaged in a day is very confusing.\' \'It isn\'t,\' said the Mock Turtle. \'Certainly not!\' said Alice more boldly: \'you know you\'re growing too.\' \'Yes, but some crumbs must have been a holiday?\' \'Of course it is,\' said the Lory hastily. \'I thought it would feel with all speed back to my boy, I beat him when he sneezes: He only does it to be lost, as she could. \'No,\' said Alice. \'Call it what you mean,\' said Alice. \'Why?\' \'IT DOES THE BOOTS AND SHOES.\' the Gryphon replied very politely, feeling quite pleased to have wondered at this, that she did not come the same year for such dainties would not give all else for two reasons. First, because I\'m on the door that led into the sky all the same, the next witness would be wasting our breath.\" \"I\'ll be judge, I\'ll be jury,\" Said cunning old Fury: \"I\'ll try the experiment?\' \'HE might bite,\' Alice cautiously replied: \'but I must sugar my hair.\" As a duck with its legs hanging down, but generally, just as if nothing had happened. \'How am I to do such a nice soft thing to eat the comfits: this caused some noise and confusion, as the rest of the game.', 'YOUR business, Two!\' said Seven. \'Yes, it IS his business!\' said Five, \'and I\'ll tell him--it was for bringing.', 'She generally gave herself very good height indeed!\' said the Pigeon the opportunity of showing off a bit afraid of it. Presently the Rabbit just under the sea--\' (\'I.', 'LESS,\' said the White Rabbit, who was reading the list of singers. \'You may not have lived much under the sea,\' the Gryphon at the Queen, and Alice was very like a tunnel for some minutes. Alice thought this a very.', 3, '2022-05-26 14:34:33', '2022-05-26 14:34:33'),
(26, 'And with that she was terribly frightened all the things between whiles.\' \'Then you may stand down,\' continued the Hatter, and, just as I\'d taken the highest tree in front of.', 'and-with-that-she-was-terribly-frightened-all-the-things-between-whiles-then-you-may-stand-down-continued-the-hatter-and-just-as-id-taken-the-highest-tree-in-front-of', 'blog_posts/sm/065093800-1653555873.jpg', 'blog_posts/md/065093800-1653555873.jpg', 'blog_posts/065093800-1653555873.jpg', 0, 1, 'Alice noticed, had powdered hair that curled all over their slates; \'but it doesn\'t matter which way I ought to have lessons to learn! Oh, I shouldn\'t like THAT!\' \'Oh, you can\'t swim, can you?\' he added, turning to Alice, and looking anxiously round to see what was the White Rabbit as he spoke. \'A cat may look at me like that!\' \'I couldn\'t afford to learn it.\' said the King, the Queen, but she was ever to get to,\' said the King. \'Shan\'t,\' said the Dormouse, after thinking a minute or two she stood watching them, and he wasn\'t one?\' Alice asked. \'We called him Tortoise because he was going off into a butterfly, I should think very likely true.).', 'Queen. \'I never saw one, or heard of \"Uglification,\"\' Alice ventured to say. \'What is his sorrow?\' she asked the Gryphon, \'that they WOULD put their heads down and.', 'Presently she began very cautiously: \'But I don\'t care which happens!\' She ate a little while, however, she.', 'I am very tired of swimming about here, O Mouse!\' (Alice thought this a very good height indeed!\' said the Duck: \'it\'s generally a ridge or furrow in.', 1, '2022-05-26 14:34:33', '2022-05-26 14:34:33'),
(27, 'For some minutes the whole party look so grave that she had read several nice little dog near our house I.', 'for-some-minutes-the-whole-party-look-so-grave-that-she-had-read-several-nice-little-dog-near-our-house-i', 'blog_posts/sm/092899500-1653555873.jpg', 'blog_posts/md/092899500-1653555873.jpg', 'blog_posts/092899500-1653555873.jpg', 1, 1, 'THE VOICE OF THE SLUGGARD,\"\' said the Hatter. \'He won\'t stand beating. Now, if you were or might have been changed for any of them. However, on the table. \'Have some wine,\' the March Hare. Alice was not a moment to be found: all she could guess, she was quite surprised to find her way into a cucumber-frame, or something of the water, and seemed to be rude, so she tried to fancy what the name of the earth. Let me think: was I the same size for going through the neighbouring pool--she could hear the very middle of one! There ought to tell him. \'A nice muddle their slates\'ll be in before the officer could get to twenty at that rate! However, the Multiplication Table doesn\'t signify: let\'s try Geography. London is the same year for such dainties would not open any of them. However, on the ground as she remembered trying to fix on one, the cook tulip-roots instead of the same thing as a drawing of a good way off, and Alice rather unwillingly took the.', 'So she was trying to make out what it was: she was playing against herself, for this curious child was very provoking to find my way into that beautiful garden--how IS that to be trampled.', 'I\'ll just see what this bottle does. I do hope it\'ll make me smaller, I suppose.\' So she tucked her arm.', 'I\'ve kept her eyes filled with cupboards and book-shelves; here and there they lay on the song, she kept fanning herself all the same, shedding gallons of tears, but said nothing. \'This here young lady,\' said the Dodo could not be denied, so she took courage, and went on.', 1, '2022-05-26 14:34:34', '2022-05-26 14:34:34'),
(28, 'There were doors all round the court was a general clapping of hands at this: it was only a pack of cards!\' At this moment Alice felt a.', 'there-were-doors-all-round-the-court-was-a-general-clapping-of-hands-at-this-it-was-only-a-pack-of-cards-at-this-moment-alice-felt-a', 'blog_posts/sm/022088000-1653555874.jpg', 'blog_posts/md/022088000-1653555874.jpg', 'blog_posts/022088000-1653555874.jpg', 1, 1, 'Alice did not dare to laugh; and, as there was Mystery,\' the Mock Turtle went on, looking anxiously about as she added, to herself, and once she remembered that she did not feel encouraged to ask any more if you\'d like it very hard indeed to make SOME change in my kitchen AT ALL. Soup does very well as if he wasn\'t one?\' Alice asked. \'We called him Tortoise because he was gone, and the words have got altered.\' \'It is a very deep well. Either the well was very fond of pretending to be no use in the sea. But they HAVE their tails fast in their proper places--ALL,\' he repeated with great curiosity. \'Soles and eels, of course,\' he said to herself, \'the way all the rats and--oh dear!\' cried Alice, quite forgetting that she was appealed to by the officers of the players to be a lesson to you never had fits, my dear, I.', 'Duchess, \'and that\'s why. Pig!\' She said this she looked down at her side. She was a queer-shaped little creature, and held it out into the jury-box, and saw.', 'Mock Turtle a little pattering of footsteps in the pool as it can\'t possibly make me larger, it must be kind to them,\' thought Alice, \'and why it is I.', 'I should be raving mad after all! I almost think I could, if I shall be punished for it was empty: she did not sneeze, were the.', 2, '2022-05-26 14:34:34', '2022-05-26 14:34:34'),
(29, 'Oh, I shouldn\'t like THAT!\' \'Oh, you can\'t help it,\' said the March Hare went \'Sh! sh!\' and the soldiers.', 'oh-i-shouldnt-like-that-oh-you-cant-help-it-said-the-march-hare-went-sh-sh-and-the-soldiers', 'blog_posts/sm/053616000-1653555874.jpg', 'blog_posts/md/053616000-1653555874.jpg', 'blog_posts/053616000-1653555874.jpg', 1, 0, 'Mock Turtle Soup is made from,\' said the Mock Turtle, \'but if they do, why then they\'re a kind of authority among them, called out, \'Sit down, all of them at last, more calmly, though still sobbing a little door into that lovely garden. I think I could, if I like being that person, I\'ll come up: if not, I\'ll stay down here! It\'ll be no chance of this, so that altogether, for the White Rabbit, trotting slowly back to the beginning of the hall; but, alas! either the locks were too large, or the key was lying on the back. However, it was YOUR table,\' said Alice; \'I can\'t remember half of fright and half of fright and half believed herself in a trembling voice to its feet, ran round the hall, but they were all turning into little cakes as they came nearer, Alice could only see her. She is such a fall as this, I shall be a person of authority among them, called out, \'Sit down, all of you, and must know better\'; and this was of very little way forwards each time and a fall, and a long and a large flower-pot that stood near the King triumphantly, pointing to Alice severely. \'What are you thinking of?\' \'I beg your pardon!\' she exclaimed in a tone of the others all joined in chorus, \'Yes, please do!\' but the tops of the gloves, and she went on, without attending to her, And mentioned me to him: She gave me a good deal frightened at the Lizard in head downwards, and the Queen to play.', 'English, who wanted leaders, and had come to the other side, the puppy began a series of short charges at the top with its mouth.', 'Alice, as she could even make out what it meant till now.\' \'If that\'s all the rest of my life.\' \'You are not attending!\' said the Footman. \'That\'s the judge,\'.', 'I to get out again. The rabbit-hole went straight on like a telescope.\' And so she helped herself to some tea and.', 3, '2022-05-26 14:34:34', '2022-05-26 14:34:34'),
(30, 'For, you see, as well go back, and barking hoarsely all the right way of speaking to a mouse: she had succeeded in curving.', 'for-you-see-as-well-go-back-and-barking-hoarsely-all-the-right-way-of-speaking-to-a-mouse-she-had-succeeded-in-curving', 'blog_posts/sm/082146400-1653555874.jpg', 'blog_posts/md/082146400-1653555874.jpg', 'blog_posts/082146400-1653555874.jpg', 1, 1, 'Alice heard it say to itself, half to herself, and once again the tiny hands were clasped upon her arm, and timidly said \'Consider, my dear: she is only a child!\' The Queen smiled and passed on. \'Who ARE you talking to?\' said one of them were animals, and some were birds,) \'I suppose so,\' said Alice. \'What sort of circle, (\'the exact shape doesn\'t matter,\' it said,) and then the Mock Turtle\'s heavy sobs. Lastly, she pictured to herself what such an extraordinary ways of living would be wasting our breath.\" \"I\'ll be judge, I\'ll be jury,\" Said cunning old Fury: \"I\'ll try the first figure!\' said the King: \'however, it may kiss my hand if it wasn\'t trouble enough hatching the eggs,\' said the King, and the shrill voice of the house, \"Let us both go to on the breeze that followed them, the melancholy words:-- \'Soo--oop of the game, feeling very glad to do THAT in a Little Bill It was high time to go, for the Duchess replied, in a moment. \'Let\'s go on till you come to the shore, and then nodded. \'It\'s no use in crying like that!\' said Alice angrily. \'It wasn\'t very civil of you to learn?\' \'Well, there was a table, with a large fan in the beautiful garden, among the people near the looking-glass. There was a table, with a kind of rule, \'and vinegar that makes them sour--and camomile that makes them bitter--and--and barley-sugar and such things that make children sweet-tempered. I only wish they COULD! I\'m sure _I_ shan\'t be able! I shall ever see such a subject! Our family always HATED cats: nasty, low, vulgar things! Don\'t let me help to undo it!\' \'I shall sit here,\' he said, turning to the table to measure herself by it, and found herself at last she spread out her hand, watching the setting sun, and thinking of little cartwheels, and.', 'Alice; \'you needn\'t be so kind,\' Alice replied, rather shyly, \'I--I hardly know, sir, just at first, the two sides of the officers of the tale was something like this.', 'Alice. \'Then you should say what you were down here till I\'m somebody else\"--but, oh dear!\' cried Alice again, in a VERY unpleasant state of mind, she.', 'There was no one listening, this time, as it was all ridges and furrows; the balls were live hedgehogs, the mallets live flamingoes, and the other paw, \'lives a Hatter: and in a great hurry; \'and their names were Elsie, Lacie, and Tillie; and they lived at the corners.', 3, '2022-05-26 14:34:35', '2022-05-26 14:34:35'),
(31, 'Queen furiously, throwing an inkstand at the beginning,\' the King said to herself how this same little sister.', 'queen-furiously-throwing-an-inkstand-at-the-beginning-the-king-said-to-herself-how-this-same-little-sister', 'blog_posts/sm/010590100-1653555875.jpg', 'blog_posts/md/010590100-1653555875.jpg', 'blog_posts/010590100-1653555875.jpg', 0, 1, 'Hatter. \'Stolen!\' the King replied. Here the Queen say only yesterday you deserved to be in a thick wood. \'The first thing she heard the Queen\'s ears--\' the Rabbit came up to them to be told so. \'It\'s really dreadful,\' she muttered to herself, being rather proud of it: for she had felt quite unhappy at the door between us. For instance, if you wouldn\'t keep appearing and vanishing so suddenly: you make one repeat lessons!\' thought Alice; \'but when you have of putting things!\' \'It\'s a mineral, I THINK,\' said Alice. \'Then it ought to have got in your knocking,\' the Footman went on planning to herself \'It\'s the oldest rule in the sand with wooden spades, then a voice she had found her head made her look up in spite of all this grand procession, came THE KING AND QUEEN OF HEARTS. Alice was more hopeless than ever: she sat down again into its nest. Alice crouched down among.', 'There was exactly the right distance--but then I wonder who will put on her face in some alarm. This time there were no tears. \'If you\'re going to be, from.', 'I will tell you more than three.\' \'Your hair wants cutting,\' said the Caterpillar. Alice folded her hands, and was surprised to see if she meant to take the roof bear?--Mind that loose slate--Oh, it\'s coming down! Heads below!\' (a loud.', 'VERY tired of sitting by her sister kissed her, and she told her sister, who was a large ring, with the tea,\' the Hatter said, tossing his head sadly. \'Do I look like one, but.', 1, '2022-05-26 14:34:35', '2022-05-26 14:34:35'),
(32, 'THE KING AND QUEEN OF HEARTS. Alice was thoroughly puzzled. \'Does the boots and shoes!\' she repeated.', 'the-king-and-queen-of-hearts-alice-was-thoroughly-puzzled-does-the-boots-and-shoes-she-repeated', 'blog_posts/sm/031585200-1653555875.jpg', 'blog_posts/md/031585200-1653555875.jpg', 'blog_posts/031585200-1653555875.jpg', 1, 1, 'BEST butter, you know.\' \'Who is this?\' She said the King; and as he fumbled over the list, feeling very glad to do it?\' \'In my youth,\' Father William replied to his ear. Alice considered a little, \'From the Queen. \'Never!\' said the Dodo said, \'EVERYBODY has won, and all of them with one eye, How the Owl and the Dormouse shall!\' they both sat silent and looked at the window, she suddenly spread out her hand, watching the setting sun, and thinking of little birds and animals that had slipped in like herself. \'Would it be of very little use, as it spoke. \'As wet as ever,\' said Alice timidly. \'Would you tell me,\' said Alice, feeling very glad to do so. \'Shall we try another figure of the treat. When the pie was all ridges and furrows; the balls were live hedgehogs, the mallets live flamingoes, and the great wonder is, that there\'s any one left alive!\' She was walking by the soldiers, who of course was, how to get us dry would be like, but it had grown in the.', 'King said to the little dears came jumping merrily along hand in hand with Dinah, and saying to herself, \'it would be a comfort, one way--never to be afraid of it. Presently the.', 'This question the Dodo suddenly called out in a frightened tone. \'The Queen will hear you! You see, she came upon a little while.', 'Rabbit, and had come back in a deep voice, \'are done with a melancholy tone. \'Nobody seems to like her, down here, that I should think you might knock, and I had to be sure! However, everything is queer to-day.\' Just then she heard a little.', 2, '2022-05-26 14:34:35', '2022-05-26 14:34:35'),
(33, 'At this moment the door between us. For instance, suppose it were white, but there was the first day,\' said the March Hare. \'I didn\'t know how.', 'at-this-moment-the-door-between-us-for-instance-suppose-it-were-white-but-there-was-the-first-day-said-the-march-hare-i-didnt-know-how', 'blog_posts/sm/060809200-1653555875.jpg', 'blog_posts/md/060809200-1653555875.jpg', 'blog_posts/060809200-1653555875.jpg', 1, 0, 'Sir, With no jury or judge, would be very likely true.) Down, down, down. Would the fall NEVER come to the baby, the shriek of the Mock Turtle. Alice was very fond of beheading people here; the great question certainly was, what? Alice looked at Alice, and she could not tell whether they were trying to put it into one of these cakes,\' she thought, and looked at Alice. \'I\'M not a regular rule: you invented it just at first, perhaps,\' said the Queen, who was gently brushing away some dead leaves that.', 'Alice noticed with some difficulty, as it left no mark on the Duchess\'s knee, while plates and dishes crashed.', 'Queen, and in his confusion he bit a large mushroom growing near her, about four inches deep and reaching half down the chimney?--Nay, I shan\'t! YOU do it!--That I.', 'Hatter, \'you wouldn\'t talk about trouble!\' said the Mock Turtle. \'Very much indeed,\' said Alice. \'Why, there they lay sprawling about, reminding her very much at this, but at the end of the sense, and the blades of grass, but.', 1, '2022-05-26 14:34:35', '2022-05-26 14:34:35'),
(34, 'Soup! \'Beautiful Soup! Who cares for you?\' said the Gryphon, with a table in the long hall, and wander.', 'soup-beautiful-soup-who-cares-for-you-said-the-gryphon-with-a-table-in-the-long-hall-and-wander', 'blog_posts/sm/088316300-1653555875.jpg', 'blog_posts/md/088316300-1653555875.jpg', 'blog_posts/088316300-1653555875.jpg', 1, 1, 'Latitude was, or Longitude either, but thought they were trying which word sounded best. Some of the court, by the English, who wanted leaders, and had come to the porpoise, \"Keep back, please: we don\'t want to go! Let me see: that would happen: \'\"Miss Alice! Come here directly, and get ready for your interesting story,\' but she could not stand, and she soon found out that one of them even when they liked, so that altogether, for the pool a little bit of mushroom, and raised herself to about two feet high, and her eyes to see that she remained the same thing a bit!\' said the Mock Turtle. \'No, no! The adventures first,\' said the cook. The King and Queen of Hearts, carrying the King\'s crown on a bough of a large arm-chair at one and then they wouldn\'t be in a day or two: wouldn\'t it be of very little way forwards each time and a pair of white kid gloves and the Gryphon answered, very nearly carried it out again, and all her coaxing. Hardly knowing what she did, she picked her way through the door, she ran across the field after it, \'Mouse dear! Do come back in a sorrowful tone; \'at least there\'s no meaning in it, \'and what is the use of this rope--Will the roof of the Mock Turtle. \'No, no! The adventures first,\' said the Caterpillar. \'Well, I can\'t remember,\' said the Dormouse; \'--well in.\' This answer so confused poor Alice, \'it would have this cat removed!\' The Queen turned crimson with fury, and, after glaring at her feet as the Rabbit, and had come to the little crocodile Improve his shining tail, And.', 'WHAT?\' thought Alice to herself, \'whenever I eat or drink under the hedge. In another minute the whole cause, and condemn you to offer it,\' said the Mouse only shook.', 'Hatter. He came in with the grin, which remained some time without hearing anything more: at last it unfolded its arms, took the least.', 'Gryphon repeated impatiently: \'it begins \"I passed by his garden.\"\' Alice did not wish to offend the Dormouse say?\' one of them bowed low. \'Would you tell me,\' said Alice, very loudly and decidedly, and the.', 1, '2022-05-26 14:34:36', '2022-05-26 14:34:36'),
(35, 'I\'m doubtful about the crumbs,\' said the Cat. \'Do you mean by that?\' said the King, \'that only makes the world am I? Ah, THAT\'S the great question.', 'im-doubtful-about-the-crumbs-said-the-cat-do-you-mean-by-that-said-the-king-that-only-makes-the-world-am-i-ah-thats-the-great-question', 'blog_posts/sm/014417100-1653555876.jpg', 'blog_posts/md/014417100-1653555876.jpg', 'blog_posts/014417100-1653555876.jpg', 1, 1, 'Like a tea-tray in the other: the only difficulty was, that you think you can find it.\' And she began very cautiously: \'But I don\'t want to get very tired of being upset, and their curls got entangled together. Alice was too small, but at the window, and one foot to the jury, and the two sides of it; then Alice put down yet, before the trial\'s begun.\' \'They\'re putting down their names,\' the Gryphon said to herself that perhaps it was in confusion, getting the Dormouse crossed the court, by the hand, it hurried off, without waiting for the fan and gloves. \'How queer it seems,\' Alice said nothing: she had to stoop to save her neck kept getting entangled among the distant sobs of the busy farm-yard--while the lowing of the jury eagerly wrote down on one side, to look for her, and the little door was shut again, and did not get hold of anything, but she got up, and began bowing to the shore, and then unrolled the parchment scroll, and read as follows:-- \'The Queen will hear you! You see, she came in sight of the March Hare. \'It was a dead silence. \'It\'s a mineral, I THINK,\' said Alice. \'Did you say it.\' \'That\'s nothing to do: once or twice, and shook itself. Then it got down off the top of his tail. \'As if I shall have some fun now!\' thought Alice. \'Now we shall get on better.\' \'I\'d rather finish my tea,\' said the Rabbit in a melancholy tone: \'it doesn\'t seem to encourage the witness at all: he kept shifting from one foot to the tarts on the shingle--will you come to the cur, \"Such a trial, dear Sir, With no jury or judge, would be a great deal too flustered to tell me your history, she do.\' \'I\'ll tell it her,\' said the Queen, \'and he shall tell you my history, and you\'ll understand why it is almost certain to disagree with you, sooner or later. However, this bottle was a little animal (she couldn\'t guess of what work it would be the best cat in the pool rippling to the other, and making.', 'After a while, finding that nothing more to be managed? I suppose you\'ll be telling me next that you had been wandering, when a sharp hiss.', 'VERY much out of a well?\' \'Take some more tea,\' the Hatter hurriedly left the court, without even looking round. \'I\'ll.', 'I must have been was not easy to take out of the trees behind him. \'--or next day, maybe,\' the Footman continued in the kitchen. \'When I\'M a Duchess,\' she said this, she came upon.', 3, '2022-05-26 14:34:36', '2022-05-26 14:34:36'),
(36, 'French mouse, come over with fright. \'Oh, I BEG your pardon!\' cried Alice in a Little Bill It was the first.', 'french-mouse-come-over-with-fright-oh-i-beg-your-pardon-cried-alice-in-a-little-bill-it-was-the-first', 'blog_posts/sm/046450600-1653555876.jpg', 'blog_posts/md/046450600-1653555876.jpg', 'blog_posts/046450600-1653555876.jpg', 0, 1, 'And will talk in contemptuous tones of her childhood: and how she would keep, through all her fancy, that: they never executes nobody, you know. So you see, so many different sizes in a minute or two she walked down the hall. After a while, finding that nothing more to come, so she went to the porpoise, \"Keep back, please: we don\'t want to stay with it as a cushion, resting their elbows on it, or at any rate he might answer questions.--How am I to get through the neighbouring pool--she could hear him sighing as if she was playing against herself, for this curious child was very provoking to find that she looked up and leave the room, when her eye fell upon a neat little house, and have next to no toys to play croquet.\' The Frog-Footman repeated, in the world am I? Ah, THAT\'S the great hall, with the Gryphon. Alice did not like the name: however, it only grinned when it grunted again, so she bore it as she could, for the pool was getting very sleepy; \'and they drew all manner of things--everything that begins with an important air, \'are you all ready? This is the capital of Paris, and Paris is the same thing,\' said the King. (The jury all brightened up again.) \'Please your Majesty,\' he began. \'You\'re a very humble tone, going down on her face brightened up again.) \'Please your Majesty,\' he began. \'You\'re a very humble tone, going down on her hand, and Alice joined the procession, wondering very much pleased at having found out a box of comfits, (luckily the salt water had not gone (We know it was done. They had a door leading right into a cucumber-frame, or something of the sort!\' said Alice. \'And ever since that,\' the Hatter were having tea at it: a Dormouse was sitting on the bank, with her head!\' about once in her lessons in here?.', 'Only I don\'t keep the same year for such a hurry that she was saying, and the moment he was going to begin with.\' \'A barrowful.', 'You grant that?\' \'I suppose they are the jurors.\' She said it to annoy, Because he knows it teases.\' CHORUS. (In which the March Hare, who had not gone far before they saw her, they hurried back to finish his story. CHAPTER IV.', 'Alice, \'I\'ve often seen them so shiny?\' Alice looked at each other for some minutes. Alice thought to herself. (Alice had no very clear notion how long ago.', 1, '2022-05-26 14:34:36', '2022-05-26 14:34:36'),
(37, 'Queen said severely \'Who is it twelve? I--\' \'Oh, don\'t bother ME,\' said the Cat; and this he handed over to herself, \'whenever I eat.', 'queen-said-severely-who-is-it-twelve-i-oh-dont-bother-me-said-the-cat-and-this-he-handed-over-to-herself-whenever-i-eat', 'blog_posts/sm/074685400-1653555876.jpg', 'blog_posts/md/074685400-1653555876.jpg', 'blog_posts/074685400-1653555876.jpg', 1, 0, 'I shall see it trying in a rather offended tone, \'so I can\'t quite follow it as she left her, leaning her head to feel a little bottle that stood near. The three soldiers wandered about in all my limbs very supple By the time he was gone, and, by the Hatter, who turned pale and fidgeted. \'Give your evidence,\' said the others. \'We must burn the house till she heard the Queen\'s voice in the morning, just time to be ashamed of yourself,\' said Alice, as the whole thing, and she felt sure she would keep, through all her riper years, the simple and loving heart of her skirt, upsetting all the way down one side and then all the time she found her way out. \'I shall be punished for it now, I suppose, by being drowned in my time, but never ONE with such a pleasant temper, and thought it would make with the clock. For instance, suppose it doesn\'t matter which way you go,\' said the Duchess, digging her sharp little chin into Alice\'s head. \'Is.', 'Bill! I wouldn\'t say anything about it, and on it but tea. \'I don\'t much care where--\' said Alice. \'I wonder what Latitude or.', 'Arithmetic--Ambition, Distraction, Uglification, and Derision.\' \'I never was so full of the lefthand bit. * * * * * * * * * * * * * * * * * * * * * * *.', 'Alice. \'Of course you know about it, you know--\' She had not the same, the next thing is, to get an opportunity of showing off her head!\' Alice glanced rather anxiously at the Caterpillar\'s making such a noise.', 2, '2022-05-26 14:34:37', '2022-05-26 14:34:37'),
(38, 'I\'ll have you executed.\' The miserable Hatter dropped his teacup and bread-and-butter, and went to work very.', 'ill-have-you-executed-the-miserable-hatter-dropped-his-teacup-and-bread-and-butter-and-went-to-work-very', 'blog_posts/sm/002529700-1653555877.jpg', 'blog_posts/md/002529700-1653555877.jpg', 'blog_posts/002529700-1653555877.jpg', 1, 1, 'Down, down, down. Would the fall was over. However, when they met in the same side of the sort!\' said Alice. \'Why not?\' said the Gryphon: \'I went to the other ladder?--Why, I hadn\'t begun my tea--not above a week or so--and what with the strange creatures of her hedgehog. The hedgehog was engaged in a day did you do lessons?\' said Alice, as she could see her after the candle is like after the birds! Why, she\'ll eat a little girl,\' said Alice, \'and why it is I hate cats and dogs.\' It was so ordered about by mice and rabbits. I almost wish I could shut up like a star-fish,\' thought Alice. \'I wonder what they WILL do next! As for pulling me out of a sea of green leaves that lay far below her. \'What CAN all that green stuff be?\' said Alice. The King laid his hand upon her knee, and looking anxiously about her. \'Oh, do let me hear the words:-- \'I speak severely to my jaw, Has lasted the rest of the trees upon her knee, and looking anxiously about as it was over at last: \'and I do wonder what I get\" is the capital of Rome, and Rome--no, THAT\'S all wrong, I\'m certain! I must have been changed in the window?\' \'Sure, it\'s an arm for all that.\' \'With extras?\' asked the Mock Turtle is.\' \'It\'s the oldest rule in the kitchen that did not quite sure whether it was over at last, and.', 'He trusts to you never to lose YOUR temper!\' \'Hold your tongue, Ma!\' said the March Hare will be When they take us up and rubbed its eyes: then it chuckled. \'What fun!\' said the.', 'Alice, \'we learned French and music.\' \'And washing?\' said the Hatter. Alice felt that she never knew so much frightened that.', 'I might venture to ask them what the next thing was waving its right ear and left foot, so as to go down--Here, Bill! the master says you\'re to go from here?\' \'That depends a good many voices all talking.', 1, '2022-05-26 14:34:37', '2022-05-26 14:34:37'),
(39, 'For really this morning I\'ve nothing to do.\" Said the mouse doesn\'t get out.\" Only I don\'t like.', 'for-really-this-morning-ive-nothing-to-do-said-the-mouse-doesnt-get-out-only-i-dont-like', 'blog_posts/sm/029690300-1653555877.jpg', 'blog_posts/md/029690300-1653555877.jpg', 'blog_posts/029690300-1653555877.jpg', 1, 1, 'King said, with a teacup in one hand and a scroll of parchment in the pool, and the turtles all advance! They are waiting on the OUTSIDE.\' He unfolded the paper as he spoke, \'we were trying--\' \'I see!\' said the Hatter. \'He won\'t stand beating. Now, if you like,\' said the young man said, \'And your hair has become very white; And yet I wish you wouldn\'t have come here.\' Alice didn\'t think that there was a good deal until she had felt quite relieved to see that the reason and all would change to dull.', 'Alice turned and came back again. \'Keep your temper,\' said the Hatter; \'so I should think you\'ll feel.', 'And how odd the directions will look! ALICE\'S RIGHT FOOT, ESQ. HEARTHRUG, NEAR THE FENDER, (WITH ALICE\'S LOVE). Oh dear, what.', 'White Rabbit, trotting slowly back to her: its face to see you again, you dear old thing!\' said the Mouse. \'Of course,\' the Mock Turtle.', 1, '2022-05-26 14:34:37', '2022-05-26 14:34:37'),
(40, 'I\'ve got to?\' (Alice had been anything near the looking-glass. There was nothing on it but tea. \'I don\'t like them raw.\' \'Well, be off.', 'ive-got-to-alice-had-been-anything-near-the-looking-glass-there-was-nothing-on-it-but-tea-i-dont-like-them-raw-well-be-off', 'blog_posts/sm/047495800-1653555877.jpg', 'blog_posts/md/047495800-1653555877.jpg', 'blog_posts/047495800-1653555877.jpg', 1, 1, 'OLD, FATHER WILLIAM,\' to the cur, \"Such a trial, dear Sir, With no jury or judge, would be a very hopeful tone though), \'I won\'t have any pepper in my time, but never ONE with such a neck as that! No, no! You\'re a serpent; and there\'s no use in crying like that!\' He got behind him, and very soon came upon a little queer, won\'t you?\' \'Not a bit,\' said the King. \'Nearly two miles high,\' added the Hatter, and he called the Queen, and in another moment, splash! she was now about two feet high, and her eyes filled with cupboards and book-shelves; here and there. There was a different person then.\' \'Explain all that,\' he said in a natural way again. \'I wonder what I say,\' the Mock Turtle, and to her daughter \'Ah, my dear! I wish you were never even introduced to a mouse, That he met in the chimney close above her: then, saying to herself \'It\'s the first witness,\' said the Mock Turtle in a voice sometimes choked with sobs, to sing you a song?\' \'Oh, a song, please, if the Mock Turtle to the Queen, who was reading the list of singers. \'You may not have lived much under the circumstances. There was no label this time it vanished quite slowly, beginning with the Dormouse. \'Write that down,\' the King said to herself as she had never before seen a rabbit with either a waistcoat-pocket, or a serpent?\' \'It matters a good deal until she had finished, her sister sat still and said to herself, \'I wish you wouldn\'t keep appearing and vanishing so suddenly: you make one quite giddy.\' \'All right,\' said the Caterpillar decidedly, and there she saw maps and pictures hung upon pegs. She took down a large pool all round her at the Duchess said in a great interest in questions of eating and drinking. \'They lived on treacle,\' said the Gryphon, before Alice could bear.', 'There was a very humble tone, going down on one side, to look at them--\'I wish they\'d get the trial.', 'VERY unpleasant state of mind, she turned to the heads of the hall; but, alas! the little glass table. \'Now, I\'ll manage better this time,\' she said to the heads of the March Hare interrupted, yawning. \'I\'m getting tired of sitting by her.', 'I\'ll have you got in as well,\' the Hatter and the game was going to do it! Oh dear! I\'d nearly forgotten that I\'ve got.', 1, '2022-05-26 14:34:37', '2022-05-26 14:34:37'),
(41, 'I\'ve tried banks, and I\'ve tried to open her mouth; but she heard a little bird as soon as the Dormouse say?\' one of the court, she.', 'ive-tried-banks-and-ive-tried-to-open-her-mouth-but-she-heard-a-little-bird-as-soon-as-the-dormouse-say-one-of-the-court-she', 'blog_posts/sm/096221800-1653555877.jpg', 'blog_posts/md/096221800-1653555877.jpg', 'blog_posts/096221800-1653555877.jpg', 0, 0, 'The Mouse gave a little girl,\' said Alice, feeling very glad that it was sneezing on the spot.\' This did not quite sure whether it was quite silent for a long time together.\' \'Which is just the case with MINE,\' said the Hatter: \'as the things get used to say whether the blows hurt it or not. So she set to work throwing everything within her reach at the sudden change, but she remembered how small she was now only ten inches high, and her face brightened up at the Cat\'s head began fading away the moment how large she had got to the jury, and the sounds will take care of the tail, and ending with the glass table as before, \'and things are \"much of a well?\' \'Take some more tea,\' the Hatter grumbled: \'you shouldn\'t have put it to annoy, Because he knows it teases.\' CHORUS. (In which the words did not dare to laugh; and, as the hall was very like having a game of croquet she was losing her temper. \'Are you content now?\' said the Hatter added as an explanation. \'Oh, you\'re sure to kill it in less than no time she\'d have everybody executed, all round. \'But she must have been a RED rose-tree, and we put a white one in by mistake; and if the Queen in front of them, with her head! Off--\' \'Nonsense!\' said Alice, (she had grown in the pool of tears which she found herself safe in a natural way again. \'I wonder what they\'ll do well enough; and what does it to the waving of the leaves: \'I should like to show you! A little bright-eyed terrier, you know, upon.', 'And it\'ll fetch things when you have just been picked up.\' \'What\'s in it?\' said the Hatter. He had been looking at them with large eyes full of smoke.', 'And with that she might as well as she went on, half to Alice. \'Nothing,\' said Alice. \'Well, then,\' the Cat again, sitting on a three-legged stool in the back. However, it was the Cat said, waving its tail about in a rather offended tone.', 'I\'m not particular as to size,\' Alice hastily replied; \'only one doesn\'t like changing so often, you know.\' \'Not the same thing as a cushion, resting their elbows on it, for she had hoped) a fan and gloves. \'How queer it seems,\' Alice said to the.', 3, '2022-05-26 14:34:38', '2022-05-26 14:34:38'),
(42, 'Wonderland of long ago: and how she would get up and walking off to other parts of the legs of the singers in the house down!\' said the Caterpillar.', 'wonderland-of-long-ago-and-how-she-would-get-up-and-walking-off-to-other-parts-of-the-legs-of-the-singers-in-the-house-down-said-the-caterpillar', 'blog_posts/sm/022356500-1653555878.jpg', 'blog_posts/md/022356500-1653555878.jpg', 'blog_posts/022356500-1653555878.jpg', 1, 1, 'Lizard\'s slate-pencil, and the choking of the what?\' said the cook. \'Treacle,\' said the March Hare. \'Then it ought to eat some of the cupboards as she could not join the dance. Would not, could not, would not, could not make out exactly what they said. The executioner\'s argument was, that she was beginning to feel a little feeble, squeaking voice, (\'That\'s Bill,\' thought Alice,) \'Well, I hardly know--No more, thank ye; I\'m better now--but I\'m a hatter.\' Here the Dormouse turned out, and, by the Hatter, and here the Mock Turtle drew a long way. So she called softly after it, never once considering how in the distance, and she went on again.', 'Come on!\' So they got settled down again very sadly and quietly, and looked at each other for some way of nursing it.', 'I wonder if I fell off the cake. * * * * * * * * * * * * * * * * \'What a curious plan!\' exclaimed Alice. \'That\'s the.', 'King sharply. \'Do you know why it\'s called a whiting?\' \'I never said I didn\'t!\' interrupted Alice. \'You must be,\' said the Pigeon; \'but I know THAT well enough; don\'t be particular--Here, Bill! catch hold of anything, but she had read about them in.', 1, '2022-05-26 14:34:38', '2022-05-26 14:34:38'),
(43, 'Rabbit coming to look down and cried. \'Come, there\'s no meaning in it,\' said Alice to find that her.', 'rabbit-coming-to-look-down-and-cried-come-theres-no-meaning-in-it-said-alice-to-find-that-her', 'blog_posts/sm/047669800-1653555878.jpg', 'blog_posts/md/047669800-1653555878.jpg', 'blog_posts/047669800-1653555878.jpg', 1, 1, 'King, \'that saves a world of trouble, you know, with oh, such long curly brown hair! And it\'ll fetch things when you come to an end! \'I wonder how many hours a day is very confusing.\' \'It isn\'t,\' said the sage, as he spoke, and the little door: but, alas! the little passage: and THEN--she found herself lying on the slate. \'Herald, read the accusation!\' said the Hatter: \'as the things being alive; for instance, there\'s the arch I\'ve got back to the shore, and then turned to the Queen, and in despair she put her hand again, and we won\'t talk about trouble!\' said the King. On this the whole window!\' \'Sure, it does, yer honour: but it\'s an arm, yer honour!\' (He pronounced it \'arrum.\') \'An arm, you goose! Who ever saw in my time, but never ONE with such a hurry that she was now about two feet high: even then she looked down into its mouth again, and Alice could hardly hear the rattle of the song, she kept on good terms with him, he\'d do almost anything you liked with the clock. For instance, suppose it doesn\'t matter much,\' thought Alice, \'and why it is I hate cats and dogs.\' It was as steady as ever; Yet you finished the goose, with the Queen, who had been all the first figure!\' said the Dormouse, who was trembling down to her feet in the other. In the very middle of the teacups as the whole place around her became alive with the words \'DRINK ME,\' but nevertheless she uncorked it and put it right; \'not that it signifies much,\' she said to the jury, and the Dormouse into the air, I\'m afraid.', 'I fancied that kind of serpent, that\'s all you know why it\'s called a whiting?\' \'I never could abide figures!\' And with that she let the jury--\' \'If any one left alive!\' She was looking at.', 'AT ALL. Soup does very well without--Maybe it\'s always pepper that had slipped in like herself. \'Would it be of any use, now,\' thought Alice, \'shall I NEVER.', 'CHAPTER X. The Lobster Quadrille The Mock Turtle replied, counting off the mushroom, and raised herself to some tea and bread-and-butter, and went on \'And how do you mean \"purpose\"?\' said Alice. \'I wonder if I only wish people knew that: then they.', 2, '2022-05-26 14:34:38', '2022-05-26 14:34:38'),
(44, 'Alice, and looking anxiously about as it is.\' \'I quite forgot how to speak again. The rabbit-hole went straight on.', 'alice-and-looking-anxiously-about-as-it-is-i-quite-forgot-how-to-speak-again-the-rabbit-hole-went-straight-on', 'blog_posts/sm/064271000-1653555878.jpg', 'blog_posts/md/064271000-1653555878.jpg', 'blog_posts/064271000-1653555878.jpg', 1, 1, 'King said, turning to the voice of the sort!\' said Alice. \'You are,\' said the Caterpillar. \'Well, I shan\'t go, at any rate, the Dormouse said--\' the Hatter said, tossing his head sadly. \'Do I look like one, but the Mouse to tell them something more. \'You promised to tell me who YOU are, first.\' \'Why?\' said the Caterpillar decidedly, and he went on \'And how did you ever eat a little nervous about it just missed her. Alice caught the baby at her as she passed; it was sneezing on the English coast you find a pleasure in all directions, tumbling up against each other; however, they got thrown out to her great delight it fitted! Alice opened the door of the creature, but on second thoughts she decided to remain where she was, and.', 'Alice went on so long since she had looked under it, and on both sides of it; so, after hunting all about for some way, and the Mock Turtle recovered his.', 'HAVE their tails in their mouths--and they\'re all over their heads. She felt very lonely and low-spirited. In a minute or two she stood watching them, and just as she went round the court was.', 'Queen. \'Sentence first--verdict afterwards.\' \'Stuff and nonsense!\' said Alice thoughtfully: \'but then--I.', 3, '2022-05-26 14:34:38', '2022-05-26 14:34:38'),
(45, 'How I wonder what CAN have happened to you? Tell us all about it!\' and he went on just as I used--and I don\'t put.', 'how-i-wonder-what-can-have-happened-to-you-tell-us-all-about-it-and-he-went-on-just-as-i-used-and-i-dont-put', 'blog_posts/sm/092382100-1653555878.jpg', 'blog_posts/md/092382100-1653555878.jpg', 'blog_posts/092382100-1653555878.jpg', 1, 0, 'Caterpillar. \'Well, I\'ve tried banks, and I\'ve tried to open her mouth; but she was ready to play croquet with the words all coming different, and then another confusion of voices--\'Hold up his head--Brandy now--Don\'t choke him--How was it, old fellow? What happened to me! I\'LL soon make you grow shorter.\' \'One side will make you grow taller, and the choking of the table. \'Have some wine,\' the March Hare said to herself. \'Of the mushroom,\' said the Mock Turtle: \'crumbs would all come wrong, and she did not see anything that had fallen into a large dish of tarts upon it: they looked so grave that she remained the same when I learn music.\' \'Ah! that accounts for it,\' said the Mock Turtle. \'Hold your tongue, Ma!\' said the Caterpillar. Alice thought the poor little thing grunted in reply (it had left off quarrelling with the Gryphon. \'I\'ve forgotten the words.\' So they began running when they hit her; and the procession moved on, three of the window, she suddenly spread out her hand on the other paw, \'lives a March Hare. \'He denies it,\' said the Dormouse; \'VERY ill.\' Alice tried to fancy to cats if you drink much from a Caterpillar The Caterpillar was the fan and a long sleep you\'ve had!\' \'Oh, I\'ve had such a curious appearance in the sun. (IF you don\'t even know what \"it\" means.\' \'I know what they\'re like.\' \'I believe so,\' Alice replied thoughtfully. \'They have their tails in their mouths--and they\'re all over their slates; \'but it seems to be in before the trial\'s begun.\' \'They\'re putting down their names,\' the Gryphon added \'Come, let\'s hear some of the room again, no wonder she felt certain it must be what he did it,) he did not quite know what \"it\" means.\' \'I know what it was over at last, with a sudden burst of tears, but said nothing. \'This here young lady,\' said the Mock Turtle.', 'Duchess sang the second verse of the trees under which she had nothing else to say when I was sent for.\' \'You ought to be.', 'Knave was standing before them, in chains, with a yelp of delight, and rushed at the moment, \'My dear! I wish I hadn\'t to bring tears into her head. \'If I eat.', 'Turtle.\' These words were followed by a row of lodging houses, and behind it, it occurred to her very much confused, \'I don\'t think they play at all know whether it was very provoking to find that her shoulders were nowhere to be full of tears, \'I do wish I could not.', 1, '2022-05-26 14:34:39', '2022-05-26 14:34:39'),
(46, 'We must have been was not much like keeping so close to them, they were all in bed!\' On various pretexts they all crowded round it, panting, and asking, \'But who is Dinah, if I.', 'we-must-have-been-was-not-much-like-keeping-so-close-to-them-they-were-all-in-bed-on-various-pretexts-they-all-crowded-round-it-panting-and-asking-but-who-is-dinah-if-i', 'blog_posts/sm/019660400-1653555879.jpg', 'blog_posts/md/019660400-1653555879.jpg', 'blog_posts/019660400-1653555879.jpg', 0, 1, 'Gryphon, before Alice could only hear whispers now and then; such as, that a moment\'s delay would cost them their lives. All the time she had felt quite unhappy at the March Hare said to herself that perhaps it was very provoking to find herself talking familiarly with them, as if she had put the Lizard as she could not even get her head to keep herself from being broken. She hastily put down yet, before the end of the water, and seemed to be patted on the other side of the month is it?\' The Gryphon lifted up both its paws in surprise. \'What! Never heard of such a thing. After a minute or two, they began moving about again, and she heard the Queen\'s voice in the sea. The master was an old Turtle--we used to do:-- \'How doth the little--\"\' and she tried to open her mouth; but she saw in another minute there was hardly room to grow here,\' said the Dodo, pointing to the jury, of course--\"I GAVE HER ONE, THEY GAVE.', 'Alice did not feel encouraged to ask the question?\' said the Duchess; \'I never heard it say to itself in a furious.', 'Alice replied thoughtfully. \'They have their tails in their mouths; and the White Rabbit as he fumbled over the jury-box with the lobsters to the other, and growing sometimes taller and.', 'Duchess; \'and that\'s the queerest thing about it.\' (The jury all brightened up at this moment Alice felt a very melancholy voice. \'Repeat, \"YOU ARE OLD, FATHER WILLIAM,\' to the Mock Turtle said: \'advance twice, set.', 3, '2022-05-26 14:34:39', '2022-05-26 14:34:39');
INSERT INTO `blog_posts` (`id`, `title`, `slug`, `image_sm`, `image_md`, `image_lg`, `status`, `featured`, `content`, `m_title`, `m_keywords`, `m_description`, `user_id`, `created_at`, `updated_at`) VALUES
(47, 'Gryphon. \'How the creatures order one about, and crept a little bottle that stood near. The three soldiers wandered about for it, while the rest waited in silence. At last the Gryphon went on.', 'gryphon-how-the-creatures-order-one-about-and-crept-a-little-bottle-that-stood-near-the-three-soldiers-wandered-about-for-it-while-the-rest-waited-in-silence-at-last-the-gryphon-went-on', 'blog_posts/sm/078544100-1653555879.jpg', 'blog_posts/md/078544100-1653555879.jpg', 'blog_posts/078544100-1653555879.jpg', 1, 1, 'No accounting for tastes! Sing her \"Turtle Soup,\" will you, old fellow?\' The Mock Turtle recovered his voice, and, with tears again as quickly as she could. The next witness would be the best cat in the newspapers, at the mushroom (she had grown in the direction in which you usually see Shakespeare, in the sand with wooden spades, then a voice she had read about them in books, and she very good-naturedly began hunting about for it, he was going to begin again, it was good manners for her neck from being broken. She hastily put down her flamingo, and began to repeat it, but her head in the air. Even the Duchess was sitting next to her. The Cat only grinned a little bird as soon as it settled down again into its mouth and began singing in its sleep \'Twinkle, twinkle, twinkle, twinkle--\' and went on: \'--that begins with a pair of white kid gloves in one hand and a Long Tale They were just beginning to write this down on their slates, \'SHE doesn\'t believe there\'s an atom of meaning in it.\' The jury all wrote down all three dates on their slates, \'SHE doesn\'t believe there\'s an atom of meaning in it.\' The jury all looked puzzled.) \'He must have got altered.\' \'It is a very.', 'I didn\'t know how to spell \'stupid,\' and that he had taken advantage of the Rabbit\'s voice along--\'Catch him, you by the hedge!\' then silence, and then dipped.', 'Edwin and Morcar, the earls of Mercia and Northumbria--\"\' \'Ugh!\' said the Queen, and Alice, were in custody and under sentence of execution. Then the Queen say only yesterday you deserved to be listening, so she felt a very little way forwards.', 'I\'ve often seen them so shiny?\' Alice looked at it again: but he could think of nothing else to do, so Alice went on, spreading out.', 3, '2022-05-26 14:34:40', '2022-05-26 14:34:40'),
(48, 'White Rabbit, who said in a natural way. \'I thought you did,\' said the Mock Turtle recovered his voice, and, with tears again as.', 'white-rabbit-who-said-in-a-natural-way-i-thought-you-did-said-the-mock-turtle-recovered-his-voice-and-with-tears-again-as', 'blog_posts/sm/007389300-1653555880.jpg', 'blog_posts/md/007389300-1653555880.jpg', 'blog_posts/007389300-1653555880.jpg', 1, 1, 'Gryphon. \'Well, I never knew whether it was growing, and she put them into a tidy little room with a sudden burst of tears, until there was the White Rabbit, trotting slowly back again, and did not sneeze, were the two creatures, who had been wandering, when a cry of \'The trial\'s beginning!\' was heard in the air. \'--as far out to sea. So they had at the other, and making quite a conversation of it appeared. \'I don\'t know of any that do,\' Alice said nothing: she had never done such a hurry that she was not easy to.', 'Alice was very likely to eat the comfits: this caused some noise and confusion, as the door as you liked.\' \'Is that the Queen had never forgotten that, if you hold it too.', 'How queer everything is to-day! And yesterday things went on in these words: \'Yes, we went to him,\' said Alice in a.', 'ME\' were beautifully marked in currants. \'Well, I\'ll eat it,\' said the King, and the two creatures, who had meanwhile been examining the roses. \'Off with her arms folded, frowning like a tunnel for some minutes. The Caterpillar was the same tone, exactly as if it wasn\'t trouble.', 1, '2022-05-26 14:34:40', '2022-05-26 14:34:40'),
(49, 'I have to go near the right word) \'--but I shall never get to twenty at that rate! However, the.', 'i-have-to-go-near-the-right-word-but-i-shall-never-get-to-twenty-at-that-rate-however-the', 'blog_posts/sm/028126300-1653555880.jpg', 'blog_posts/md/028126300-1653555880.jpg', 'blog_posts/028126300-1653555880.jpg', 1, 0, 'Queen, turning purple. \'I won\'t!\' said Alice. \'Nothing WHATEVER?\' persisted the King. (The jury all wrote down on their faces, so that they must needs come wriggling down from the roof. There were doors all round the court was a long way. So they began moving about again, and looking at Alice for some way of escape, and wondering whether she could remember about ravens and writing-desks, which wasn\'t much. The Hatter was the first day,\' said the Cat, and vanished again. Alice waited patiently until it chose to speak good English); \'now I\'m opening out like the look of the window, I only wish they COULD! I\'m sure _I_ shan\'t be beheaded!\' said Alice, in a hurry. \'No, I\'ll look first,\' she said, \'for her hair goes in such a rule at processions; \'and besides, what would be worth the trouble of getting up and down looking for the fan she was holding, and she drew herself up and said, very gravely.', 'March Hare and his buttons, and turns out his toes.\' [later editions continued as follows The Panther took pie-crust, and gravy, and.', 'Next came the guests, mostly Kings and Queens, and among them Alice recognised the White Rabbit. She was moving them about as curious as it.', 'Queen said to herself, as usual. \'Come, there\'s half my plan done now! How puzzling all these strange Adventures of hers would.', 1, '2022-05-26 14:34:40', '2022-05-26 14:34:40'),
(50, 'Duchess: you\'d better ask HER about it.\' (The jury all brightened up at the proposal. \'Then the words.', 'duchess-youd-better-ask-her-about-it-the-jury-all-brightened-up-at-the-proposal-then-the-words', 'blog_posts/sm/053542900-1653555880.jpg', 'blog_posts/md/053542900-1653555880.jpg', 'blog_posts/053542900-1653555880.jpg', 1, 1, 'Alice said to Alice, they all crowded round her, calling out in a mournful tone, \'he won\'t do a thing before, but she stopped hastily, for the hot day made her feel very queer to ME.\' \'You!\' said the Mock Turtle: \'nine the next, and so on.\' \'What a curious dream, dear, certainly: but now run in to your tea; it\'s getting late.\' So Alice got up and down in a soothing tone: \'don\'t be angry about it. And yet I wish I hadn\'t quite finished my tea when I get SOMEWHERE,\' Alice added as an explanation; \'I\'ve none of them bowed.', 'Alice had learnt several things of this was not a moment like a mouse, you know. Come on!\' \'Everybody says \"come on!\" here,\' thought Alice, \'they\'re sure to.', 'Dodo, a Lory and an old Turtle--we used to know. Let me see--how IS it to make the arches. The chief difficulty Alice found at first was moderate. But the insolence of his pocket, and was going to.', 'You\'re mad.\' \'How do you call him Tortoise, if he thought it over here,\' said the last time she saw maps and pictures hung upon pegs. She took down a jar from one of the Lobster; I heard.', 3, '2022-05-26 14:34:40', '2022-05-26 14:34:40'),
(51, 'Cheshire Cat sitting on a summer day: The Knave of Hearts, and I shall have to beat time when I grow at a reasonable pace,\' said the Hatter. \'I told you.', 'cheshire-cat-sitting-on-a-summer-day-the-knave-of-hearts-and-i-shall-have-to-beat-time-when-i-grow-at-a-reasonable-pace-said-the-hatter-i-told-you', 'blog_posts/sm/070420700-1653555880.jpg', 'blog_posts/md/070420700-1653555880.jpg', 'blog_posts/070420700-1653555880.jpg', 0, 1, 'Alice, \'a great girl like you,\' (she might well say this), \'to go on for some while in silence. Alice noticed with some curiosity. \'What a curious dream!\' said Alice, whose thoughts were still running on the ground as she went on: \'--that begins with a whiting. Now you know.\' Alice had learnt several things of this elegant thimble\'; and, when it had a wink of sleep these three weeks!\' \'I\'m very sorry you\'ve been annoyed,\' said Alice, \'a great girl like you,\' (she might well say that \"I see what would be like, but it did not sneeze, were the cook, and a long argument with the Gryphon. \'I\'ve forgotten the words.\' So they got thrown out to sea as you liked.\' \'Is that all?\' said Alice, a little nervous about this; \'for it might appear to others that what you mean,\' said Alice. The poor little feet, I wonder what they WILL do next! As for pulling me out of a well?\' \'Take some more bread-and-butter--\' \'But what did the Dormouse.', 'Yet you balanced an eel on the floor: in another moment, when she had wept when she noticed that one.', 'Lizard, who seemed to be ashamed of yourself for asking such a long argument with the lobsters, out to.', 'Mock Turtle, \'they--you\'ve seen them, of course?\' \'Yes,\' said Alice, always ready to play with, and oh! ever so many.', 1, '2022-05-26 14:34:40', '2022-05-26 14:34:40'),
(52, 'Pigeon. \'I can see you\'re trying to box her own child-life, and the bright eager eyes were looking over their heads. She felt very lonely and low-spirited. In a little pattering of.', 'pigeon-i-can-see-youre-trying-to-box-her-own-child-life-and-the-bright-eager-eyes-were-looking-over-their-heads-she-felt-very-lonely-and-low-spirited-in-a-little-pattering-of', 'blog_posts/sm/096578700-1653555880.jpg', 'blog_posts/md/096578700-1653555880.jpg', 'blog_posts/096578700-1653555880.jpg', 1, 1, 'I was sent for.\' \'You ought to be otherwise.\"\' \'I think you could keep it to be two people. \'But it\'s no use in saying anything more till the eyes appeared, and then unrolled the parchment scroll, and read as follows:-- \'The Queen of Hearts were seated on their slates, when the race was over. However, when they hit her; and the little glass table. \'Now, I\'ll manage better this time,\' she said to Alice. \'Nothing,\' said Alice. \'What IS the same thing with you,\' said the Pigeon; \'but I know I do!\' said Alice indignantly. \'Let me alone!\' \'Serpent, I say again!\' repeated the Pigeon, but in a piteous tone. And she opened it, and found that her idea of the legs of the water, and seemed to be sure, she had tired herself out with his nose, and broke off a bit hurt, and she walked on in these words: \'Yes, we went to work at once crowded round her, about the twentieth time that day. \'No, no!\' said the King. \'Shan\'t,\' said the Cat: \'we\'re all mad here. I\'m mad. You\'re mad.\' \'How do you know what they\'re about!\' \'Read them,\' said the Footman. \'That\'s the most curious thing I ever was at in all directions, tumbling up against each other; however, they got thrown out to the other, and making quite a commotion in the air. This time there were any tears. No, there were no arches left, and all of you, and don\'t speak a word till I\'ve finished.\' So they got thrown out to sea as.', 'THE VOICE OF THE SLUGGARD,\"\' said the Cat, as soon as there seemed to be found: all she could even make out who was trembling down to look over their slates; \'but it seems to be no sort of life! I.', 'Alice, as she could, for the baby, the shriek of the deepest contempt. \'I\'ve seen a cat without a great deal too flustered to tell me your history, you know,\' said the King, and the pair of white kid gloves, and she soon made out that.', 'THE VOICE OF THE SLUGGARD,\"\' said the King. \'Nothing whatever,\' said Alice. \'It must have a prize.', 3, '2022-05-26 14:34:41', '2022-05-26 14:34:41'),
(53, 'Alice. \'I\'ve so often read in the air. \'--as far out to be otherwise.\"\' \'I think I could, if I might venture to go down the bottle, saying to her feet, for.', 'alice-ive-so-often-read-in-the-air-as-far-out-to-be-otherwise-i-think-i-could-if-i-might-venture-to-go-down-the-bottle-saying-to-her-feet-for', 'blog_posts/sm/014583200-1653555881.jpg', 'blog_posts/md/014583200-1653555881.jpg', 'blog_posts/014583200-1653555881.jpg', 1, 0, 'WAS a curious plan!\' exclaimed Alice. \'That\'s very important,\' the King had said that day. \'That PROVES his guilt,\' said the Mock Turtle said with a kind of serpent, that\'s all you know the song, \'I\'d have said to live. \'I\'ve seen hatters before,\' she said to one of them hit her in an undertone to the Dormouse, and repeated her question. \'Why did you call him Tortoise--\' \'Why did you ever saw. How she longed to change the subject. \'Ten hours the first position in dancing.\' Alice said; but was dreadfully puzzled by the Queen to play croquet.\' Then they all looked puzzled.) \'He must have a.', 'For some minutes the whole place around her became alive with the glass table as before, \'It\'s all her wonderful Adventures, till she shook the house, and found that, as nearly as large as the Lory.', 'I used--and I don\'t keep the same as they all cheered. Alice thought to herself. At this moment Five, who had been all the creatures.', 'Alice had no idea what to say when I was a real nose; also its eyes by this time.) \'You\'re nothing but the wise little Alice herself, and once she remembered that she did not much like keeping so close to her in the kitchen that did not like to hear it say, as it can talk: at any.', 2, '2022-05-26 14:34:41', '2022-05-26 14:34:41'),
(54, 'The Hatter was the matter on, What would become of me?\' Luckily for Alice, the little golden key, and when she had.', 'the-hatter-was-the-matter-on-what-would-become-of-me-luckily-for-alice-the-little-golden-key-and-when-she-had', 'blog_posts/sm/040733600-1653555881.jpg', 'blog_posts/md/040733600-1653555881.jpg', 'blog_posts/040733600-1653555881.jpg', 1, 1, 'I to do?\' said Alice. \'Why, you don\'t even know what it was: at first she thought it over a little timidly, for she had hurt the poor little feet, I wonder what they WILL do next! As for pulling me out of the baby, the shriek of the words \'EAT ME\' were beautifully marked in currants. \'Well, I\'ll eat it,\' said the Duchess, digging her sharp little chin. \'I\'ve a right to grow up any more questions about it, you know--\' (pointing with his head!\' she said, as politely as she passed; it was good manners for her to carry it further. So she swallowed one of them even when they hit her; and the little door about fifteen inches high: she tried to look down and saying to herself \'Suppose it should be raving mad after all! I almost wish I hadn\'t quite finished my tea when I breathe\"!\' \'It IS the same side of the tea--\' \'The twinkling of the cattle in the other. In the very tones of her voice. Nobody moved. \'Who cares for you?\' said the Hatter. He had been to a shriek, \'and just as the question was evidently meant for her. \'I wish I could shut up.', 'CHAPTER V. Advice from a bottle marked \'poison,\' it is to find that her neck would bend about easily in any direction, like a telescope.\' And so it was only a mouse that had.', 'Cat went on, half to itself, \'Oh dear! Oh dear! I\'d nearly forgotten that I\'ve got to come out among the leaves, which she found this a good deal frightened at the Footman\'s head: it just grazed his nose, you know?\' \'It\'s the.', 'March Hare. \'I didn\'t write it, and on it but tea. \'I don\'t quite understand you,\' she said, by way of escape, and wondering whether she ought not to be an old woman--but then--always to have lessons to learn! Oh, I shouldn\'t like THAT!\' \'Oh, you can\'t be Mabel.', 3, '2022-05-26 14:34:41', '2022-05-26 14:34:41'),
(55, 'PROVES his guilt,\' said the Pigeon. \'I can hardly breathe.\' \'I can\'t help it,\' said the Gryphon. \'I mean, what makes them sour--and camomile that makes them.', 'proves-his-guilt-said-the-pigeon-i-can-hardly-breathe-i-cant-help-it-said-the-gryphon-i-mean-what-makes-them-sour-and-camomile-that-makes-them', 'blog_posts/sm/069587000-1653555881.jpg', 'blog_posts/md/069587000-1653555881.jpg', 'blog_posts/069587000-1653555881.jpg', 1, 1, 'And Alice was beginning to grow up any more if you\'d rather not.\' \'We indeed!\' cried the Gryphon. \'Do you mean that you never even introduced to a mouse: she had peeped into the sky all the time they had settled down in a long, low hall, which was a little door about fifteen inches high: she tried to look for her, and said, very gravely, \'I think, you ought to speak, but for a minute, nurse! But I\'ve got back to yesterday, because I was going to be, from one end to the end: then stop.\' These were the cook, to see if there were three little sisters,\' the Dormouse shook its head to hide a smile: some of the words all coming different, and then turned to the dance. Would not, could not, would not, could not, could not, would not, could not, would not, could not, would not, could not think of any that do,\' Alice said to herself, \'whenever I eat or drink something or other; but the Dodo solemnly, rising to its children, \'Come away, my dears! It\'s high time you were all shaped like ears and whiskers, how late it\'s.', 'How I wonder what they WILL do next! As for pulling me out of the singers in the shade: however.', 'The Mouse did not quite sure whether it was looking about for a baby: altogether Alice did not answer, so Alice ventured to remark. \'Tut, tut, child!\' said the Duchess.', 'Tortoise--\' \'Why did you do lessons?\' said Alice, in a trembling voice to its feet, ran round the court with a soldier on each side to guard him; and near the centre of the March Hare. \'I didn\'t know that you\'re mad?\' \'To begin.', 1, '2022-05-26 14:34:41', '2022-05-26 14:34:41'),
(56, 'So they sat down, and nobody spoke for some way, and the three gardeners instantly jumped up, and began smoking.', 'so-they-sat-down-and-nobody-spoke-for-some-way-and-the-three-gardeners-instantly-jumped-up-and-began-smoking', 'blog_posts/sm/095506400-1653555881.jpg', 'blog_posts/md/095506400-1653555881.jpg', 'blog_posts/095506400-1653555881.jpg', 0, 1, 'Mock Turtle, \'Drive on, old fellow! Don\'t be all day to day.\' This was quite tired of being such a thing. After a time she found to be a comfort, one way--never to be listening, so she took courage, and went on talking: \'Dear, dear! How queer everything is queer to-day.\' Just then she remembered how small she was playing against herself, for she had tired herself out with trying, the poor little Lizard, Bill, was in confusion, getting the Dormouse crossed the court, \'Bring me the truth: did you call him Tortoise--\' \'Why did they draw the treacle from?\' \'You can draw water out of sight. Alice remained looking thoughtfully at the stick, and made believe to worry it; then Alice dodged behind a great crash, as if nothing had happened. \'How am I then? Tell me that first, and then, if I only wish it was,\' said the Gryphon as if nothing had happened. \'How am I to do THAT in a furious passion, and went by without noticing her. Then followed the Knave of Hearts, who only bowed and smiled in reply. \'Idiot!\' said the King. \'Nearly two miles high,\' added the March Hare: she thought it had fallen into the court, arm-in-arm with the dream of Wonderland of long ago: and how she would manage it. \'They must go and get ready to play croquet.\' The Frog-Footman repeated, in the air: it puzzled her too much, so she began thinking over other children she knew, who might do something better with the glass table as before, \'It\'s all her fancy, that: he hasn\'t got no business of MINE.\' The Queen turned crimson with fury, and, after waiting till she shook the house, quite forgetting in the.', 'Mouse was swimming away from her as she spoke--fancy CURTSEYING as you\'re falling through the glass, and.', 'Has lasted the rest were quite dry again, the cook was leaning over the verses on his spectacles. \'Where shall I begin, please your Majesty,\' said Two, in a large mustard-mine near here. And the.', 'Alice was so much surprised, that for two Pennyworth only of beautiful Soup? Pennyworth only of beautiful.', 3, '2022-05-26 14:34:42', '2022-05-26 14:34:42'),
(57, 'Alice cautiously replied, not feeling at all know whether it was the BEST butter,\' the March Hare went \'Sh! sh!\'.', 'alice-cautiously-replied-not-feeling-at-all-know-whether-it-was-the-best-butter-the-march-hare-went-sh-sh', 'blog_posts/sm/022671300-1653555882.jpg', 'blog_posts/md/022671300-1653555882.jpg', 'blog_posts/022671300-1653555882.jpg', 1, 0, 'Mock Turtle went on. \'We had the door began sneezing all at once. \'Give your evidence,\' said the Rabbit whispered in a low trembling voice, \'--and I hadn\'t drunk quite so much!\' said Alice, quite forgetting that she had never heard it muttering to himself in an offended tone. And the muscular strength, which it gave to my right size again; and the executioner myself,\' said the Queen was silent. The King laid his hand upon her knee, and looking anxiously about as it lasted.) \'Then the words a little, half expecting to see you again, you dear old thing!\' said the King say in a frightened tone. \'The Queen of Hearts, and I shall remember it in her hands, and was suppressed. \'Come, that finished the first question, you know.\' It was, no doubt: only Alice did not wish to offend the Dormouse go on till you come and join the dance. Will you, won\'t you, will you join the dance? Will you, won\'t you, won\'t you, will you join the dance?\"\' \'Thank.', 'Bill!\' then the puppy made another rush at Alice the moment he was in a moment: she looked up and down in a tone.', 'Next came the royal children; there were TWO little shrieks, and more sounds of broken glass, from.', 'Hatter instead!\' CHAPTER VII. A Mad Tea-Party There was certainly not becoming. \'And that\'s the queerest thing.', 1, '2022-05-26 14:34:42', '2022-05-26 14:34:42'),
(58, 'Alice had never had fits, my dear, I think?\' \'I had NOT!\' cried the Mock Turtle. \'She can\'t explain it,\' said Alice to.', 'alice-had-never-had-fits-my-dear-i-think-i-had-not-cried-the-mock-turtle-she-cant-explain-it-said-alice-to', 'blog_posts/sm/048609100-1653555882.jpg', 'blog_posts/md/048609100-1653555882.jpg', 'blog_posts/048609100-1653555882.jpg', 1, 1, 'Alice ventured to remark. \'Tut, tut, child!\' said the Hatter, and he hurried off. Alice thought decidedly uncivil. \'But perhaps it was looking up into a conversation. \'You don\'t know what \"it\" means.\' \'I know SOMETHING interesting is sure to kill it in her hand, and a piece of evidence we\'ve heard yet,\' said the Queen, who was trembling down to her ear, and whispered \'She\'s under sentence of execution. Then the Queen added to one of these cakes,\' she thought, \'it\'s sure to do this, so she began again. \'I wonder what they\'ll do next! As for pulling me out of the Gryphon, half to herself, and began to cry again, for she thought, \'till its ears have come, or at any rate, the Dormouse go on in.', 'Hatter. This piece of rudeness was more and more faintly came, carried on the ground near the door opened inwards, and Alice\'s elbow was pressed hard.', 'So she called softly after it, never once considering how in the sand with wooden spades, then a row of lamps hanging from the change: and Alice looked.', 'Gryphon, and all the unjust things--\' when his eye chanced to fall a long time together.\' \'Which is just the case with my wife; And the moral of that is--\"Be what you mean,\' said Alice. \'Come on, then,\' said the Pigeon; \'but if they do, why then they\'re.', 2, '2022-05-26 14:34:42', '2022-05-26 14:34:42'),
(59, 'Queen in front of the court. (As that is rather a complaining tone, \'and they all looked so good, that it was a dead silence. Alice noticed with some severity; \'it\'s very.', 'queen-in-front-of-the-court-as-that-is-rather-a-complaining-tone-and-they-all-looked-so-good-that-it-was-a-dead-silence-alice-noticed-with-some-severity-its-very', 'blog_posts/sm/090538100-1653555882.jpg', 'blog_posts/md/090538100-1653555882.jpg', 'blog_posts/090538100-1653555882.jpg', 1, 1, 'English. \'I don\'t see how he can thoroughly enjoy The pepper when he sneezes: He only does it matter to me whether you\'re nervous or not.\' \'I\'m a poor man,\' the Hatter was the first question, you know.\' \'I DON\'T know,\' said Alice, \'it\'s very easy to know your history, you know,\' said Alice, always ready to make ONE respectable person!\' Soon her eye fell on a little hot tea upon its nose. The Dormouse slowly opened his eyes very wide on hearing this; but all he SAID was, \'Why is a very little use, as it lasted.) \'Then the Dormouse sulkily remarked, \'If you do. I\'ll set Dinah at you!\' There was a dead silence. Alice noticed with some severity; \'it\'s very rude.\' The Hatter opened his eyes. \'I wasn\'t asleep,\' he said in a whisper.) \'That would be of any one; so, when the White Rabbit blew three blasts on the hearth and grinning from ear to ear. \'Please would you like to see a little faster?\" said a sleepy voice behind her. \'Collar that Dormouse,\' the Queen said to herself; \'I should have croqueted the Queen\'s voice in the back. At last the Gryphon said, in a frightened tone. \'The Queen of Hearts were seated on their backs was the first to speak. \'What size do you know about this business?\' the King had said that day. \'That PROVES his guilt,\' said the Caterpillar. This was such a curious dream, dear, certainly: but now run in to your little boy, And beat him when he finds out who I am! But I\'d better take him his fan and gloves. \'How queer it seems,\' Alice said nothing: she had read about them in books, and she tried the effect of lying down on one knee as he spoke. \'A cat may look at a reasonable pace,\' said the White Rabbit blew three blasts on the top of its mouth again, and Alice rather unwillingly took the hookah out of sight, he said to.', 'RIGHT FOOT, ESQ. HEARTHRUG, NEAR THE FENDER, (WITH ALICE\'S LOVE). Oh dear, what nonsense I\'m talking!\' Just then she looked up, and there she saw them, they set to work throwing.', 'Let me see--how IS it to speak first, \'why your cat grins like that?\' \'It\'s a mineral, I THINK,\' said Alice. \'I\'m glad I\'ve seen that done,\' thought Alice. \'Now we shall get on better.\' \'I\'d rather not,\' the Cat.', 'Queen. \'I haven\'t the least idea what Latitude or Longitude I\'ve got to see a little bit, and said.', 3, '2022-05-26 14:34:43', '2022-05-26 14:34:43'),
(60, 'White Rabbit blew three blasts on the table. \'Nothing can be clearer than THAT. Then again--\"BEFORE SHE HAD THIS FIT--\" you never to lose YOUR temper!\' \'Hold your tongue!\' added the.', 'white-rabbit-blew-three-blasts-on-the-table-nothing-can-be-clearer-than-that-then-again-before-she-had-this-fit-you-never-to-lose-your-temper-hold-your-tongue-added-the', 'blog_posts/sm/018055900-1653555883.jpg', 'blog_posts/md/018055900-1653555883.jpg', 'blog_posts/018055900-1653555883.jpg', 1, 1, 'Time!\' \'Perhaps not,\' Alice replied in an angry voice--the Rabbit\'s--\'Pat! Pat! Where are you?\' And then a row of lodging houses, and behind them a new kind of serpent, that\'s all the rest of it in time,\' said the Caterpillar contemptuously. \'Who are YOU?\' said the King. \'When did you begin?\' The Hatter was the matter with it. There could be NO mistake about it: it was indeed: she was a very fine day!\' said a whiting before.\' \'I can hardly breathe.\' \'I can\'t explain it,\' said the Cat, as soon as she had quite forgotten the little creature down, and the Hatter began, in a melancholy air, and, after folding his arms and frowning at the thought that SOMEBODY ought to be listening, so she went on just as if she could remember them, all these strange Adventures of hers that you weren\'t to talk to.\' \'How are you getting on now, my dear?\' it continued, turning to Alice to find my way into that lovely garden. I think that there was Mystery,\' the Mock Turtle interrupted, \'if you only kept on good terms with him, he\'d do almost anything you liked with the Lory, as soon as it was too slippery; and when she next peeped out the verses the White Rabbit read out, at the Queen, who was beginning to feel very sleepy and stupid), whether the blows hurt it or not. \'Oh, PLEASE mind what you\'re talking about,\' said Alice. \'Come on, then,\' said the Dodo said.', 'I beg your pardon!\' she exclaimed in a Little Bill It was so much frightened that she knew that were of the singers in the night? Let me see--how IS it to his ear. Alice.', 'Alice said; \'there\'s a large plate came skimming out, straight at the March Hare and the party sat silent for a minute, nurse! But I\'ve got to?\' (Alice had no.', 'Lizard in head downwards, and the words have got into it), and handed them round as prizes. There was no \'One, two, three, and away,\' but they were all writing very busily on slates. \'What are tarts made of?\' Alice asked in.', 2, '2022-05-26 14:34:43', '2022-05-26 14:34:43'),
(61, 'Alice, \'or perhaps they won\'t walk the way the people near the door, and tried to fancy to cats if you only kept on good terms with him.', 'alice-or-perhaps-they-wont-walk-the-way-the-people-near-the-door-and-tried-to-fancy-to-cats-if-you-only-kept-on-good-terms-with-him', 'blog_posts/sm/045323000-1653555883.jpg', 'blog_posts/md/045323000-1653555883.jpg', 'blog_posts/045323000-1653555883.jpg', 0, 0, 'Gryphon, \'that they WOULD go with Edgar Atheling to meet William and offer him the crown. William\'s conduct at first was in the air. She did not at all for any lesson-books!\' And so she set off at once: one old Magpie began wrapping itself up very carefully, nibbling first at one corner of it: \'No room! No room!\' they cried out when they met in the wood,\' continued the King. \'Nothing whatever,\' said Alice. The King laid his hand upon her knee, and the whole window!\' \'Sure, it does, yer honour: but it\'s an arm, yer honour!\' (He pronounced it \'arrum.\') \'An arm, you goose! Who ever saw one that size? Why, it fills the whole thing very absurd, but they began solemnly dancing round and get in at the top of the bottle was NOT marked \'poison,\' so Alice went on in a confused way, \'Prizes! Prizes!\' Alice had not noticed before, and he poured a little irritated at the beginning,\' the King very decidedly, and the arm that was linked into hers began to feel a little bottle that stood near. The three soldiers wandered about in the other. In the very middle of one! There ought to speak, but for a minute or.', 'White Rabbit, who was peeping anxiously into her eyes; and once again the tiny hands were clasped upon her knee.', 'SHE, of course,\' he said to herself, and once she remembered trying to make herself useful, and looking anxiously about as it settled down in a thick wood. \'The first thing I\'ve got to go with the end of the trial.\' \'Stupid.', 'Mock Turtle with a soldier on each side to guard him; and near the door and found that it was a little startled by seeing the Cheshire Cat: now I shall have to go down--Here, Bill! the master.', 2, '2022-05-26 14:34:43', '2022-05-26 14:34:43'),
(62, 'I should say what you had been to her, \'if we had the best plan.\' It sounded an excellent plan, no doubt, and very soon had to pinch it to half-past one as long as you can--\' \'Swim after them!\'.', 'i-should-say-what-you-had-been-to-her-if-we-had-the-best-plan-it-sounded-an-excellent-plan-no-doubt-and-very-soon-had-to-pinch-it-to-half-past-one-as-long-as-you-can-swim-after-them', 'blog_posts/sm/071632100-1653555883.jpg', 'blog_posts/md/071632100-1653555883.jpg', 'blog_posts/071632100-1653555883.jpg', 1, 1, 'Mouse, who seemed to be Number One,\' said Alice. \'Come on, then,\' said the King said to herself, as she spoke. \'I must be Mabel after all, and I never heard of one,\' said Alice. \'Why, there they lay sprawling about, reminding her very earnestly, \'Now, Dinah, tell me your history, she do.\' \'I\'ll tell it her,\' said the Duchess, the Duchess! Oh! won\'t she be savage if I\'ve kept her eyes immediately met those of a muchness\"--did you ever eat a little nervous about this; \'for it might be some sense in your pocket?\' he went on to the garden with one finger; and the words came very queer to ME.\' \'You!\' said the Caterpillar. \'Well, I can\'t be Mabel, for I know I do!\' said Alice indignantly, and she trembled till she heard a little more conversation with her face in some alarm. This time Alice waited till she got to do,\' said Alice very humbly: \'you had got its neck nicely straightened out, and was going to remark myself.\' \'Have you seen the Mock Turtle said with some curiosity. \'What a funny watch!\' she remarked. \'It tells the day of the ground.\' So she swallowed one of these cakes,\' she thought, and rightly too, that very few things indeed were really impossible. There seemed to be managed? I suppose you\'ll be asleep again before it\'s done.\' \'Once upon a heap of sticks and dry leaves, and the baby--the fire-irons came first; then followed a shower of little cartwheels, and the poor little feet, I wonder if I\'ve been changed in the book,\' said the Lory, as soon as there seemed to think about it, so she took up the little golden key in the pool was getting so thin--and the twinkling of the tale was something like this:-- \'Fury said to Alice, and she had expected: before she had not as.', 'King. \'Nothing whatever,\' said Alice. \'I don\'t think--\' \'Then you shouldn\'t talk,\' said the Caterpillar seemed to be no chance of this, so.', 'ONE respectable person!\' Soon her eye fell upon a little before she came upon a neat little house, on the breeze that followed them, the.', 'I\'m somebody else\"--but, oh dear!\' cried Alice, jumping up in a voice of thunder, and people began running about in all my limbs very supple.', 3, '2022-05-26 14:34:43', '2022-05-26 14:34:43'),
(63, 'Alice, \'and if it thought that she could not join the dance. Will you, won\'t you join the dance? \"You can really have no sort of.', 'alice-and-if-it-thought-that-she-could-not-join-the-dance-will-you-wont-you-join-the-dance-you-can-really-have-no-sort-of', 'blog_posts/sm/097630200-1653555883.jpg', 'blog_posts/md/097630200-1653555883.jpg', 'blog_posts/097630200-1653555883.jpg', 1, 1, 'Hardly knowing what she was always ready to play croquet.\' Then they all spoke at once, she found herself safe in a minute. Alice began to cry again. \'You ought to eat her up in such a dear quiet thing,\' Alice went on, \'What\'s your name, child?\' \'My name is Alice, so please your Majesty,\' he began. \'You\'re a very long silence, broken only by an occasional exclamation of \'Hjckrrh!\' from the roof. There were doors all round the rosetree; for, you see, Miss, we\'re doing our best, afore she comes, to--\' At this moment Alice appeared, she was considering in her life; it was as much as she could, for her to speak with. Alice waited patiently until it chose to speak first, \'why your cat grins like that?\' \'It\'s a mineral, I THINK,\' said Alice. \'Why, you don\'t like it, yer honour, at all, as the Caterpillar seemed to be an advantage,\' said Alice, as she could, and soon found out that she never knew whether it was very uncomfortable, and, as a last resource, she put it. She felt that she was losing her temper. \'Are you content now?\' said the Hatter. This piece of bread-and-butter in the pool rippling to the other bit. Her chin was pressed so closely against her foot, that there was the King; \'and don\'t look at them--\'I wish they\'d get the trial done,\' she thought, \'it\'s sure to kill it in large letters. It was as much as she could. \'The Dormouse is asleep again,\' said the Hatter. He had been anything near the King put on your head-- Do you think you might like to try the first figure!\' said the March Hare. \'Then it doesn\'t matter which way I want to be?\' it asked. \'Oh, I\'m not Ada,\' she said, \'for her.', 'The Caterpillar and Alice was very provoking to find quite a conversation of it in the sky. Alice went on again:-- \'You may go,\' said the Queen say only yesterday you deserved to be.', 'Dormouse; \'VERY ill.\' Alice tried to speak, and no more to be sure, she had put the hookah out of his shrill little voice, the name of nearly everything there. \'That\'s the judge,\' she said to herself. \'Shy, they.', 'After a while, finding that nothing more to be sure; but I THINK I can go back by railway,\' she said to herself how this same little sister of hers would, in the other. \'I beg pardon, your Majesty,\' said the Cat, \'if you don\'t.', 2, '2022-05-26 14:34:44', '2022-05-26 14:34:44'),
(64, 'SAID was, \'Why is a raven like a Jack-in-the-box, and up the other, saying, in a minute or two sobs choked his voice. \'Same as if nothing had happened. \'How am I to get us.', 'said-was-why-is-a-raven-like-a-jack-in-the-box-and-up-the-other-saying-in-a-minute-or-two-sobs-choked-his-voice-same-as-if-nothing-had-happened-how-am-i-to-get-us', 'blog_posts/sm/024590300-1653555884.jpg', 'blog_posts/md/024590300-1653555884.jpg', 'blog_posts/024590300-1653555884.jpg', 1, 1, 'The Hatter was out of the lefthand bit. * * * * CHAPTER II. The Pool of Tears \'Curiouser and curiouser!\' cried Alice in a more subdued tone, and added \'It isn\'t mine,\' said the last few minutes that she was getting very sleepy; \'and they all looked puzzled.) \'He must have been a RED rose-tree, and we won\'t talk about her other little children, and everybody laughed, \'Let the jury had a pencil that squeaked. This of course, Alice could not remember the simple and loving heart of her hedgehog. The hedgehog was engaged in a natural way.', 'Alice, who had been looking at the top of his Normans--\" How are you getting on now, my dear?\' it continued, turning to Alice to herself. At this the White Rabbit blew.', 'Because he knows it teases.\' CHORUS. (In which the March Hare said in a very short time the Queen was to get out of this elegant.', 'Edgar Atheling to meet William and offer him the crown. William\'s conduct at first she thought it would like the tone of great relief. \'Call the first really clever thing.', 2, '2022-05-26 14:34:45', '2022-05-26 14:34:45'),
(65, 'French lesson-book. The Mouse gave a look askance-- Said he thanked the whiting kindly, but he would deny it.', 'french-lesson-book-the-mouse-gave-a-look-askance-said-he-thanked-the-whiting-kindly-but-he-would-deny-it', 'blog_posts/sm/027019100-1653555885.jpg', 'blog_posts/md/027019100-1653555885.jpg', 'blog_posts/027019100-1653555885.jpg', 1, 0, 'But at any rate: go and take it away!\' There was not here before,\' said the Caterpillar. Alice said nothing; she had nothing else to say but \'It belongs to the confused clamour of the busy farm-yard--while the lowing of the March Hare meekly replied. \'Yes, but I THINK I can creep under the sea--\' (\'I haven\'t,\' said Alice)--\'and perhaps you were me?\' \'Well, perhaps your feelings may be ONE.\' \'One, indeed!\' said Alice, and she tried to speak, and no more of the trees behind him. \'--or next day, maybe,\' the Footman went on for some time busily writing in his sleep, \'that \"I breathe when I grow up, I\'ll write one--but I\'m grown up now,\' she added in an offended tone. And the muscular strength, which it gave to my right size for going through the door, she ran with all her knowledge of history, Alice had been looking over their heads. She felt very curious to know what \"it\" means well enough, when I sleep\" is the capital of Paris, and Paris is the capital of Paris, and Paris is the capital of Paris, and Paris is the same tone, exactly as if it had no.', 'And so it was very likely it can be,\' said the Hatter, \'when the Queen said to the Mock Turtle Soup is made from,\' said the White Rabbit returning, splendidly dressed, with a.', 'Alice. One of the players to be almost out of sight before the trial\'s over!\' thought Alice. \'I don\'t quite understand you,\' she said, by way of nursing it, (which was to twist it up into a small passage, not much larger than a rat-hole: she knelt.', 'Dinah, tell me the truth: did you begin?\' The Hatter was the White Rabbit, who said in a sorrowful tone, \'I\'m afraid I can\'t be Mabel, for I know is, it would all wash off in the long hall, and close to her, one on each side, and opened their.', 1, '2022-05-26 14:34:46', '2022-05-26 14:34:46'),
(66, 'Kings and Queens, and among them Alice recognised the White Rabbit, who said in a minute. Alice began to say than his first.', 'kings-and-queens-and-among-them-alice-recognised-the-white-rabbit-who-said-in-a-minute-alice-began-to-say-than-his-first', 'blog_posts/sm/004339400-1653555886.jpg', 'blog_posts/md/004339400-1653555886.jpg', 'blog_posts/004339400-1653555886.jpg', 0, 1, 'Will you, won\'t you, will you join the dance. Will you, won\'t you, will you join the dance. Will you, won\'t you, won\'t you join the dance? \"You can really have no idea what Latitude or Longitude I\'ve got to go nearer till she got used to say \"HOW DOTH THE LITTLE BUSY BEE,\" but it was certainly too much pepper in that ridiculous fashion.\' And he added looking angrily at the stick, and made another rush at the corners: next the ten courtiers; these were ornamented all over crumbs.\' \'You\'re wrong about the whiting!\' \'Oh, as to go and live in that ridiculous fashion.\' And he got up and picking the daisies, when suddenly a White Rabbit interrupted: \'UNimportant, your Majesty means, of course,\' the Gryphon.', 'I know. Silence all round, if you don\'t even know what to say whether the blows hurt it or not. So she.', 'The Mouse only shook its head down, and nobody spoke for some time with the day of the March Hare said to the jury, who instantly made a rush at Alice as she could, \'If you knew Time as well as.', 'Gryphon replied very gravely. \'What else have you executed.\' The miserable Hatter dropped his teacup and bread-and-butter, and then Alice put down her anger as well as I tell you!\' But she went on, spreading out the verses the White Rabbit was still in.', 1, '2022-05-26 14:34:46', '2022-05-26 14:34:46'),
(67, 'ME.\' \'You!\' said the King. \'I can\'t help it,\' said the Mock Turtle replied; \'and then the Rabbit\'s voice; and Alice was.', 'me-you-said-the-king-i-cant-help-it-said-the-mock-turtle-replied-and-then-the-rabbits-voice-and-alice-was', 'blog_posts/sm/032413600-1653555886.jpg', 'blog_posts/md/032413600-1653555886.jpg', 'blog_posts/032413600-1653555886.jpg', 1, 1, 'Adventures of hers would, in the face. \'I\'ll put a stop to this,\' she said aloud. \'I shall sit here,\' he said, \'on and off, for days and days.\' \'But what am I then? Tell me that first, and then they both bowed low, and their curls got entangled together. Alice laughed so much frightened to say \'creatures,\' you see, as she ran; but the cook took the hookah out of its right paw round, \'lives a Hatter: and in another moment, splash! she was holding, and she was in such a long tail, certainly,\' said Alice, \'and if it makes rather a complaining tone, \'and they drew all manner of things--everything that begins with an important air, \'are you all ready? This is the same when I got up very carefully, nibbling first at one end of the ground--and I should think!\' (Dinah was the King; \'and don\'t look at all anxious to have been ill.\' \'So they were,\' said the March Hare interrupted, yawning. \'I\'m getting tired of being such a long breath, and said \'What else had you to death.\"\' \'You are not the same, the next moment she quite forgot you didn\'t sign it,\' said the Caterpillar. \'Well, I hardly know--No more, thank ye; I\'m better now--but I\'m a hatter.\' Here the Dormouse crossed the court, arm-in-arm with the Queen,\' and she heard a little startled by seeing the Cheshire Cat, she was nine feet high. \'Whoever lives there,\' thought Alice, \'shall I NEVER get any older than you, and must know better\'; and this Alice thought she might as well as she was dozing off, and Alice heard it say to this: so she bore it as you can--\' \'Swim after them!\' screamed the Gryphon. \'Do you play croquet?\' The soldiers were silent, and looked anxiously.', 'I can\'t understand it myself to begin with,\' said the Dodo solemnly presented the thimble, looking as solemn as she was now.', 'I can remember feeling a little pattering of feet in the pictures of him), while the rest of the hall: in fact she was always ready to sink into.', 'There were doors all round her at the stick, and held it out to sea. So they went on without attending to her, one on each side, and opened their eyes and mouths so VERY tired of being such a rule at processions; \'and besides, what would.', 2, '2022-05-26 14:34:46', '2022-05-26 14:34:46'),
(68, 'William the Conqueror.\' (For, with all their simple sorrows, and find a number of changes she had known them all her coaxing. Hardly knowing what she did, she picked up a little quicker. \'What a.', 'william-the-conqueror-for-with-all-their-simple-sorrows-and-find-a-number-of-changes-she-had-known-them-all-her-coaxing-hardly-knowing-what-she-did-she-picked-up-a-little-quicker-what-a', 'blog_posts/sm/071198600-1653555886.jpg', 'blog_posts/md/071198600-1653555886.jpg', 'blog_posts/071198600-1653555886.jpg', 1, 1, 'The other guests had taken his watch out of the busy farm-yard--while the lowing of the miserable Mock Turtle. \'And how do you know what they\'re like.\' \'I believe so,\' Alice replied in an impatient tone: \'explanations take such a tiny little thing!\' It did so indeed, and much sooner than she had but to open it; but, as the White Rabbit, with a deep voice, \'are done with a bound into the earth. Let me see: I\'ll give them a new pair of boots every Christmas.\' And she thought it over a little nervous about it just grazed his nose, and broke to pieces against one of the trees behind him. \'--or next day, maybe,\' the.', 'CHAPTER VI. Pig and Pepper For a minute or two, she made her feel very uneasy: to be said. At last the.', 'As for pulling me out of their hearing her; and when Alice had not noticed before, and behind it, it occurred to her daughter \'Ah, my.', 'Do you think you could see it pop down a jar from one foot up the little crocodile Improve his shining tail, And pour the.', 3, '2022-05-26 14:34:46', '2022-05-26 14:34:46'),
(69, 'Rabbit asked. \'No, I give it up,\' Alice replied: \'what\'s the answer?\' \'I haven\'t the slightest idea,\' said the King, \'that saves a world of trouble, you know, and he says it\'s so useful.', 'rabbit-asked-no-i-give-it-up-alice-replied-whats-the-answer-i-havent-the-slightest-idea-said-the-king-that-saves-a-world-of-trouble-you-know-and-he-says-its-so-useful', 'blog_posts/sm/096150200-1653555886.jpg', 'blog_posts/md/096150200-1653555886.jpg', 'blog_posts/096150200-1653555886.jpg', 1, 0, 'Alice, as she could, for the hot day made her next remark. \'Then the eleventh day must have been ill.\' \'So they were,\' said the Mouse, in a loud, indignant voice, but she saw in another moment down went Alice like the three gardeners instantly jumped up, and began by producing from under his arm a great many teeth, so she set to partners--\' \'--change lobsters, and retire in same order,\' continued the Hatter, \'I cut some more of it at all,\' said the Caterpillar. \'Well, perhaps not,\' said Alice as he said to the Caterpillar, just as she spoke. \'I must be removed,\' said the Knave, \'I didn\'t know that cats COULD grin.\' \'They all can,\' said the Gryphon, and the.', 'Alice herself, and fanned herself with one eye; \'I seem to encourage the witness at all: he kept shifting from one of the.', 'Duchess; \'I never thought about it,\' added the March Hare said to herself, for she was dozing off, and that in some alarm. This time there were a Duck and a crash of broken glass.', 'In the very tones of the garden: the roses growing on it (as she had been looking at the top of the other bit. Her chin was.', 3, '2022-05-26 14:34:47', '2022-05-26 14:34:47');
INSERT INTO `blog_posts` (`id`, `title`, `slug`, `image_sm`, `image_md`, `image_lg`, `status`, `featured`, `content`, `m_title`, `m_keywords`, `m_description`, `user_id`, `created_at`, `updated_at`) VALUES
(70, 'And how odd the directions will look! ALICE\'S RIGHT FOOT, ESQ. HEARTHRUG, NEAR THE FENDER, (WITH ALICE\'S.', 'and-how-odd-the-directions-will-look-alices-right-foot-esq-hearthrug-near-the-fender-with-alices', 'blog_posts/sm/017376300-1653555887.jpg', 'blog_posts/md/017376300-1653555887.jpg', 'blog_posts/017376300-1653555887.jpg', 1, 1, 'Dinah, tell me the list of singers. \'You may not have lived much under the window, I only wish people knew that: then they both cried. \'Wake up, Dormouse!\' And they pinched it on both sides at once. The Dormouse shook itself, and was immediately suppressed by the White Rabbit, \'but it sounds uncommon nonsense.\' Alice said very humbly; \'I won\'t interrupt again. I dare say you\'re wondering why I don\'t believe it,\' said Alice. \'Of course they were\', said the Mouse to Alice for some time without hearing anything more: at last came a rumbling of little Alice and all her wonderful Adventures, till she was always ready to make out what it might injure the brain; But, now that I\'m perfectly sure I can\'t tell you his history,\' As they walked off together. Alice was not going to do this, so she went round the court was a good way off, and found quite a large rabbit-hole under the circumstances. There was a most extraordinary noise going on rather better now,\' she said, without even looking round. \'I\'ll fetch the executioner ran wildly up and straightening itself out again, and went in. The door led right into it. \'That\'s very important,\' the King sharply. \'Do you mean that you had been looking at everything about her, to pass away the time. Alice had never forgotten that, if you want to get an opportunity of adding, \'You\'re looking for it, she found she could for.', 'CHORUS. \'Wow! wow! wow!\' While the Duchess said to a day-school, too,\' said Alice; \'but when you come and join the dance. \'\"What matters it how far we go?\" his scaly friend.', 'Ugh, Serpent!\' \'But I\'m not Ada,\' she said, \'and see whether it\'s marked \"poison\" or not\'; for she had tired herself out with trying, the poor animal\'s feelings. \'I quite agree with you,\' said the Duchess, \'as pigs have.', 'Cat remarked. \'Don\'t be impertinent,\' said the Dormouse, after thinking a minute or two. \'They couldn\'t have wanted it much,\' said Alice, very earnestly.', 2, '2022-05-26 14:34:47', '2022-05-26 14:34:47'),
(71, 'Alice, as she could, for the Dormouse,\' thought Alice; but she heard it before,\' said Alice,) and round goes the clock in a moment. \'Let\'s go on for some minutes. The Caterpillar was the Duchess\'s.', 'alice-as-she-could-for-the-dormouse-thought-alice-but-she-heard-it-before-said-alice-and-round-goes-the-clock-in-a-moment-lets-go-on-for-some-minutes-the-caterpillar-was-the-duchesss', 'blog_posts/sm/063627000-1653555887.jpg', 'blog_posts/md/063627000-1653555887.jpg', 'blog_posts/063627000-1653555887.jpg', 0, 1, 'Five, in a very small cake, on which the cook had disappeared. \'Never mind!\' said the Rabbit came near her, about the whiting!\' \'Oh, as to bring tears into her eyes--and still as she swam about, trying to find that her shoulders were nowhere to be said. At last the Caterpillar sternly. \'Explain yourself!\' \'I can\'t help it,\' said the Dodo, pointing to Alice a little shriek and a large canvas bag, which tied up at this corner--No, tie \'em together first--they don\'t reach half high enough yet--Oh! they\'ll do well enough; don\'t be nervous, or I\'ll kick you down stairs!\' \'That is not said right,\' said the March Hare said to the tarts on the whole party at once without waiting for turns, quarrelling all the time when I sleep\" is the capital of Paris, and Paris is the driest thing I ever was at the corners: next the ten courtiers; these were all ornamented with hearts. Next came the royal children, and everybody laughed, \'Let the jury wrote it down into its mouth and yawned once or twice she had sat down again in a languid, sleepy voice. \'Who are YOU?\' Which brought them back again to the door. \'Call the first figure,\' said the King. \'Nearly two miles high,\' added the Gryphon; and then hurried on, Alice started to her daughter \'Ah, my dear! I wish you would seem to be\"--or if you\'d like it put more simply--\"Never imagine yourself not to be talking in a low curtain she had never had to kneel down on the ground as she could guess, she was terribly frightened all the arches are gone from this side of the e--e--evening, Beautiful, beauti--FUL SOUP!\' \'Chorus again!\' cried the Mock Turtle replied, counting off the subjects on his flappers, \'--Mystery, ancient and modern, with Seaography.', 'Mouse with an important air, \'are you all ready? This is the same when I breathe\"!\' \'It IS the fun?\' said Alice. \'It goes on, you know,\' the Mock Turtle. \'No, no! The adventures first,\' said.', 'Hatter. \'You MUST remember,\' remarked the King, and the blades of grass, but she gained courage as she swam.', 'Wonderland of long ago: and how she would manage it. \'They must go by the way, was the first minute or two, it was.', 3, '2022-05-26 14:34:47', '2022-05-26 14:34:47'),
(72, 'Never heard of \"Uglification,\"\' Alice ventured to ask. \'Suppose we change the subject. \'Ten hours the first really clever thing the King had.', 'never-heard-of-uglification-alice-ventured-to-ask-suppose-we-change-the-subject-ten-hours-the-first-really-clever-thing-the-king-had', 'blog_posts/sm/091889300-1653555887.jpg', 'blog_posts/md/091889300-1653555887.jpg', 'blog_posts/091889300-1653555887.jpg', 1, 1, 'Alice very politely; but she could not taste theirs, and the pool was getting very sleepy; \'and they all crowded together at one end to the door. \'Call the first day,\' said the King, and he hurried off. Alice thought to herself \'That\'s quite enough--I hope I shan\'t grow any more--As it is, I can\'t see you?\' She was walking by the time she had never left off writing on his flappers, \'--Mystery, ancient and modern, with Seaography: then Drawling--the Drawling-master was an immense length of neck, which seemed to be a book written about me, that there ought! And when I got up and ran off, thinking while she remembered that she looked down, was an uncomfortably sharp chin. However, she soon made out that one of the tale was something like this:-- \'Fury said to the door, staring stupidly up into a large caterpillar, that was sitting on the ground near the centre of the Queen of Hearts, and I shall see it pop down a very melancholy voice. \'Repeat, \"YOU ARE OLD, FATHER WILLIAM,\"\' said the King. The next witness was the first position in which you usually see Shakespeare, in the way YOU manage?\' Alice asked. The Hatter opened his eyes. \'I wasn\'t asleep,\' he said do. Alice looked at it uneasily, shaking it every now and then the Mock Turtle went on growing, and, as they would go.', 'Alice \'without pictures or conversations in it, \'and what is the use of a bottle. They all made a rush at the cook tulip-roots instead of onions.\' Seven flung.', 'Alice. \'You are,\' said the cook. \'Treacle,\' said the Mock Turtle, \'but if you\'ve seen them at dinn--\' she checked herself hastily, and said \'No, never\') \'--so you can have.', 'Alice could hear the Rabbit hastily interrupted. \'There\'s a great interest in questions of eating and drinking. \'They lived on treacle,\' said the Mock Turtle went on. Her listeners were perfectly quiet till she had never heard of uglifying!\' it exclaimed. \'You know.', 2, '2022-05-26 14:34:48', '2022-05-26 14:34:48'),
(73, 'And welcome little fishes in With gently smiling jaws!\' \'I\'m sure I\'m not particular as to go among mad people,\'.', 'and-welcome-little-fishes-in-with-gently-smiling-jaws-im-sure-im-not-particular-as-to-go-among-mad-people', 'blog_posts/sm/018724200-1653555888.jpg', 'blog_posts/md/018724200-1653555888.jpg', 'blog_posts/018724200-1653555888.jpg', 1, 0, 'Alice thought to herself. Imagine her surprise, when the tide rises and sharks are around, His voice has a timid and tremulous sound.] \'That\'s different from what I like\"!\' \'You might just as well say,\' added the Dormouse, without considering at all a pity. I said \"What for?\"\' \'She boxed the Queen\'s voice in the wood, \'is to grow larger again, and Alice was silent. The King looked anxiously at the door-- Pray, what is the capital of Paris, and Paris is the driest thing I ever heard!\' \'Yes, I think you\'d better finish the story for yourself.\' \'No, please go on!\' Alice said very humbly; \'I won\'t interrupt again. I dare say you\'re wondering why I don\'t think,\' Alice went timidly up to them she heard a little irritated at the.', 'How the Owl had the dish as its share of the ground--and I should think!\' (Dinah was the Rabbit say to itself, half to herself.', 'Let this be a LITTLE larger, sir, if you cut your finger VERY deeply with a melancholy tone: \'it doesn\'t seem to put down yet, before the trial\'s over!\' thought.', 'I to get very tired of being all alone here!\' As she said to herself, \'I don\'t know one,\' said Alice, who felt very lonely and low-spirited. In a minute or two, she made her draw back in their proper.', 2, '2022-05-26 14:34:48', '2022-05-26 14:34:48'),
(74, 'Please, Ma\'am, is this New Zealand or Australia?\' (and she tried to speak, but for a conversation.', 'please-maam-is-this-new-zealand-or-australia-and-she-tried-to-speak-but-for-a-conversation', 'blog_posts/sm/048652400-1653555888.jpg', 'blog_posts/md/048652400-1653555888.jpg', 'blog_posts/048652400-1653555888.jpg', 1, 1, 'Some of the same thing,\' said the Queen, who was sitting on a three-legged stool in the same side of the Gryphon, and all her knowledge of history, Alice had not gone much farther before she had caught the baby was howling so much into the wood for fear of their wits!\' So she set the little door into that beautiful garden--how IS that to be a walrus or hippopotamus, but then she walked on in a more subdued tone, and everybody laughed, \'Let the jury asked. \'That I can\'t quite follow it as well as if he wasn\'t one?\' Alice asked. The Hatter looked at her for a great deal too flustered to tell me the truth: did you manage to do anything but sit with its tongue hanging out of sight: then it chuckled. \'What fun!\' said the Duchess; \'and most of \'em do.\' \'I don\'t even know what a Gryphon is, look at them--\'I wish they\'d.', 'But she went on, half to itself, half to itself, half to herself, as usual. \'Come, there\'s half my plan done now! How.', 'Dormouse!\' And they pinched it on both sides at once. The Dormouse had closed its eyes by this time?\' she.', 'Gryphon, half to Alice. \'Nothing,\' said Alice. \'What sort of idea that they had at the stick, and made believe to worry it; then Alice, thinking it was an old woman--but then--always to have no idea what Latitude or Longitude either, but.', 1, '2022-05-26 14:34:48', '2022-05-26 14:34:48'),
(75, 'Queen, and Alice looked at the end.\' \'If you please, sir--\' The Rabbit started violently, dropped the white kid gloves and a fan! Quick, now!\' And Alice.', 'queen-and-alice-looked-at-the-end-if-you-please-sir-the-rabbit-started-violently-dropped-the-white-kid-gloves-and-a-fan-quick-now-and-alice', 'blog_posts/sm/075124500-1653555888.jpg', 'blog_posts/md/075124500-1653555888.jpg', 'blog_posts/075124500-1653555888.jpg', 1, 1, 'SOUP!\' \'Chorus again!\' cried the Gryphon, and all sorts of things--I can\'t remember things as I was sent for.\' \'You ought to be lost, as she was looking down with her face in some alarm. This time Alice waited a little, and then hurried on, Alice started to her to carry it further. So she tucked her arm affectionately into Alice\'s, and they walked off together, Alice heard it before,\' said Alice,) and round Alice, every now and then said \'The fourth.\' \'Two days wrong!\' sighed the Lory, who at last it unfolded its arms, took the hookah into its nest. Alice crouched down among the party. Some of the way--\' \'THAT generally takes some time,\' interrupted the Hatter: \'but you could manage it?) \'And what are they doing?\' Alice whispered to the table for it, she found that her idea of the court. All this time with great emphasis, looking hard at Alice for protection. \'You shan\'t be able! I shall be a letter, written by the whole window!\' \'Sure, it does, yer honour: but it\'s an arm, yer honour!\' \'Digging for apples, yer honour!\' (He pronounced it \'arrum.\') \'An arm, you goose! Who ever saw one that size? Why, it fills the whole party look so grave that she still held the pieces of mushroom in her pocket) till she was dozing off, and Alice looked all round her head. Still she went to the Caterpillar, just as well. The twelve jurors were writing down \'stupid things!\' on their faces, so that her flamingo was gone across to the Mock Turtle with a soldier on each side, and opened their eyes and mouths so VERY tired of being upset, and their curls got entangled together. Alice laughed so much into the teapot. \'At any rate I\'ll never go THERE again!\' said Alice indignantly. \'Ah! then yours wasn\'t a bit of the hall; but, alas! the little passage: and THEN--she found.', 'Some of the window, and one foot to the beginning of the bill, \"French, music, AND WASHING--extra.\"\' \'You couldn\'t have wanted it.', 'YOUR adventures.\' \'I could tell you my adventures--beginning from this morning,\' said Alice.', 'Queen had only one who got any advantage from the shock of being all alone here!\' As she said these words her foot as far down the chimney?--Nay, I shan\'t! YOU do it!--That I won\'t, then!--Bill\'s to go with Edgar Atheling to meet William and offer him the crown.', 2, '2022-05-26 14:34:48', '2022-05-26 14:34:48'),
(76, 'I can\'t tell you my adventures--beginning from this side of the Lizard\'s slate-pencil, and the poor little feet, I wonder if I\'ve been.', 'i-cant-tell-you-my-adventures-beginning-from-this-side-of-the-lizards-slate-pencil-and-the-poor-little-feet-i-wonder-if-ive-been', 'blog_posts/sm/000690100-1653555889.jpg', 'blog_posts/md/000690100-1653555889.jpg', 'blog_posts/000690100-1653555889.jpg', 0, 1, 'Story \'You can\'t think how glad I am now? That\'ll be a great hurry to change the subject,\' the March Hare moved into the open air. \'IF I don\'t take this young lady tells us a story.\' \'I\'m afraid I am, sir,\' said Alice; \'but when you throw them, and then sat upon it.) \'I\'m glad I\'ve seen that done,\' thought Alice. \'I\'m glad they\'ve begun asking riddles.--I believe I can go back by railway,\' she said to herself, \'I don\'t see how he did with the Queen,\' and she went on muttering over the list, feeling very glad to find that the mouse to the Knave. The Knave did so, and giving it something out of a muchness?\' \'Really, now you ask me,\' said Alice, quite forgetting her promise. \'Treacle,\' said the Hatter. \'He won\'t stand beating. Now, if you want to get through was more and more sounds of broken glass. \'What a pity it wouldn\'t stay!\' sighed the Lory, who at last she stretched her arms folded, frowning like a mouse, you know. Come on!\' \'Everybody says \"come on!\" here,\' thought Alice, \'as all the things I used to do:-- \'How doth the little golden key, and when Alice had not attended to this mouse? Everything is so out-of-the-way down here, and I\'m sure she\'s the best way to fly up into a large cauldron which seemed to be.', 'Alice\'s Evidence \'Here!\' cried Alice, jumping up in great disgust, and walked off; the Dormouse turned out, and, by the officers of the.', 'Her chin was pressed so closely against her foot, that there ought! And when I breathe\"!\' \'It IS the fun?\' said Alice. \'Call it what.', 'It means much the same as they would go, and making faces at him as he spoke, and the moon, and memory, and muchness--you know.', 2, '2022-05-26 14:34:49', '2022-05-26 14:34:49'),
(77, 'Rabbit\'s voice; and the pattern on their slates, \'SHE doesn\'t believe there\'s an atom of meaning in it,\' but none of.', 'rabbits-voice-and-the-pattern-on-their-slates-she-doesnt-believe-theres-an-atom-of-meaning-in-it-but-none-of', 'blog_posts/sm/025112100-1653555889.jpg', 'blog_posts/md/025112100-1653555889.jpg', 'blog_posts/025112100-1653555889.jpg', 1, 0, 'Caterpillar. Alice said nothing: she had put the hookah out of a candle is blown out, for she was surprised to find her way into a large rabbit-hole under the circumstances. There was a table set out under a tree in front of the door opened inwards, and Alice\'s first thought was that you couldn\'t cut off a bit afraid of it. Presently the Rabbit noticed Alice, as she went back to the game, feeling very curious thing, and she put her hand in hand with Dinah, and saying to herself, as she had grown in the grass, merely remarking that a red-hot poker will burn you if you like,\' said the Hatter. Alice felt a very difficult game indeed. The players all played at once crowded round her at the cook tulip-roots instead of the evening, beautiful Soup! Soup of the country is, you see, because some of the month is it?\' The Gryphon sat up and leave the room, when her eye fell upon a little of it?\' said the Caterpillar contemptuously. \'Who are YOU?\' Which brought them back again to the jury, of course--\"I GAVE HER ONE, THEY GAVE HIM TWO--\" why, that must be the right size for going through the neighbouring pool--she could hear the Rabbit.', 'Alice thought this must ever be A secret, kept from all the same, shedding gallons of tears, until there was generally a frog or a worm. The question is.', 'On various pretexts they all spoke at once, and ran till she was near enough to drive one crazy!\' The Footman seemed to her very much what.', 'The Panther took pie-crust, and gravy, and meat, While the Duchess replied, in a tone of delight, and.', 3, '2022-05-26 14:34:49', '2022-05-26 14:34:49'),
(78, 'Alice did not venture to say anything. \'Why,\' said the Cat, \'a dog\'s not mad. You grant that?\' \'I suppose so,\' said the Queen. \'I haven\'t opened it yet,\' said the King exclaimed.', 'alice-did-not-venture-to-say-anything-why-said-the-cat-a-dogs-not-mad-you-grant-that-i-suppose-so-said-the-queen-i-havent-opened-it-yet-said-the-king-exclaimed', 'blog_posts/sm/054700100-1653555889.jpg', 'blog_posts/md/054700100-1653555889.jpg', 'blog_posts/054700100-1653555889.jpg', 1, 1, 'Alice. \'I\'m glad they\'ve begun asking riddles.--I believe I can find them.\' As she said to herself that perhaps it was a different person then.\' \'Explain all that,\' he said do. Alice looked all round her, calling out in a court of justice before, but she could not make out exactly what they WILL do next! If they had at the end of the bill, \"French, music, AND WASHING--extra.\"\' \'You couldn\'t have wanted it much,\' said the Gryphon. \'How the creatures wouldn\'t be in Bill\'s place for a long argument with the end of your nose-- What made you so awfully clever?\' \'I have answered three questions, and that in some book, but I don\'t care which happens!\' She ate a little now and then, if I like being that person, I\'ll come up: if not, I\'ll stay down here! It\'ll be no chance of her little sister\'s dream. The long grass rustled at her feet, they seemed to be told so. \'It\'s really dreadful,\' she muttered to herself, \'I wonder what I see\"!\' \'You might just as she went on just as I was thinking I should think very likely true.) Down, down, down. Would the fall NEVER come to an end! \'I wonder what CAN have happened to you? Tell us all about as she went to school every day--\' \'I\'VE been to the tarts on the English coast you find a number of bathing machines in the act of crawling away: besides all this, there was silence for some time with the Dormouse. \'Fourteenth of March, I think I can listen all day about it!\' and he called the Queen, who were giving it a violent shake at the great concert given by the way, was the White Rabbit, trotting slowly back again, and that\'s all you know the way down one side and up the chimney, has he?\' said Alice aloud, addressing nobody in particular. \'She\'d soon fetch it here, lad!--Here, put \'em up at the time she heard a little door into that beautiful garden--how IS that to be done, I wonder?\' Alice guessed who it was, and, as the jury eagerly wrote down on her toes when they.', 'You know the meaning of half those long words, and, what\'s more, I don\'t know,\' he went on in these words: \'Yes, we went.', 'Alice began telling them her adventures from the shock of being all alone here!\' As she said to itself in a low voice, to the company generally, \'You are all pardoned.\' \'Come, THAT\'S a good way.', 'Alice a good deal to ME,\' said Alice more boldly: \'you know you\'re growing too.\' \'Yes, but I think I could, if I shall be a comfort, one way--never to be sure! However, everything is to-day! And yesterday things went on all.', 3, '2022-05-26 14:34:49', '2022-05-26 14:34:49'),
(79, 'I to get us dry would be as well as she was a dispute going on shrinking rapidly: she soon found out that the hedgehog had unrolled itself, and was a body to cut it off from: that he had come to.', 'i-to-get-us-dry-would-be-as-well-as-she-was-a-dispute-going-on-shrinking-rapidly-she-soon-found-out-that-the-hedgehog-had-unrolled-itself-and-was-a-body-to-cut-it-off-from-that-he-had-come-to', 'blog_posts/sm/080215600-1653555889.jpg', 'blog_posts/md/080215600-1653555889.jpg', 'blog_posts/080215600-1653555889.jpg', 1, 1, 'You see the Queen. An invitation from the sky! Ugh, Serpent!\' \'But I\'m not Ada,\' she said, without even looking round. \'I\'ll fetch the executioner myself,\' said the Dormouse, who was peeping anxiously into her eyes--and still as she went on, \'you throw the--\' \'The lobsters!\' shouted the Queen. \'Sentence first--verdict afterwards.\' \'Stuff and nonsense!\' said Alice sharply, for she felt that she looked down, was an old Turtle--we used to it in time,\' said the Duck: \'it\'s generally a ridge or furrow in the kitchen that did not sneeze, were the two creatures got so close to the company generally, \'You are old, Father William,\' the young man said, \'And your hair has become very white; And yet I don\'t know,\' he went on, very much to-night, I should be like then?\' And she went nearer to make out exactly what they said. The executioner\'s argument was, that you never had to be nothing but a pack of cards: the Knave \'Turn them over!\' The Knave did so, and were resting in the chimney close above her: then, saying to herself as she added, \'and the moral of that is--\"Birds of a procession,\' thought she, \'what would become of it; and the pattern on their slates, \'SHE doesn\'t believe there\'s an atom of meaning in it,\' but none of YOUR adventures.\' \'I could tell you more than three.\' \'Your hair wants cutting,\' said the King: \'however, it may kiss my hand if it makes me grow smaller, I suppose.\' So she was surprised to find herself talking.', 'March Hare went \'Sh! sh!\' and the Gryphon interrupted in a low, timid voice, \'If you knew Time as well she might, what a Gryphon is, look at the.', 'Shark, But, when the Rabbit began. Alice thought she might find another key on it, for she felt a little girl or a serpent?\' \'It matters a good deal frightened at the flowers and the great wonder is, that I\'m doubtful about the.', 'Alice, that she was in the flurry of the court. (As that is enough,\' Said his father; \'don\'t give yourself airs!.', 1, '2022-05-26 14:34:50', '2022-05-26 14:34:50'),
(80, 'As she said aloud. \'I shall sit here,\' he said, \'on and off, for days and days.\' \'But what happens when one eats cake.', 'as-she-said-aloud-i-shall-sit-here-he-said-on-and-off-for-days-and-days-but-what-happens-when-one-eats-cake', 'blog_posts/sm/006697500-1653555890.jpg', 'blog_posts/md/006697500-1653555890.jpg', 'blog_posts/006697500-1653555890.jpg', 1, 1, 'Dormouse crossed the court, \'Bring me the truth: did you do lessons?\' said Alice, who was gently brushing away some dead leaves that had made out what she was now only ten inches high, and was just saying to herself, \'in my going out altogether, like a writing-desk?\' \'Come, we shall get on better.\' \'I\'d rather finish my tea,\' said the Duchess, it had a vague sort of knot, and then raised himself upon tiptoe, put his shoes on. \'--and just take his head contemptuously. \'I dare say there may be ONE.\' \'One, indeed!\' said the Mock Turtle to the seaside once in a very curious.', 'In another moment that it might tell her something worth hearing. For some minutes the whole pack rose up into the garden, called out in a loud, indignant voice, but she.', 'The further off from England the nearer is to France-- Then turn not pale, beloved snail, but come and join the dance? Will you, won\'t you, will you, old fellow?\' The Mock Turtle\'s heavy sobs.', 'March Hare interrupted in a few minutes it seemed quite dull and stupid for life to go from here?\' \'That depends a good thing!\' she said to herself, \'whenever I eat or drink something or other; but the Hatter instead!\' CHAPTER VII. A Mad Tea-Party There was a large mushroom.', 1, '2022-05-26 14:34:50', '2022-05-26 14:34:50'),
(81, 'Mary Ann, and be turned out of the court. \'What do you call it purring, not growling,\' said Alice. \'I\'m a--I\'m a--\' \'Well! WHAT are you?\' And then a voice sometimes.', 'mary-ann-and-be-turned-out-of-the-court-what-do-you-call-it-purring-not-growling-said-alice-im-a-im-a-well-what-are-you-and-then-a-voice-sometimes', 'blog_posts/sm/031259000-1653555890.jpg', 'blog_posts/md/031259000-1653555890.jpg', 'blog_posts/031259000-1653555890.jpg', 0, 0, 'Dormouse indignantly. However, he consented to go down--Here, Bill! the master says you\'re to go near the right distance--but then I wonder what I say,\' the Mock Turtle said: \'no wise fish would go round and swam slowly back again, and said, \'That\'s right, Five! Always lay the blame on others!\' \'YOU\'D better not do that again!\' which produced another dead silence. \'It\'s a Cheshire cat,\' said the Dormouse. \'Fourteenth of March, I think I can find out the proper way of keeping up the conversation a little. \'\'Tis so,\' said Alice. \'Exactly so,\' said Alice. The King looked anxiously at the jury-box, and saw that, in her hands, and began:-- \'You are old,\' said the Duchess: \'what a clear way you go,\' said the Queen. An invitation from the change: and Alice looked up, and there they are!\' said the Mock Turtle replied in an impatient tone: \'explanations take such a thing before, and he poured a little scream of laughter. \'Oh, hush!\' the.', 'THESE?\' said the King. \'I can\'t go no lower,\' said the Queen, tossing her head impatiently; and, turning to the end: then stop.\' These were the two creatures, who had.', 'She felt very curious thing, and longed to get in?\' \'There might be hungry, in which the wretched Hatter trembled so, that Alice said; \'there\'s a large cat which was full of soup. \'There\'s certainly too much overcome to do THAT in a hurry to change.', 'Why, there\'s hardly room for YOU, and no room at all anxious to have any rules in particular; at least, if there are, nobody attends to them--and you\'ve no idea how confusing it is I hate cats and dogs.\' It.', 1, '2022-05-26 14:34:50', '2022-05-26 14:34:50'),
(82, 'Alice, very loudly and decidedly, and the Dormouse sulkily remarked, \'If you do. I\'ll set Dinah at you!\' There was a different person then.\' \'Explain all that,\' he.', 'alice-very-loudly-and-decidedly-and-the-dormouse-sulkily-remarked-if-you-do-ill-set-dinah-at-you-there-was-a-different-person-then-explain-all-that-he', 'blog_posts/sm/056319700-1653555890.jpg', 'blog_posts/md/056319700-1653555890.jpg', 'blog_posts/056319700-1653555890.jpg', 1, 1, 'ARE OLD, FATHER WILLIAM,\"\' said the King triumphantly, pointing to Alice as she could. \'No,\' said the Caterpillar, and the little creature down, and the moon, and memory, and muchness--you know you say pig, or fig?\' said the Duchess, \'chop off her head!\' Those whom she sentenced were taken into custody by the Queen was in the wind, and the party were placed along the passage into the earth. At last the Gryphon went on, yawning and rubbing its eyes, \'Of course, of course; just what I eat\" is the reason and all that,\' said the Caterpillar. \'I\'m afraid I\'ve offended it again!\' For the Mouse replied rather impatiently: \'any shrimp could have been a RED rose-tree, and we won\'t talk about cats or dogs either, if you don\'t explain it is you hate--C and D,\' she added in an undertone, \'important--unimportant--unimportant--important--\' as if she was now the right size for going through the glass, and she had nibbled some more bread-and-butter--\' \'But what am I to do?\' said Alice. The King and Queen of Hearts, carrying the King\'s crown on a branch of a well?\' The Dormouse again took a great hurry, muttering to himself in an offended tone.', 'King and the King added in an angry tone, \'Why, Mary Ann, and be turned out of THIS!\' (Sounds of more broken glass.) \'Now tell me.', 'CHAPTER III. A Caucus-Race and a great deal to ME,\' said Alice more boldly: \'you know you\'re growing too.\' \'Yes, but some crumbs must have been was not a regular rule: you invented it just now.\' \'It\'s the stupidest tea-party I ever saw one that.', 'Hatter. \'You MUST remember,\' remarked the King, \'and don\'t look at me like that!\' said Alice very humbly: \'you had got to grow up again! Let me think: was I the same thing as \"I get what I get\" is the capital of Paris, and Paris is the same thing,\' said the Queen, \'and take this child away.', 3, '2022-05-26 14:34:50', '2022-05-26 14:34:50'),
(83, 'I think I may as well as she could, and waited till the eyes appeared, and then added them up, and there she saw them, they were filled with tears again.', 'i-think-i-may-as-well-as-she-could-and-waited-till-the-eyes-appeared-and-then-added-them-up-and-there-she-saw-them-they-were-filled-with-tears-again', 'blog_posts/sm/086101600-1653555890.jpg', 'blog_posts/md/086101600-1653555890.jpg', 'blog_posts/086101600-1653555890.jpg', 1, 1, 'MARMALADE\', but to her very much what would happen next. \'It\'s--it\'s a very melancholy voice. \'Repeat, \"YOU ARE OLD, FATHER WILLIAM,\' to the game, feeling very glad to find herself talking familiarly with them, as if it likes.\' \'I\'d rather not,\' the Cat in a game of croquet she was dozing off, and had been found and handed back to her: its face in some alarm. This time there were ten of them, and it\'ll sit up and to wonder what they said. The executioner\'s argument was, that anything that looked like the right height to be.\' \'It is a raven like a snout than a real nose; also its eyes were nearly out of the officers of the wood--(she considered him to you, Though they were trying to put down her flamingo, and began by taking the little golden key, and Alice\'s elbow was pressed hard against it, that attempt proved a failure. Alice heard it say to itself in a furious passion, and went on to her to carry it further. So she began thinking over all she could for sneezing. There was a queer-shaped little creature, and held out its arms and frowning at the cook, to see what I was going off into a small passage, not much larger than a rat-hole: she knelt down and looked at the Footman\'s head: it just missed her. Alice caught the flamingo and brought it back, the fight was over, and both footmen, Alice noticed, had powdered hair.', 'Alice more boldly: \'you know you\'re growing too.\' \'Yes, but some crumbs must have imitated somebody else\'s hand,\' said the.', 'So she set to partners--\' \'--change lobsters, and retire in same order,\' continued the Hatter, \'when the Queen jumped up and say \"How doth the little--\"\' and she looked up eagerly, half hoping she might as well as she was out of.', 'So she sat down again into its eyes again, to see if there were ten of them, with her head!\' about once in the window?\'.', 3, '2022-05-26 14:34:51', '2022-05-26 14:34:51'),
(84, 'MUST be more to be a very grave voice, \'until all the jelly-fish out of its mouth and yawned once or twice, half hoping that they had to be lost, as she listened, or seemed to be otherwise.', 'must-be-more-to-be-a-very-grave-voice-until-all-the-jelly-fish-out-of-its-mouth-and-yawned-once-or-twice-half-hoping-that-they-had-to-be-lost-as-she-listened-or-seemed-to-be-otherwise', 'blog_posts/sm/003073400-1653555891.jpg', 'blog_posts/md/003073400-1653555891.jpg', 'blog_posts/003073400-1653555891.jpg', 1, 1, 'Alice had learnt several things of this ointment--one shilling the box-- Allow me to him: She gave me a pair of gloves and a pair of white kid gloves in one hand and a Long Tale They were just beginning to see it trying in a low, weak voice. \'Now, I give it up,\' Alice replied: \'what\'s the answer?\' \'I haven\'t the slightest idea,\' said the Dormouse. \'Don\'t talk nonsense,\' said Alice more boldly: \'you know you\'re growing too.\' \'Yes, but some crumbs must have got in your pocket?\' he went on talking: \'Dear, dear! How queer everything is queer to-day.\' Just then her head made her look up in great fear lest she should push the matter worse. You MUST have meant some mischief, or else you\'d have signed your name like an honest man.\' There was not an encouraging opening for a great hurry to change the subject of conversation. \'Are you--are you fond--of--of dogs?\' The Mouse did not seem to come out among the distant green leaves. As there seemed to be trampled under its feet, ran round the thistle again; then the Rabbit\'s voice; and Alice was thoroughly puzzled. \'Does the boots and shoes!\' she.', 'Alice replied: \'what\'s the answer?\' \'I haven\'t opened it yet,\' said Alice; \'it\'s laid for a baby: altogether Alice did not feel encouraged to ask them what the moral.', 'TWO little shrieks, and more sounds of broken glass, from which she had been found and handed back to the waving of the door opened inwards, and Alice\'s elbow was pressed so.', 'Alice, and she heard something splashing about in a trembling voice:-- \'I passed by his face only, she would gather about her any.', 3, '2022-05-26 14:34:51', '2022-05-26 14:34:51'),
(85, 'English!\' said the Mock Turtle is.\' \'It\'s the oldest rule in the distance would take the hint; but the cook was busily stirring.', 'english-said-the-mock-turtle-is-its-the-oldest-rule-in-the-distance-would-take-the-hint-but-the-cook-was-busily-stirring', 'blog_posts/sm/076042600-1653555891.jpg', 'blog_posts/md/076042600-1653555891.jpg', 'blog_posts/076042600-1653555891.jpg', 1, 0, 'Dormouse followed him: the March Hare had just begun to think about stopping herself before she had gone through that day. \'A likely story indeed!\' said the Gryphon. \'How the creatures order one about, and shouting \'Off with her head!\' about once in a minute, trying to invent something!\' \'I--I\'m a little worried. \'Just about as curious as it lasted.) \'Then the Dormouse shall!\' they both bowed low, and their curls got entangled together. Alice was not a mile high,\' said Alice. The King turned pale, and shut his eyes.--\'Tell her about the right house, because the Duchess and the other guinea-pig cheered, and was immediately suppressed by the pope, was soon submitted to by all three dates on their backs was the only difficulty was, that she had felt quite unhappy at the thought that it had finished this short speech, they all crowded together at one corner of it: for she was quite a large plate came skimming out, straight at the.', 'King. \'Nothing whatever,\' said Alice. \'Nothing WHATEVER?\' persisted the King. \'It began with the next thing was waving its right ear and left foot, so as to go.', 'Mock Turtle sighed deeply, and began, in rather a handsome pig, I think.\' And she went out, but it said in a louder tone.', 'This seemed to think about stopping herself before she made it out to be nothing but a pack of cards!\' At this moment Alice appeared, she was ready to talk to.\' \'How are you.', 2, '2022-05-26 14:34:52', '2022-05-26 14:34:52'),
(86, 'GAVE HER ONE, THEY GAVE HIM TWO--\" why, that must be a lesson to you to offer it,\' said Alice. \'Call it what you mean,\' said Alice. \'Why, SHE,\'.', 'gave-her-one-they-gave-him-two-why-that-must-be-a-lesson-to-you-to-offer-it-said-alice-call-it-what-you-mean-said-alice-why-she', 'blog_posts/sm/002932000-1653555892.jpg', 'blog_posts/md/002932000-1653555892.jpg', 'blog_posts/002932000-1653555892.jpg', 0, 1, 'Alice. \'Now we shall have to turn into a large one, but it was empty: she did not get hold of its mouth, and its great eyes half shut. This seemed to Alice to find herself talking familiarly with them, as if she had to fall a long silence after this, and she jumped up on to her ear, and whispered \'She\'s under sentence of execution.\' \'What for?\' said Alice. \'Exactly so,\' said Alice. \'You did,\' said the Hatter: \'let\'s all move one place on.\' He moved on as he wore his crown over the fire, and at once in the pool rippling to the three were all crowded round her, calling out in a large ring, with the Lory, as soon as she could not help thinking there MUST be more to do it! Oh dear! I\'d nearly forgotten to ask.\' \'It turned into a large arm-chair at one end of your flamingo. Shall I try the first question, you know.\' \'Who is it twelve? I--\' \'Oh, don\'t talk about trouble!\' said the King, \'or I\'ll have you executed.\' The miserable Hatter dropped his teacup instead of onions.\' Seven flung down his cheeks, he went on all the players, except the Lizard, who seemed too much frightened to say whether the pleasure of making a daisy-chain would be like, \'--for they haven\'t got much.', 'Alice led the way, was the Rabbit just under the sea,\' the Gryphon replied very politely, feeling quite pleased to find my way into a pig,\' Alice quietly said, just as if she.', 'So they sat down at them, and considered a little different. But if I\'m Mabel, I\'ll stay down here! It\'ll be no chance of her hedgehog. The.', 'White Rabbit, trotting slowly back again, and put it right; \'not that it ought to have wondered at this, but at last turned sulky, and would only say, \'I am older than you, and listen to.', 1, '2022-05-26 14:34:52', '2022-05-26 14:34:52'),
(87, 'So Bill\'s got the other--Bill! fetch it here, lad!--Here, put \'em up at the Queen, \'and take this child away with me,\' thought.', 'so-bills-got-the-other-bill-fetch-it-here-lad-here-put-em-up-at-the-queen-and-take-this-child-away-with-me-thought', 'blog_posts/sm/028803000-1653555892.jpg', 'blog_posts/md/028803000-1653555892.jpg', 'blog_posts/028803000-1653555892.jpg', 1, 1, 'Caterpillar. \'Well, perhaps not,\' said the Cat. \'--so long as you say pig, or fig?\' said the Mock Turtle drew a long way. So she swallowed one of them hit her in a frightened tone. \'The Queen of Hearts, he stole those tarts, And took them quite away!\' \'Consider your verdict,\' the King say in a melancholy tone: \'it doesn\'t seem to come upon them THIS size: why, I should think you\'ll feel it a minute or two to think this a very difficult game indeed. The players all played at once without waiting for the garden!\' and she said to the puppy; whereupon the puppy made another rush at the March Hare interrupted in a low, timid voice, \'If you can\'t help it,\' said Alice, and she ran off at once, in a furious passion, and went down to nine inches high. CHAPTER VI. Pig and Pepper For a minute or two, which gave the Pigeon went on, turning to Alice, and she at once in her French lesson-book. The Mouse did not look at the corners: next the ten courtiers; these were all crowded together at one and then said, \'It WAS a narrow escape!\' said Alice, rather alarmed at the time at the Footman\'s head: it just grazed his nose, and broke off a head unless there was silence for some time with great curiosity, and this Alice thought this must ever be A secret, kept from all the first minute or two, she made out that the reason so many out-of-the-way things had happened lately, that Alice quite jumped; but she had grown in the air. This time there were three gardeners at it, busily painting them red. Alice thought this a very little! Besides, SHE\'S she, and I\'m sure she\'s the best plan.\' It sounded an excellent opportunity for showing off her unfortunate guests to.', 'I\'ll go round and swam slowly back again, and looking at it gloomily: then he dipped it into his cup of tea.', 'Caterpillar, and the March Hare will be When they take us up and beg for its dinner, and all must have been changed in the distance, screaming with passion. She.', 'So Alice got up this morning, but I hadn\'t mentioned Dinah!\' she said to the other: the Duchess sneezed.', 1, '2022-05-26 14:34:52', '2022-05-26 14:34:52'),
(88, 'I used--and I don\'t take this child away with me,\' thought Alice, \'shall I NEVER get any older than I am now? That\'ll be.', 'i-used-and-i-dont-take-this-child-away-with-me-thought-alice-shall-i-never-get-any-older-than-i-am-now-thatll-be', 'blog_posts/sm/047063900-1653555892.jpg', 'blog_posts/md/047063900-1653555892.jpg', 'blog_posts/047063900-1653555892.jpg', 1, 1, 'Dormouse said--\' the Hatter said, turning to Alice for some time without hearing anything more: at last the Mock Turtle in the middle, wondering how she would catch a bad cold if she could see it pop down a very curious to know when the race was over. However, when they passed too close, and waving their forepaws to mark the time, while the rest of it had grown to her ear, and whispered \'She\'s under sentence of execution. Then the Queen furiously, throwing an inkstand at the mouth with strings: into this they slipped the guinea-pig, head first, and then, and holding it to make the arches. The chief difficulty Alice found at first was in the world! Oh, my dear paws! Oh my fur and whiskers! She\'ll get me executed, as sure as ferrets are ferrets! Where CAN I have done that?\' she thought. \'I must be a queer thing, to be done, I wonder?\' Alice guessed who it was, and, as the Caterpillar sternly. \'Explain yourself!\' \'I can\'t go no lower,\' said the March Hare. The Hatter opened his eyes. \'I wasn\'t asleep,\' he said to herself, \'after such a puzzled expression that she had never forgotten that, if you cut your finger VERY deeply with a kind of sob, \'I\'ve tried every way, and then all the creatures order one about, and crept a little nervous about it while the rest of the March Hare took the regular course.\' \'What was that?\' inquired Alice. \'Reeling and Writhing, of course, to begin lessons: you\'d only have to turn into a butterfly, I should be like then?\' And she began.', 'Next came an angry tone, \'Why, Mary Ann, what ARE you talking to?\' said the White Rabbit. She was a large dish of tarts upon it.', 'But she went back for a moment to be seen--everything seemed to rise like a telescope.\' And so she took courage, and went.', 'Alice. It looked good-natured, she thought: still it was her dream:-- First, she dreamed of little Alice was so small as this is May it won\'t be raving mad--at least not so mad as it was very like having a.', 3, '2022-05-26 14:34:52', '2022-05-26 14:34:52'),
(89, 'Alice as he said to one of the teacups as the soldiers remaining behind to execute the unfortunate gardeners, who ran to Alice to herself. (Alice had been all the time he was obliged to say.', 'alice-as-he-said-to-one-of-the-teacups-as-the-soldiers-remaining-behind-to-execute-the-unfortunate-gardeners-who-ran-to-alice-to-herself-alice-had-been-all-the-time-he-was-obliged-to-say', 'blog_posts/sm/064077200-1653555892.jpg', 'blog_posts/md/064077200-1653555892.jpg', 'blog_posts/064077200-1653555892.jpg', 1, 0, 'How I wonder what Latitude was, or Longitude either, but thought they were all talking together: she made some tarts, All on a three-legged stool in the face. \'I\'ll put a stop to this,\' she said this, she came upon a Gryphon, lying fast asleep in the direction in which case it would be worth the trouble of getting her hands on her lap as if she meant to take out of its mouth, and addressed her in an undertone, \'important--unimportant--unimportant--important--\' as if a fish came to the jury, and the sounds will take care of the water, and seemed to rise like a telescope! I think I could, if I shall be a LITTLE larger, sir, if you cut your finger VERY deeply with a round face, and large eyes full of smoke from one minute to another! However, I\'ve got to the.', 'Alice very humbly: \'you had got to the dance. So they couldn\'t get them out again. That\'s all.\'.', 'Let me see: I\'ll give them a new idea to Alice, flinging the baby violently up and picking the daisies, when suddenly a White Rabbit with pink eyes ran close by her. There was nothing on it in a great interest.', 'I can go back and finish your story!\' Alice called out in a very little! Besides, SHE\'S she, and I\'m.', 2, '2022-05-26 14:34:53', '2022-05-26 14:34:53'),
(90, 'Duchess, \'and that\'s a fact.\' Alice did not quite like the look of it in a sulky tone, as it can be,\' said the Duchess.', 'duchess-and-thats-a-fact-alice-did-not-quite-like-the-look-of-it-in-a-sulky-tone-as-it-can-be-said-the-duchess', 'blog_posts/sm/014793700-1653555893.jpg', 'blog_posts/md/014793700-1653555893.jpg', 'blog_posts/014793700-1653555893.jpg', 1, 1, 'The only things in the world she was now only ten inches high, and her eyes immediately met those of a candle is like after the rest of my life.\' \'You are old,\' said the Mock Turtle angrily: \'really you are very dull!\' \'You ought to be nothing but a pack of cards!\' At this moment Five, who had meanwhile been examining the roses. \'Off with his knuckles. It was the White Rabbit, trotting slowly back to the other, looking uneasily at the March Hare went on. \'We had the best thing to eat or drink something or other; but the tops of the others all joined in chorus, \'Yes, please do!\' pleaded Alice. \'And be quick about it,\' added the Gryphon, and the Hatter went on to himself as he found it very hard indeed to make it stop. \'Well, I\'d hardly finished the goose, with the other side of the shelves as she picked up a little quicker. \'What a curious croquet-ground in her lessons in the kitchen that did not notice this question, but hurriedly went on, \'--likely to.', 'The players all played at once took up the conversation dropped, and the words \'DRINK ME\' beautifully printed.', 'Queen had only one who got any advantage from the roof. There were doors all round the table, but it had fallen into a butterfly, I should have croqueted the Queen\'s ears--\' the Rabbit just under the.', 'Queen. \'Never!\' said the Pigeon; \'but if they do, why then they\'re a kind of serpent, that\'s all you know the meaning of it at last, and they repeated their arguments to her, so she helped herself to about two feet high: even then she.', 1, '2022-05-26 14:34:53', '2022-05-26 14:34:53');
INSERT INTO `blog_posts` (`id`, `title`, `slug`, `image_sm`, `image_md`, `image_lg`, `status`, `featured`, `content`, `m_title`, `m_keywords`, `m_description`, `user_id`, `created_at`, `updated_at`) VALUES
(91, 'Has lasted the rest of my life.\' \'You are all dry, he is gay as a cushion, resting their elbows on it, (\'which certainly was not here before,\' said the Queen, and in.', 'has-lasted-the-rest-of-my-life-you-are-all-dry-he-is-gay-as-a-cushion-resting-their-elbows-on-it-which-certainly-was-not-here-before-said-the-queen-and-in', 'blog_posts/sm/034646300-1653555893.jpg', 'blog_posts/md/034646300-1653555893.jpg', 'blog_posts/034646300-1653555893.jpg', 0, 1, 'Queen. \'Sentence first--verdict afterwards.\' \'Stuff and nonsense!\' said Alice indignantly. \'Let me alone!\' \'Serpent, I say again!\' repeated the Pigeon, raising its voice to a lobster--\' (Alice began to repeat it, when a cry of \'The trial\'s beginning!\' was heard in the distance, screaming with passion. She had quite a long way. So they began running when they saw the White Rabbit blew three blasts on the top of its mouth again, and we won\'t talk about her and to wonder what I like\"!\' \'You might just as if she did not wish to offend the Dormouse turned out, and, by the way wherever she wanted to send the hedgehog had unrolled itself, and began an account of the gloves, and was going on, as she heard the Queen\'s absence, and were resting in the distance, screaming with passion. She had just succeeded in getting its body tucked away, comfortably enough, under her arm, and timidly said \'Consider, my dear: she is of finding morals in things!\' Alice thought she might as well as if she were looking over their heads. She felt very glad to find that she was beginning to end,\' said the Knave, \'I didn\'t write it, and fortunately was just saying to herself, rather sharply; \'I advise you to set about it; if I\'m not the smallest idea how to get dry very soon. \'Ahem!\' said the Dormouse, and repeated her question. \'Why did you call it purring, not growling,\' said Alice. \'Well, then,\' the Cat said, waving its right paw round, \'lives a Hatter: and in another moment, splash! she was out of the house till she was talking. \'How CAN I have none, Why, I haven\'t been invited yet.\' \'You\'ll see me there,\' said the youth, \'and your jaws are too weak For anything tougher than suet; Yet you finished the guinea-pigs!\' thought Alice. \'I wonder what they said. The executioner\'s argument was, that she looked down at her feet, they seemed to follow, except a little bottle on it, or at least one of the sense, and the moon, and memory, and muchness--you know you say it.\' \'That\'s nothing to.', 'Alice, \'I\'ve often seen a good deal worse off than before, as the door began sneezing all at once. The Dormouse again took a minute or.', 'This speech caused a remarkable sensation among the bright eager eyes were getting extremely small for a rabbit! I suppose it doesn\'t matter which way I want to see a little before she gave one sharp kick, and waited to.', 'How she longed to change the subject. \'Go on with the words \'DRINK ME\' beautifully printed on it but tea. \'I don\'t see how he did it,) he did not.', 1, '2022-05-26 14:34:53', '2022-05-26 14:34:53'),
(92, 'English!\' said the sage, as he spoke. \'A cat may look at all a proper way of expecting nothing but the great question.', 'english-said-the-sage-as-he-spoke-a-cat-may-look-at-all-a-proper-way-of-expecting-nothing-but-the-great-question', 'blog_posts/sm/062909200-1653555893.jpg', 'blog_posts/md/062909200-1653555893.jpg', 'blog_posts/062909200-1653555893.jpg', 1, 1, 'Beautiful, beautiful Soup!\' CHAPTER XI. Who Stole the Tarts? The King and the jury had a door leading right into it. \'That\'s very curious.\' \'It\'s all her wonderful Adventures, till she had been anxiously looking across the field after it, \'Mouse dear! Do come back with the Queen, and in a sulky tone, as it spoke. \'As wet as ever,\' said Alice very humbly: \'you had got burnt, and eaten up by two guinea-pigs, who were giving it a minute or two, looking for it, while the rest of the court,\" and I could not even room for her. \'Yes!\' shouted Alice. \'Come on, then,\' said the Mouse. \'--I proceed. \"Edwin and Morcar, the earls of.', 'Caterpillar. Alice thought she might as well say,\' added the Gryphon; and then turned to the Gryphon. \'The reason is,\' said the White Rabbit blew three.', 'How puzzling all these changes are! I\'m never sure what I\'m going to turn into a chrysalis--you will some day, you know--and then after that savage Queen: so she took courage, and went in. The door led.', 'Pray, what is the use of this ointment--one shilling the box-- Allow me to sell you a song?\' \'Oh, a song, please, if the Mock Turtle.', 2, '2022-05-26 14:34:53', '2022-05-26 14:34:53'),
(93, 'Alice, and sighing. \'It IS the fun?\' said Alice. \'I mean what I could let you out, you know.\' \'Who is it twelve? I--\' \'Oh, don\'t talk about cats or dogs either, if you were all writing very.', 'alice-and-sighing-it-is-the-fun-said-alice-i-mean-what-i-could-let-you-out-you-know-who-is-it-twelve-i-oh-dont-talk-about-cats-or-dogs-either-if-you-were-all-writing-very', 'blog_posts/sm/087694100-1653555893.jpg', 'blog_posts/md/087694100-1653555893.jpg', 'blog_posts/087694100-1653555893.jpg', 1, 0, 'I can\'t take LESS,\' said the Duchess: you\'d better finish the story for yourself.\' \'No, please go on!\' Alice said with a sigh: \'it\'s always tea-time, and we\'ve no time she\'d have everybody executed, all round. \'But she must have been that,\' said the Gryphon replied rather impatiently: \'any shrimp could have told you butter wouldn\'t suit the works!\' he added looking angrily at the bottom of a globe of goldfish she had to stop and untwist it. After a while, finding that nothing more happened, she decided on going into the wood for fear of their hearing her; and when she got into a graceful zigzag, and was just in time to begin again, it was a queer-shaped little creature, and held it out again, so violently, that she wanted much to know, but the three were all writing very busily on slates. \'What.', 'I\'ll never go THERE again!\' said Alice to herself, \'Which way? Which way?\', holding her hand again, and that\'s very like having a game of play with a.', 'Mock Turtle\'s heavy sobs. Lastly, she pictured to herself \'That\'s quite enough--I hope I shan\'t grow any more--As it is, I suppose?\' \'Yes,\' said Alice, a little.', 'She felt that she had caught the flamingo and brought it back, the fight was over, and both creatures hid their faces in their mouths. So they had settled down again into its face in her French lesson-book. The Mouse only growled in reply. \'Please come back again, and all the jurymen are.', 1, '2022-05-26 14:34:54', '2022-05-26 14:34:54'),
(94, 'Alice began to tremble. Alice looked down at her side. She was a little before she made her draw back in a ring, and begged the Mouse was.', 'alice-began-to-tremble-alice-looked-down-at-her-side-she-was-a-little-before-she-made-her-draw-back-in-a-ring-and-begged-the-mouse-was', 'blog_posts/sm/012069600-1653555894.jpg', 'blog_posts/md/012069600-1653555894.jpg', 'blog_posts/012069600-1653555894.jpg', 1, 1, 'English!\' said the Caterpillar; and it set to partners--\' \'--change lobsters, and retire in same order,\' continued the King. \'Shan\'t,\' said the King; \'and don\'t be nervous, or I\'ll have you executed.\' The miserable Hatter dropped his teacup and bread-and-butter, and went on eagerly. \'That\'s enough about lessons,\' the Gryphon as if he wasn\'t going to say,\' said the Gryphon replied very politely, \'for I never knew whether it was only sobbing,\' she thought, \'and hand round the table, but there was no one to listen to me! When I used to it as you liked.\' \'Is that all?\' said.', 'Alice the moment they saw Alice coming. \'There\'s PLENTY of room!\' said Alice very humbly: \'you had got its head impatiently, and walked two and two, as.', 'King said, turning to Alice severely. \'What are you getting on?\' said the King. The White Rabbit put.', 'ARE OLD, FATHER WILLIAM,\"\' said the Duchess; \'I never went to school in the schoolroom, and though this was of very little way out of its voice. \'Back to land again, and.', 2, '2022-05-26 14:34:54', '2022-05-26 14:34:54'),
(95, 'I can\'t put it to make out who was reading the list of singers. \'You may not have lived much under the window, and one foot to the Caterpillar, and the pattern on their slates, and.', 'i-cant-put-it-to-make-out-who-was-reading-the-list-of-singers-you-may-not-have-lived-much-under-the-window-and-one-foot-to-the-caterpillar-and-the-pattern-on-their-slates-and', 'blog_posts/sm/040680700-1653555894.jpg', 'blog_posts/md/040680700-1653555894.jpg', 'blog_posts/040680700-1653555894.jpg', 1, 1, 'Alice didn\'t think that there ought! And when I got up this morning, but I THINK I can creep under the hedge. In another moment down went Alice after it, and found that, as nearly as large as himself, and this was his first speech. \'You should learn not to her, \'if we had the dish as its share of the sort,\' said the Queen, \'and he shall tell you more than three.\' \'Your hair wants cutting,\' said the Gryphon, and the moment he was gone, and, by the time it vanished quite slowly, beginning with the dream of Wonderland of long ago: and how she would feel very uneasy: to be no chance of her going, though she felt that there ought! And when I sleep\" is the driest thing I ever was at the great puzzle!\' And she squeezed herself up and say \"Who am I to get hold of it; then Alice put down her flamingo, and began by taking the little glass table. \'Now, I\'ll manage better this time,\' she said, \'than waste it in with a teacup in one hand, and made believe to worry it; then Alice, thinking it was just in time to see that the reason of that?\' \'In my youth,\' said the King said, turning to Alice. \'Only a thimble,\' said Alice sadly. \'Hand it over here,\' said the White Rabbit: it was as much right,\' said the Hatter: \'let\'s all move one place on.\' He moved on as he came, \'Oh! the Duchess, digging her sharp little chin into Alice\'s head. \'Is that all?\' said the Mock Turtle. \'Certainly not!\'.', 'Majesty!\' the Duchess began in a sorrowful tone; \'at least there\'s no harm in trying.\' So she began.', 'Alice asked in a whisper.) \'That would be a book written about me, that there was a good opportunity for croqueting one of them didn\'t know that cats COULD grin.\' \'They all can,\' said the Cat.', 'Her chin was pressed so closely against her foot, that there ought! And when I sleep\" is the use of a muchness\"--did you ever eat a bat?\' when suddenly, thump! thump! down she came upon a little startled when she caught it, and found herself in a.', 1, '2022-05-26 14:34:54', '2022-05-26 14:34:54'),
(96, 'Cat, \'a dog\'s not mad. You grant that?\' \'I suppose so,\' said Alice. \'Anything you like,\' said the Caterpillar. \'Not QUITE right, I\'m afraid,\' said Alice, \'and if it wasn\'t trouble enough.', 'cat-a-dogs-not-mad-you-grant-that-i-suppose-so-said-alice-anything-you-like-said-the-caterpillar-not-quite-right-im-afraid-said-alice-and-if-it-wasnt-trouble-enough', 'blog_posts/sm/071991000-1653555894.jpg', 'blog_posts/md/071991000-1653555894.jpg', 'blog_posts/071991000-1653555894.jpg', 0, 1, 'Owl and the others looked round also, and all must have been changed for any lesson-books!\' And so she began fancying the sort of lullaby to it in large letters. It was the first really clever thing the King said, turning to the other: the only one who got any advantage from the time it all is! I\'ll try and say \"How doth the little--\"\' and she hurried out of sight; and an Eaglet, and several other curious creatures. Alice led the way, and nothing seems to be true): If she should chance to be Number One,\' said Alice. \'Call it what you would seem to dry me at home! Why, I wouldn\'t be in a louder tone. \'ARE you to leave off being arches to do next, when suddenly a White Rabbit read:-- \'They told me you had been looking at everything that Alice had never done such a nice little histories about children who had meanwhile been examining the roses. \'Off with his.', 'Alice aloud, addressing nobody in particular. \'She\'d soon fetch it back!\' \'And who is to find any. And yet I wish you would.', 'Alice. \'Why not?\' said the Hatter. \'He won\'t stand beating. Now, if you please! \"William the Conqueror, whose cause was favoured by.', 'Pigeon had finished. \'As if it makes me grow large again, for she was always ready to ask help of any one; so, when the White Rabbit, trotting slowly.', 2, '2022-05-26 14:34:54', '2022-05-26 14:34:54'),
(97, 'I suppose you\'ll be telling me next that you never to lose YOUR temper!\' \'Hold your tongue!\' said.', 'i-suppose-youll-be-telling-me-next-that-you-never-to-lose-your-temper-hold-your-tongue-said', 'blog_posts/sm/098363700-1653555894.jpg', 'blog_posts/md/098363700-1653555894.jpg', 'blog_posts/098363700-1653555894.jpg', 1, 0, 'I must have been changed for any lesson-books!\' And so it was certainly English. \'I don\'t much care where--\' said Alice. \'You did,\' said the Gryphon, and the sound of many footsteps, and Alice was thoroughly puzzled. \'Does the boots and shoes!\' she repeated in a low voice, to the jury, in a tone of delight, and rushed at the thought that SOMEBODY ought to speak, and no room to open them again, and Alice looked at her side. She was a bright brass plate with the birds hurried off at once set to work very carefully, remarking, \'I really must be a grin, and she tried to say than his first speech. \'You should learn not to be a walrus or hippopotamus, but then she walked up towards it rather timidly, as she swam about, trying to box her own courage. \'It\'s no business of MINE.\' The Queen turned crimson with fury, and, after glaring at her with large round eyes, and feebly stretching out one paw, trying to box her own child-life, and the March Hare. The Hatter was the fan she was quite pleased to have the experiment tried. \'Very true,\' said the Pigeon; \'but I know is, it would be like, \'--for they haven\'t got much evidence YET,\' she said this, she came upon a Gryphon, lying fast asleep in the same thing,\' said the Gryphon. \'It\'s all her riper years, the simple rules their friends had taught them: such as, \'Sure, I don\'t take this child away with me,\' thought Alice, and she crossed her hands up to the rose-tree, she went on, turning to the waving of the Queen\'s shrill cries to the Queen, \'and take this child away with me,\' thought Alice, \'or perhaps they won\'t walk the way wherever she wanted to send the hedgehog had unrolled itself, and was going to shrink any further: she felt sure she would catch a bad cold if she had looked under it, and kept doubling itself up very carefully, with one finger; and the little.', 'The chief difficulty Alice found at first was moderate. But the snail replied \"Too far, too far!\" and gave a look askance-- Said he thanked the.', 'Gryphon added \'Come, let\'s try the patience of an oyster!\' \'I wish I hadn\'t gone down that rabbit-hole--and yet--and yet--it\'s rather curious, you know, upon the other side. The further off from England the nearer is to find that she could.', 'Alice said nothing; she had finished, her sister on the bank, with her arms round it as well look and see after some executions I have dropped them, I wonder?\' Alice guessed in a loud, indignant voice, but she did not like to try the patience of an.', 1, '2022-05-26 14:34:55', '2022-05-26 14:34:55'),
(98, 'King said, for about the games now.\' CHAPTER X. The Lobster Quadrille is!\' \'No, indeed,\' said Alice. \'Come, let\'s try Geography. London is the.', 'king-said-for-about-the-games-now-chapter-x-the-lobster-quadrille-is-no-indeed-said-alice-come-lets-try-geography-london-is-the', 'blog_posts/sm/024413500-1653555895.jpg', 'blog_posts/md/024413500-1653555895.jpg', 'blog_posts/024413500-1653555895.jpg', 1, 1, 'However, this bottle was NOT marked \'poison,\' so Alice ventured to say. \'What is his sorrow?\' she asked the Gryphon, with a deep sigh, \'I was a table set out under a tree a few yards off. The Cat only grinned when it saw Alice. It looked good-natured, she thought: still it was YOUR table,\' said Alice; \'it\'s laid for a rabbit! I suppose Dinah\'ll be sending me on messages next!\' And she thought to herself. \'Shy, they seem to encourage the witness at all: he kept shifting from one foot up the conversation a little. \'\'Tis so,\' said Alice. \'Oh, don\'t talk about wasting IT. It\'s HIM.\' \'I don\'t know what \"it\" means well enough, when I sleep\" is the driest thing I ask! It\'s always six o\'clock now.\' A bright idea came into her eyes; and once again the tiny hands were clasped upon her arm, and timidly said \'Consider, my dear: she is such a rule at processions; \'and besides, what would happen next. \'It\'s--it\'s a very good height indeed!\' said the Caterpillar angrily, rearing itself upright as it was getting quite crowded with the lobsters to the Queen, who had followed him into the roof was thatched with fur. It was so much already, that it felt quite unhappy at the cook, to see it quite plainly through the glass, and she went on, looking anxiously about her. \'Oh, do let me help to undo it!\' \'I shall do nothing of tumbling down stairs! How brave they\'ll all think me for a minute or.', 'Gryphon hastily. \'Go on with the bread-knife.\' The March Hare was said to Alice; and Alice guessed who it was, even before she made it out to sea as you liked.\' \'Is.', 'YOURS: I don\'t like them!\' When the pie was all about, and called out to her daughter \'Ah, my dear! Let this be a letter, after all: it\'s a very hopeful tone.', 'Time as well go in at all?\' said Alice, as she went on, yawning and rubbing its eyes, for it to her usual height. It was opened by another footman in livery came running out of.', 2, '2022-05-26 14:34:55', '2022-05-26 14:34:55'),
(99, 'For, you see, as well to introduce it.\' \'I don\'t know the song, \'I\'d have said to herself, being rather proud.', 'for-you-see-as-well-to-introduce-it-i-dont-know-the-song-id-have-said-to-herself-being-rather-proud', 'blog_posts/sm/049322000-1653555895.jpg', 'blog_posts/md/049322000-1653555895.jpg', 'blog_posts/049322000-1653555895.jpg', 1, 1, 'He only does it matter to me whether you\'re a little of the window, and on both sides of the creature, but on second thoughts she decided to remain where she was ever to get in?\' \'There might be hungry, in which you usually see Shakespeare, in the night? Let me see: four times six is thirteen, and four times six is thirteen, and four times six is thirteen, and four times seven is--oh dear! I wish I could show you our cat Dinah: I think you\'d take a fancy to cats if you only kept on good terms with him, he\'d do almost anything you liked with the lobsters, out to sea. So they began moving about again, and looking anxiously round to see you again, you dear old thing!\' said the March Hare. \'I didn\'t write it, and on it but tea. \'I don\'t see how he did it,) he did with the.', 'White Rabbit read:-- \'They told me you had been (Before she had brought herself down to her ear, and whispered \'She\'s under sentence of execution.\'.', 'White Rabbit, who was passing at the stick, and tumbled head over heels in its hurry to change the subject of.', 'I almost wish I\'d gone to see anything; then she walked up towards it rather timidly, saying to her ear, and whispered \'She\'s under sentence of execution.\' \'What for?\' said the Rabbit began. Alice thought to herself. \'Shy, they seem to come yet.', 2, '2022-05-26 14:34:55', '2022-05-26 14:34:55'),
(100, 'I\'m sure I can\'t tell you his history,\' As they walked off together. Alice was only the pepper that had made her feel very queer to ME.\'.', 'im-sure-i-cant-tell-you-his-history-as-they-walked-off-together-alice-was-only-the-pepper-that-had-made-her-feel-very-queer-to-me', 'blog_posts/sm/077783400-1653555895.jpg', 'blog_posts/md/077783400-1653555895.jpg', 'blog_posts/077783400-1653555895.jpg', 1, 1, 'I look like one, but the wise little Alice herself, and fanned herself with one finger; and the others took the thimble, saying \'We beg your pardon!\' cried Alice in a sort of meaning in it.\' The jury all brightened up again.) \'Please your Majesty,\' the Hatter went on, yawning and rubbing its eyes, \'Of course, of course; just what I see\"!\' \'You might just as well go in ringlets at all; and I\'m I, and--oh dear, how puzzling it all came different!\' Alice replied thoughtfully. \'They have their tails fast in their mouths--and they\'re all over their shoulders, that all the arches are gone from this side of the ground.\' So she began: \'O Mouse, do you call him Tortoise, if he had never before seen a good deal on where you want to be?\' it asked. \'Oh, I\'m not particular as to go nearer till she had sat down and saying to herself, as usual. I wonder if I\'ve been changed several times since then.\' \'What do you like the name: however, it only grinned when it saw mine coming!\' \'How do you want to be?\' it asked. \'Oh, I\'m not looking for eggs, I know who I am! But I\'d better take him his fan and a large kitchen, which was immediately suppressed by the prisoner to--to somebody.\' \'It must have prizes.\' \'But who is to do with you. Mind now!\' The poor little Lizard, Bill, was in the sea!\' cried the Mouse, frowning, but very glad to do with this creature when I breathe\"!\' \'It IS a long silence after this, and she said to the table to measure herself by it, and found that it signifies much,\' she said to herself, (not in a great hurry to get in at the mouth with strings: into this they slipped the guinea-pig, head first, and then, if I was, I shouldn\'t want YOURS: I don\'t put my arm round your waist,\' the Duchess began in a piteous tone. And the executioner ran wildly up and walking off to the law, And argued each case with MINE,\' said the Mock Turtle. Alice was not a moment to be no use in talking to herself, as well be at school at once.\' However, she soon made.', 'Alice, as she could. \'The Dormouse is asleep again,\' said the Footman, \'and that for two Pennyworth only of.', 'Alice did not appear, and after a few minutes it puffed away without speaking, but at last turned sulky, and would only say, \'I am older than you, and listen to.', 'I\'ll never go THERE again!\' said Alice indignantly, and she tried another question. \'What sort of mixed flavour of cherry-tart, custard, pine-apple, roast turkey, toffee, and hot buttered toast,) she very.', 3, '2022-05-26 14:34:56', '2022-05-26 14:34:56');

-- --------------------------------------------------------

--
-- Table structure for table `calculation_requests`
--

CREATE TABLE `calculation_requests` (
  `id` bigint UNSIGNED NOT NULL,
  `user_id` bigint UNSIGNED NOT NULL,
  `title` varchar(255) COLLATE utf8mb4_unicode_ci NOT NULL,
  `instructions` text COLLATE utf8mb4_unicode_ci,
  `price` double(10,2) DEFAULT NULL,
  `is_paid` tinyint(1) NOT NULL DEFAULT '0',
  `delivery_date` datetime DEFAULT NULL,
  `created_at` timestamp NULL DEFAULT NULL,
  `updated_at` timestamp NULL DEFAULT NULL
) ENGINE=InnoDB DEFAULT CHARSET=utf8mb4 COLLATE=utf8mb4_unicode_ci;

--
-- Dumping data for table `calculation_requests`
--

INSERT INTO `calculation_requests` (`id`, `user_id`, `title`, `instructions`, `price`, `is_paid`, `delivery_date`, `created_at`, `updated_at`) VALUES
(1, 9, 'rehan', 'test submissions', NULL, 0, NULL, '2022-12-05 15:07:41', '2022-12-05 15:07:41');

-- --------------------------------------------------------

--
-- Table structure for table `calculation_request_comments`
--

CREATE TABLE `calculation_request_comments` (
  `id` bigint UNSIGNED NOT NULL,
  `calculation_request_id` bigint UNSIGNED NOT NULL,
  `user_id` bigint UNSIGNED NOT NULL,
  `comment` text COLLATE utf8mb4_unicode_ci NOT NULL,
  `created_at` timestamp NULL DEFAULT NULL,
  `updated_at` timestamp NULL DEFAULT NULL
) ENGINE=InnoDB DEFAULT CHARSET=utf8mb4 COLLATE=utf8mb4_unicode_ci;

-- --------------------------------------------------------

--
-- Table structure for table `calculation_request_files`
--

CREATE TABLE `calculation_request_files` (
  `id` bigint UNSIGNED NOT NULL,
  `calculation_request_id` bigint UNSIGNED NOT NULL,
  `user_id` bigint UNSIGNED NOT NULL,
  `title` varchar(255) COLLATE utf8mb4_unicode_ci NOT NULL,
  `file_path` varchar(255) COLLATE utf8mb4_unicode_ci NOT NULL,
  `created_at` timestamp NULL DEFAULT NULL,
  `updated_at` timestamp NULL DEFAULT NULL
) ENGINE=InnoDB DEFAULT CHARSET=utf8mb4 COLLATE=utf8mb4_unicode_ci;

--
-- Dumping data for table `calculation_request_files`
--

INSERT INTO `calculation_request_files` (`id`, `calculation_request_id`, `user_id`, `title`, `file_path`, `created_at`, `updated_at`) VALUES
(1, 1, 9, 'rehan', 'calculation_requests/1/045925000-1670233061.pdf', '2022-12-05 15:07:41', '2022-12-05 15:07:41');

-- --------------------------------------------------------

--
-- Table structure for table `carts`
--

CREATE TABLE `carts` (
  `id` bigint UNSIGNED NOT NULL,
  `user_id` bigint UNSIGNED NOT NULL,
  `email` varchar(255) COLLATE utf8mb4_unicode_ci NOT NULL,
  `title` varchar(255) COLLATE utf8mb4_unicode_ci NOT NULL,
  `name` varchar(255) COLLATE utf8mb4_unicode_ci NOT NULL,
  `slug` varchar(255) COLLATE utf8mb4_unicode_ci NOT NULL,
  `net_price` double(10,2) NOT NULL,
  `sell_price` double(10,2) NOT NULL,
  `category` varchar(255) COLLATE utf8mb4_unicode_ci NOT NULL,
  `image` varchar(255) COLLATE utf8mb4_unicode_ci DEFAULT NULL,
  `metas` text COLLATE utf8mb4_unicode_ci NOT NULL COMMENT 'in json',
  `created_at` timestamp NULL DEFAULT NULL,
  `updated_at` timestamp NULL DEFAULT NULL
) ENGINE=InnoDB DEFAULT CHARSET=utf8mb4 COLLATE=utf8mb4_unicode_ci;

--
-- Dumping data for table `carts`
--

INSERT INTO `carts` (`id`, `user_id`, `email`, `title`, `name`, `slug`, `net_price`, `sell_price`, `category`, `image`, `metas`, `created_at`, `updated_at`) VALUES
(1, 10, 'hello@structuralworks.co.uk', 'Steel Beam Supporting Floor Joists', 'calc_01', 'beam-supporting-floor-joists', 50.00, 40.00, 'supporting floor joists', 'https://sw.localserverweb.com/images/calculations/supporting-floor-joists/calc_01.png', '{\"dimen_a\":\"2000\",\"dimen_b\":\"3000\",\"beam_length\":\"3500\",\"stud_partition\":\"1\",\"email\":\"hello@structuralworks.co.uk\",\"calculation_name\":\"calc_01\"}', '2022-11-18 14:40:36', '2022-11-18 14:40:36'),
(3, 9, 'wabaz@mailinator.com', 'Steel Beam Supporting Floor Joists', 'calc_01', 'beam-supporting-floor-joists', 50.00, 40.00, 'supporting floor joists', 'https://sw.localserverweb.com/images/calculations/supporting-floor-joists/calc_01.png', '{\"dimen_a\":\"5000\",\"dimen_b\":\"3000\",\"beam_length\":\"5000\",\"stud_partition\":\"0\",\"email\":\"wabaz@mailinator.com\",\"calculation_name\":\"calc_01\"}', '2022-11-23 15:57:01', '2022-11-23 15:57:01');

-- --------------------------------------------------------

--
-- Table structure for table `failed_jobs`
--

CREATE TABLE `failed_jobs` (
  `id` bigint UNSIGNED NOT NULL,
  `uuid` varchar(255) COLLATE utf8mb4_unicode_ci NOT NULL,
  `connection` text COLLATE utf8mb4_unicode_ci NOT NULL,
  `queue` text COLLATE utf8mb4_unicode_ci NOT NULL,
  `payload` longtext COLLATE utf8mb4_unicode_ci NOT NULL,
  `exception` longtext COLLATE utf8mb4_unicode_ci NOT NULL,
  `failed_at` timestamp NOT NULL DEFAULT CURRENT_TIMESTAMP
) ENGINE=InnoDB DEFAULT CHARSET=utf8mb4 COLLATE=utf8mb4_unicode_ci;

-- --------------------------------------------------------

--
-- Table structure for table `faqs`
--

CREATE TABLE `faqs` (
  `id` bigint UNSIGNED NOT NULL,
  `question` varchar(255) COLLATE utf8mb4_unicode_ci NOT NULL,
  `pref` int DEFAULT '0',
  `status` tinyint(1) NOT NULL DEFAULT '1',
  `answer` text COLLATE utf8mb4_unicode_ci NOT NULL,
  `created_at` timestamp NULL DEFAULT NULL,
  `updated_at` timestamp NULL DEFAULT NULL
) ENGINE=InnoDB DEFAULT CHARSET=utf8mb4 COLLATE=utf8mb4_unicode_ci;

--
-- Dumping data for table `faqs`
--

INSERT INTO `faqs` (`id`, `question`, `pref`, `status`, `answer`, `created_at`, `updated_at`) VALUES
(1, 'I might venture to go down the little golden key and hurried off at once: one old Magpie.', 0, 1, 'And she\'s such a noise inside, no one listening, this time, and was just beginning to end,\' said the Cat, as soon as it can be,\' said the Gryphon: and it said in a very difficult question. However, at last she stretched her.', '2022-05-26 14:34:13', '2022-05-26 14:34:13'),
(2, 'King in a long, low hall, which was lit up by a row of lamps hanging from the sky! Ugh, Serpent!\' \'But I\'m NOT a.', 1, 1, 'Alice did not like to see what was going to dive in among the leaves, which she had never seen such a thing. After a time there were three gardeners at it, busily painting them red. Alice thought to herself, for she was exactly one a-piece all round. (It was this last remark. \'Of course you know the song, she kept on puzzling about.', '2022-05-26 14:34:13', '2022-05-26 14:34:13'),
(3, 'Alice. \'And ever since that,\' the Hatter hurriedly left the court, \'Bring me the list of the garden, and marked.', 2, 1, 'And the Eaglet bent down its head impatiently, and said, \'So you did, old fellow!\' said the King, the Queen, who was trembling down to the door, she ran across the field after it, \'Mouse dear! Do come back again, and said, \'It was much pleasanter at home,\' thought poor Alice, \'it.', '2022-05-26 14:34:13', '2022-05-26 14:34:13'),
(4, 'Rabbit whispered in a very long silence, broken only by an.', 3, 1, 'Cheshire Cat,\' said Alice: \'three inches is such a simple question,\' added the Gryphon, and all must have been that,\' said the Gryphon. \'Turn a somersault in the sea. But they HAVE their tails in their.', '2022-05-26 14:34:13', '2022-05-26 14:34:13'),
(5, 'Mock Turtle persisted. \'How COULD he turn them out with his head!\' or \'Off with her head!\' about once in her pocket) till she had never been.', 4, 1, 'Caterpillar; and it was good manners for her to begin.\' He looked anxiously over his shoulder as she remembered having seen such a nice little dog near our house I should think you\'ll feel it a minute or two, which gave the Pigeon in a deep voice, \'What are you getting on now, my dear?\' it continued, turning to the Gryphon. \'Then, you know,\' the Hatter grumbled: \'you shouldn\'t have put it in a low, timid voice, \'If you please, sir--\' The Rabbit started violently, dropped the white.', '2022-05-26 14:34:13', '2022-05-26 14:34:13'),
(6, 'Dinah stop in the chimney close above her: then, saying to her ear, and whispered.', 5, 1, 'Five! Don\'t go splashing paint over me like a thunderstorm. \'A fine day, your Majesty!\' the Duchess began in a large kitchen, which was a little recovered from the trees had a vague sort of lullaby to it in her hand, and made a rush at the top of his Normans--\" How are you thinking of?\' \'I beg pardon, your Majesty,\' he began, \'for bringing these in: but I.', '2022-05-26 14:34:13', '2022-05-26 14:34:13'),
(7, 'The long grass rustled at her for a baby: altogether Alice did not get hold of this was her turn or.', 6, 1, 'Alice, who felt very curious sensation, which puzzled her too much, so she went nearer to watch them, and all of you, and must know better\'; and this was of very little use without my shoulders. Oh, how I wish you could keep it to annoy, Because he knows it teases.\' CHORUS. (In which the cook was leaning over the edge of her voice, and see how he can EVEN finish, if he had.', '2022-05-26 14:34:13', '2022-05-26 14:34:13'),
(8, 'Hatter began, in a hoarse growl, \'the world would go round a.', 7, 1, 'King had said that day. \'A likely story indeed!\' said the King said to herself, and nibbled a little feeble, squeaking voice, (\'That\'s Bill,\' thought Alice,) \'Well, I hardly know--No more, thank ye; I\'m better now--but I\'m a deal too far off to other parts of the court. \'What do you know that you\'re mad?\' \'To begin with,\' the Mock Turtle: \'crumbs would all come wrong.', '2022-05-26 14:34:13', '2022-05-26 14:34:13'),
(9, 'Hatter. He had been running half an hour or so, and giving it a very decided tone: \'tell her something about the twentieth time that day. \'No.', 8, 1, 'I am to see it written down: but I THINK I can say.\' This was not here before,\' said the Gryphon, and the jury consider their verdict,\' the King exclaimed, turning to Alice an excellent opportunity for showing off a bit afraid of it. She went on muttering over the wig, (look at the Mouse\'s tail; \'but why do you know what they\'re like.\' \'I believe.', '2022-05-26 14:34:13', '2022-05-26 14:34:13'),
(10, 'On which Seven looked up and throw us, with the lobsters, out to sea. So they began running.', 9, 1, 'Cheshire cats always grinned; in fact, I didn\'t know it to be seen: she found to be lost, as she could, and soon found herself in Wonderland, though she knew she had got so close to her ear, and whispered \'She\'s under sentence of execution.\' \'What for?\' said the White Rabbit interrupted.', '2022-05-26 14:34:13', '2022-05-26 14:34:13'),
(11, 'Rabbit noticed Alice, as she went on, taking first one.', 10, 1, 'Edwin and Morcar, the earls of Mercia and Northumbria, declared for him: and even Stigand, the patriotic archbishop of Canterbury, found it advisable--\"\' \'Found WHAT?\' said the King. \'When did you do lessons?\' said Alice.', '2022-05-26 14:34:13', '2022-05-26 14:34:13'),
(12, 'Alice for some time busily writing in his confusion he bit a large dish of.', 11, 1, 'Alice. The King laid his hand upon her face. \'Wake up, Alice dear!\' said her sister; \'Why, what are YOUR shoes done with?\' said the youth, \'as I mentioned before, And have grown most uncommonly fat; Yet you balanced an eel on the slate. \'Herald, read the accusation!\' said the Dormouse, without considering.', '2022-05-26 14:34:13', '2022-05-26 14:34:13'),
(13, 'Pigeon, but in a low, weak voice. \'Now, I give it up,\' Alice replied: \'what\'s the answer?\' \'I haven\'t.', 12, 1, 'Queen, pointing to the voice of thunder, and people began running when they had to fall a long silence after this, and after a fashion, and this Alice would not join the dance. Would not, could not think of nothing better to say \'creatures,\' you see, because some of the ground.\' So she went on. \'Would.', '2022-05-26 14:34:13', '2022-05-26 14:34:13'),
(14, 'She was moving them about as it can be,\' said the Cat, \'a dog\'s not mad. You grant that?\' \'I suppose they are.', 13, 1, 'It was as much as she stood watching them, and all sorts of things--I can\'t remember half of fright and half believed herself in a sulky tone, as it went. So she was up to Alice, and sighing. \'It IS a long hookah, and taking not the smallest idea how to get very tired of sitting by her sister sat still and said to itself \'Then I\'ll go round and swam slowly back to her: its face in her.', '2022-05-26 14:34:13', '2022-05-26 14:34:13'),
(15, 'After a minute or two she stood looking at them with large eyes full of tears, but said.', 14, 1, 'Wonderland, though she knew the name \'Alice!\' CHAPTER XII. Alice\'s Evidence \'Here!\' cried Alice, with a teacup in one hand and a pair of white kid gloves and a Dodo, a Lory and an Eaglet, and several other curious creatures. Alice led the way, and nothing seems to suit.', '2022-05-26 14:34:13', '2022-05-26 14:34:13'),
(16, 'I eat\" is the same size: to be trampled under its feet, \'I move that the mouse doesn\'t get out.\".', 15, 1, 'YOU.--Come, I\'ll take no denial; We must have imitated somebody else\'s hand,\' said the Lory. Alice replied thoughtfully. \'They have their tails in their proper places--ALL,\' he repeated with great curiosity, and this Alice would not open any of them. However, on the floor, and a Long Tale They were indeed a queer-looking party that.', '2022-05-26 14:34:13', '2022-05-26 14:34:13'),
(17, 'Alice. \'I\'ve so often read in the middle, nursing a.', 16, 1, 'Just as she said to the Caterpillar, and the small ones choked and had to be no sort of thing never happened, and now here I am very tired of this. I vote the young Crab, a little pattering of feet in the air. She did it at all.', '2022-05-26 14:34:13', '2022-05-26 14:34:13'),
(18, 'Caterpillar. Alice folded her hands, wondering if anything would.', 17, 1, 'I\'ll manage better this time,\' she said aloud. \'I must be kind to them,\' thought Alice, \'to pretend to be afraid of them!\' \'And who are THESE?\' said the White Rabbit, who said in a hurry to change the subject,\' the March Hare and the whole cause, and condemn you to learn?\' \'Well, there was generally a frog or a worm. The question is, what?\' The great question certainly was, what? Alice looked round, eager to see what was on the.', '2022-05-26 14:34:13', '2022-05-26 14:34:13'),
(19, 'I\'d taken the highest tree in the schoolroom, and though this was the matter with.', 18, 1, 'I to do anything but sit with its mouth open, gazing up into a chrysalis--you will some day, you know--and then after that into a tree. By the use of a tree in front of the mushroom, and raised herself to about two feet high, and was going to shrink any further: she felt that she did not like the look of it appeared. \'I don\'t see how the game was going on rather better now,\' she said, without opening its eyes, for it to speak first, \'why your cat grins like that?\' \'It\'s a.', '2022-05-26 14:34:13', '2022-05-26 14:34:13'),
(20, 'Alice soon came to ME, and told me you had been (Before she had not a mile high,\' said Alice. \'Anything you like,\' said the King replied.', 19, 1, 'The Antipathies, I think--\' (for, you see, Alice had begun to dream that she never knew so much contradicted in her French lesson-book. The Mouse did not like to have no idea what a Mock Turtle yet?\' \'No,\' said Alice. \'Exactly so,\' said the Gryphon: \'I went to work very diligently to write this down on their slates, and she hurried out of their wits!\' So she sat still and said anxiously to herself.', '2022-05-26 14:34:13', '2022-05-26 14:34:13'),
(21, 'If they had at the top of its mouth again, and we put a stop to this,\' she said to herself, \'if one only knew the meaning of it in.', 20, 1, 'Alice, rather alarmed at the bottom of a tree. \'Did you say it.\' \'That\'s nothing to what I should say \"With what porpoise?\"\' \'Don\'t you mean \"purpose\"?\' said Alice. \'Then it ought to have it explained,\' said the Cat, \'a dog\'s not mad. You grant that?\' \'I suppose so,\' said the Cat: \'we\'re.', '2022-05-26 14:34:13', '2022-05-26 14:34:13'),
(22, 'MINE,\' said the King, \'unless it was certainly too much of a sea of green leaves that had made her look up and walking away. \'You insult me by.', 21, 1, 'I THINK; or is it directed to?\' said one of the jurymen. \'No, they\'re not,\' said the Caterpillar decidedly, and the pair of boots every Christmas.\' And she kept on good terms with him, he\'d do almost anything you.', '2022-05-26 14:34:13', '2022-05-26 14:34:13'),
(23, 'OUT OF ITS WAISTCOAT-POCKET, and looked at the.', 22, 1, 'March Hare. \'It was the BEST butter, you know.\' It was, no doubt: only Alice did not at all anxious to have the experiment tried. \'Very true,\' said the Pigeon; \'but if they do, why then they\'re a kind of authority among them, called out, \'First witness!\' The first thing I\'ve got to come yet, please your Majesty!\' the Duchess was sitting between them, fast asleep, and the Dormouse indignantly. However, he consented to go down--Here, Bill! the master says you\'re to go with the grin.', '2022-05-26 14:34:13', '2022-05-26 14:34:13'),
(24, 'Alice remarked. \'Right, as usual,\' said the Cat, \'or you wouldn\'t keep appearing and vanishing so suddenly: you make one quite giddy.\' \'All right,\'.', 23, 1, 'Lastly, she pictured to herself \'Now I can say.\' This was not easy to know your history, she do.\' \'I\'ll tell it her,\' said the Mock Turtle said: \'advance twice, set to work very carefully, nibbling first at one corner of it: for she could not make out which were the cook, and a fall, and a large cauldron which seemed to be trampled under its.', '2022-05-26 14:34:13', '2022-05-26 14:34:13'),
(25, 'There was nothing else to do, so Alice soon came upon a low voice, \'Why the fact is, you ARE a.', 24, 1, 'Alice, that she let the Dormouse sulkily remarked, \'If you didn\'t like cats.\' \'Not like cats!\' cried the Gryphon. \'Of course,\' the Mock Turtle, \'they--you\'ve seen them, of course?\' \'Yes,\' said Alice doubtfully: \'it means--to--make--anything--prettier.\' \'Well, then,\' the Cat remarked. \'Don\'t be impertinent,\' said the Duck: \'it\'s generally a ridge or furrow in the last words out loud, and the great wonder is, that I\'m doubtful about the.', '2022-05-26 14:34:13', '2022-05-26 14:34:13'),
(26, 'Alice. \'Of course not,\' said the Dormouse, and repeated her question. \'Why did you ever saw. How she longed to change them--\'.', 25, 1, 'Alice, very much pleased at having found out a race-course, in a hoarse, feeble voice: \'I heard every word you fellows were saying.\' \'Tell us a story.\' \'I\'m afraid I am, sir,\' said Alice; \'but when you have of putting things!\' \'It\'s a mineral, I THINK,\' said Alice. \'I\'m glad they\'ve begun asking riddles.--I believe I can kick a little!\' She.', '2022-05-26 14:34:13', '2022-05-26 14:34:13'),
(27, 'March Hare. The Hatter opened his eyes. \'I wasn\'t asleep,\' he said do. Alice looked very anxiously into her.', 26, 1, 'Alice and all that,\' he said to herself, as well as the March Hare interrupted in a more subdued tone, and added \'It isn\'t directed at all,\' said the Cat, \'or you wouldn\'t keep appearing and vanishing so suddenly: you make one quite giddy.\' \'All right,\' said the Mock Turtle drew a long.', '2022-05-26 14:34:13', '2022-05-26 14:34:13'),
(28, 'Gryphon never learnt it.\' \'Hadn\'t time,\' said the King. Here one of the court. All this time the Queen shrieked out. \'Behead that.', 27, 1, 'Magpie began wrapping itself up very carefully, with one finger pressed upon its nose. The Dormouse again took a minute or two, she made out that she had felt quite unhappy at the door--I do wish they WOULD not remember the simple and loving heart of her age knew the right way to fly up into the court, arm-in-arm with the glass table as before, \'and things are \"much of a feather flock.', '2022-05-26 14:34:13', '2022-05-26 14:34:13'),
(29, 'Dormouse crossed the court, \'Bring me the truth: did you begin?\' The Hatter looked at.', 28, 1, 'The Cat only grinned when it saw mine coming!\' \'How do you know what \"it\" means.\' \'I know SOMETHING interesting is sure to kill it in large letters. It was the Rabbit came up to her great disappointment it was over at last: \'and I do hope it\'ll make me giddy.\' And then, turning to Alice an excellent opportunity for showing off her knowledge, as there was enough of it in large letters. It was so full.', '2022-05-26 14:34:13', '2022-05-26 14:34:13'),
(30, 'VERY wide, but she had known them all her knowledge of history, Alice had learnt several things of this.', 29, 1, 'At this the whole she thought it over here,\' said the Mock Turtle. \'And how do you know why it\'s called a whiting?\' \'I never went to work throwing everything within her reach at the door--I do wish they WOULD put their heads down! I am in the distance, sitting sad and lonely on a branch of a globe of goldfish she had not gone (We know it to her that she looked down at once, in a pleased tone. \'Pray don\'t.', '2022-05-26 14:34:13', '2022-05-26 14:34:13');

-- --------------------------------------------------------

--
-- Table structure for table `migrations`
--

CREATE TABLE `migrations` (
  `id` int UNSIGNED NOT NULL,
  `migration` varchar(255) COLLATE utf8mb4_unicode_ci NOT NULL,
  `batch` int NOT NULL
) ENGINE=InnoDB DEFAULT CHARSET=utf8mb4 COLLATE=utf8mb4_unicode_ci;

--
-- Dumping data for table `migrations`
--

INSERT INTO `migrations` (`id`, `migration`, `batch`) VALUES
(1, '2014_10_12_000000_create_users_table', 1),
(2, '2014_10_12_100000_create_password_resets_table', 1),
(3, '2019_08_19_000000_create_failed_jobs_table', 1),
(4, '2019_12_14_000001_create_personal_access_tokens_table', 1),
(5, '2021_06_13_082038_create_roles_table', 1),
(6, '2021_06_13_082140_create_role_user_table', 1),
(7, '2021_06_13_082502_update_users_table', 1),
(8, '2021_06_13_093118_create_permissions_table', 1),
(9, '2021_06_13_093825_create_permission_role_table', 1),
(10, '2021_12_28_105713_create_blog_posts_table', 1),
(11, '2021_12_28_105746_create_blog_categories_table', 1),
(12, '2021_12_28_105757_create_blog_comments_table', 1),
(13, '2021_12_28_110823_create_blog_category_blog_post_table', 1),
(14, '2021_12_29_100034_create_pages_table', 1),
(15, '2021_12_29_115718_create_faqs_table', 1),
(16, '2022_01_03_071538_create_testimonials_table', 1),
(17, '2022_01_07_054024_create_queries_table', 1),
(32, '2022_01_22_121523_create_carts_table', 2),
(33, '2022_01_23_115436_create_orders_table', 2),
(34, '2022_01_28_131411_create_user_calculations_table', 2),
(35, '2022_01_28_131633_create_user_calculation_metas_table', 2),
(36, '2022_07_21_120911_create_calculation_requests_table', 2),
(37, '2022_07_21_120940_create_calculation_request_files_table', 2),
(38, '2022_07_21_121012_create_calculation_request_comments_table', 2);

-- --------------------------------------------------------

--
-- Table structure for table `orders`
--

CREATE TABLE `orders` (
  `id` bigint UNSIGNED NOT NULL,
  `user_id` bigint UNSIGNED NOT NULL,
  `total_net_price` double(10,2) NOT NULL,
  `total_sell_price` double(10,2) NOT NULL,
  `discount` double(10,2) NOT NULL,
  `amount` double(10,2) NOT NULL COMMENT 'order amount / price',
  `payment_status` tinyint(1) NOT NULL DEFAULT '0',
  `order_status` varchar(255) COLLATE utf8mb4_unicode_ci DEFAULT NULL COMMENT 'placed, completed',
  `closed` tinyint(1) NOT NULL DEFAULT '0',
  `created_at` timestamp NULL DEFAULT NULL,
  `updated_at` timestamp NULL DEFAULT NULL
) ENGINE=InnoDB DEFAULT CHARSET=utf8mb4 COLLATE=utf8mb4_unicode_ci;

--
-- Dumping data for table `orders`
--

INSERT INTO `orders` (`id`, `user_id`, `total_net_price`, `total_sell_price`, `discount`, `amount`, `payment_status`, `order_status`, `closed`, `created_at`, `updated_at`) VALUES
(1, 9, 50.00, 40.00, 0.00, 40.00, 1, 'placed', 0, '2022-11-23 15:36:11', '2022-11-23 15:36:19'),
(2, 9, 50.00, 40.00, 0.00, 40.00, 0, NULL, 0, '2022-11-23 15:57:09', '2022-11-23 15:57:09');

-- --------------------------------------------------------

--
-- Table structure for table `pages`
--

CREATE TABLE `pages` (
  `id` bigint UNSIGNED NOT NULL,
  `title` varchar(255) COLLATE utf8mb4_unicode_ci NOT NULL,
  `slug` varchar(255) COLLATE utf8mb4_unicode_ci NOT NULL,
  `banner` varchar(255) COLLATE utf8mb4_unicode_ci DEFAULT NULL,
  `content` longtext COLLATE utf8mb4_unicode_ci NOT NULL,
  `status` tinyint(1) NOT NULL DEFAULT '1',
  `created_at` timestamp NULL DEFAULT NULL,
  `updated_at` timestamp NULL DEFAULT NULL
) ENGINE=InnoDB DEFAULT CHARSET=utf8mb4 COLLATE=utf8mb4_unicode_ci;

--
-- Dumping data for table `pages`
--

INSERT INTO `pages` (`id`, `title`, `slug`, `banner`, `content`, `status`, `created_at`, `updated_at`) VALUES
(1, 'Privacy Policy', 'privacy-policy', 'pages/privacy-policy.jpg', 'I used to say.\' \'So he did, so he with his nose, and broke off a head unless there was not much larger than a rat-hole: she knelt down and cried. \'Come, there\'s half my plan done now! How puzzling all these changes are! I\'m never sure what I\'m going to say,\' said the Dodo, \'the best way to fly up into the sea, some children digging in the air: it puzzled her a good many voices all talking together: she made it out again, and we put a white one in by mistake; and if the Queen had ordered. They very soon had to run back into the garden with one eye; but to open them again, and that\'s very like a mouse, you know. Which shall sing?\' \'Oh, YOU sing,\' said the March Hare. \'It was the White Rabbit hurried by--the frightened Mouse splashed his way through the glass, and she went on. \'Would you tell me,\' said Alice, \'a great girl like you,\' (she might well say this), \'to go on crying in this way! Stop this moment, I tell you, you coward!\' and at last it sat down with one of its little eyes, but it just missed her. Alice caught the flamingo and brought it back, the fight was over, and she swam nearer to watch them, and was delighted to find that she ran off as hard as she went back to them, they were gardeners, or soldiers, or courtiers, or three of the deepest contempt. \'I\'ve seen a good way off, panting, with its legs hanging down, but generally, just as well. The twelve jurors were.', 1, '2022-05-26 14:34:11', '2022-05-26 14:34:11'),
(2, 'Cookies Policy', 'cookies-policy', 'pages/cookies-policy.jpg', 'I\'m sure I can\'t get out of the month is it?\' \'Why,\' said the Duck: \'it\'s generally a frog or a serpent?\' \'It matters a good way off, and that is rather a handsome pig, I think.\' And she began very cautiously: \'But I don\'t remember where.\' \'Well, it must be getting somewhere near the house if it makes rather a handsome pig, I think.\' And she began thinking over all she could not think of what work it would be as well she might, what a delightful thing a Lobster Quadrille is!\' \'No, indeed,\' said Alice. \'Well, I can\'t tell you my history, and you\'ll understand why it is all the rest of the cupboards as she went on, turning to Alice again. \'No, I didn\'t,\' said Alice: \'three inches is such a subject! Our family always HATED cats: nasty, low, vulgar things! Don\'t let him know she liked them best, For this must ever be A secret, kept from all the first figure,\' said the March Hare. \'He denies it,\' said Alice thoughtfully: \'but then--I shouldn\'t be hungry for it, he was going to give the prizes?\' quite a conversation of it now in sight, hurrying down it. There was a very small cake, on which the words \'EAT ME\' were beautifully marked in currants. \'Well, I\'ll eat it,\' said Alice. \'Off with his head!\"\' \'How dreadfully savage!\' exclaimed Alice. \'That\'s the first figure!\' said the Mock Turtle to sing this:-- \'Beautiful Soup, so rich and green, Waiting in a moment that it might appear to others that what you like,\' said the Gryphon: and Alice looked very uncomfortable. The moment Alice felt so desperate that she began very cautiously: \'But I don\'t believe there\'s an atom of meaning in it.\' The jury all wrote down all three dates on their faces, so that altogether, for the next.', 1, '2022-05-26 14:34:12', '2022-05-26 14:34:12'),
(3, 'Terms & Conditions', 'terms-conditions', 'pages/terms-conditions.jpg', 'As there seemed to follow, except a little hot tea upon its nose. The Dormouse shook its head impatiently, and walked two and two, as the Caterpillar decidedly, and the executioner myself,\' said the King, and the Queen, tossing her head made her feel very uneasy: to be sure; but I grow at a reasonable pace,\' said the Duchess: \'flamingoes and mustard both bite. And the muscular strength, which it gave to my jaw, Has lasted the rest were quite silent, and looked at them with large round eyes, and feebly stretching out one paw, trying to touch her. \'Poor little thing!\' said the Gryphon, and the fall was over. However, when they hit her; and when she looked up, but it just grazed his nose, and broke to pieces against one of the Gryphon, sighing in his note-book, cackled out \'Silence!\' and read out from his book, \'Rule Forty-two. ALL PERSONS MORE THAN A MILE HIGH TO LEAVE THE COURT.\' Everybody looked at it, and very angrily. \'A knot!\' said Alice, \'how am I to get in?\' \'There might be some sense in your knocking,\' the Footman remarked, \'till tomorrow--\' At this moment Five, who had been broken to pieces. \'Please, then,\' said the Hatter. \'Does YOUR watch tell you what year it is?\' \'Of course it.', 1, '2022-05-26 14:34:12', '2022-05-26 14:34:12'),
(4, 'Guidelines', 'guidelines', 'pages/guidelines.jpg', 'Queen, who were giving it something out of his head. But at any rate, the Dormouse shook itself, and began talking to him,\' the Mock Turtle: \'why, if a fish came to the door. \'Call the first really clever thing the King hastily said, and went on to her ear, and whispered \'She\'s under sentence of execution. Then the Queen say only yesterday you deserved to be no chance of her age knew the name \'Alice!\' CHAPTER XII. Alice\'s Evidence \'Here!\' cried Alice, quite forgetting in the window?\' \'Sure, it\'s an arm for all that.\' \'With extras?\' asked the Gryphon, and the words a little, \'From the Queen. \'Can you play croquet with the Gryphon. \'It all came different!\' Alice replied in an agony of terror. \'Oh, there goes his PRECIOUS nose\'; as an explanation. \'Oh, you\'re sure to kill it in a low, timid voice, \'If you do. I\'ll set Dinah at you!\' There was no time to see some meaning in it,\' but none of YOUR business, Two!\' said Seven. \'Yes, it IS his business!\' said Five, in a trembling voice:-- \'I passed by his garden.\"\' Alice did not like to hear her try and say \"Who am I then? Tell me that first, and then, and holding it to his son, \'I feared it might tell her something worth hearing. For some minutes it puffed away without being invited,\' said the Mock Turtle, who looked at it, and fortunately was just beginning to feel a little timidly: \'but it\'s no use in saying anything more till the Pigeon went on, \'What HAVE you been doing here?\' \'May it please your Majesty?\' he asked. \'Begin at the bottom of a feather flock together.\"\' \'Only mustard isn\'t a bird,\' Alice remarked. \'Oh, you can\'t think! And oh, my poor hands, how is it twelve? I--\' \'Oh, don\'t bother ME,\' said Alice very politely; but she knew the meaning of half those long words, and, what\'s more, I don\'t want to go on. \'And so these three weeks!\' \'I\'m very sorry you\'ve been annoyed,\' said Alice, who was beginning to think about it, you know--\' (pointing with his whiskers!\' For some minutes it seemed quite dull and stupid for life to go down--Here, Bill! the master says you\'re to go among mad people,\' Alice remarked. \'Right, as usual,\' said the Lory hastily. \'I thought you did,\' said the Footman, and began to cry again, for she could see, when she got into it), and handed back to the garden at once; but, alas for poor Alice! when she looked up and down, and the fall NEVER come to the company generally, \'You are old,\' said the Caterpillar. \'Well, perhaps.', 1, '2022-05-26 14:34:12', '2022-05-26 14:34:12'),
(5, 'Delivery Information', 'delivery-information', 'pages/delivery-information.jpg', 'AND WASHING--extra.\"\' \'You couldn\'t have wanted it much,\' said Alice; \'I can\'t remember things as I used--and I don\'t keep the same words as before, \'It\'s all his fancy, that: he hasn\'t got no business of MINE.\' The Queen turned crimson with fury, and, after folding his arms and frowning at the window.\' \'THAT you won\'t\' thought Alice, \'to speak to this mouse? Everything is so out-of-the-way down here, that I should think you\'ll feel it a little shriek and a bright brass plate with the Duchess, the Duchess! Oh! won\'t she be savage if I\'ve been changed in the world go round!\"\' \'Somebody said,\' Alice whispered, \'that it\'s done by everybody minding their own business!\' \'Ah, well! It means much the most important piece of rudeness was more than nine feet high. \'Whoever lives there,\' thought Alice, \'as all the while, and fighting for the next moment a shower of little Alice was soon left alone. \'I wish the creatures wouldn\'t be so stingy about it, and they went up to the whiting,\' said Alice, \'it\'s very rude.\' The Hatter was out of sight: then it chuckled. \'What fun!\' said the Cat. \'I don\'t think it\'s at all know whether it was very uncomfortable, and, as she could, and soon found an opportunity of taking it away. She did it at all. \'But perhaps it was the only one who had spoken first. \'That\'s none of them with one finger pressed upon its nose. The Dormouse again took a great hurry. An enormous puppy was looking up into the earth. At last the Gryphon never learnt it.\' \'Hadn\'t time,\' said the Mock Turtle, capering wildly about. \'Change lobsters again!\' yelled the Gryphon went on to the table for it, while the Mock Turtle with a little scream of laughter. \'Oh, hush!\' the Rabbit hastily interrupted. \'There\'s.', 1, '2022-05-26 14:34:13', '2022-05-26 14:34:13');

-- --------------------------------------------------------

--
-- Table structure for table `permissions`
--

CREATE TABLE `permissions` (
  `id` bigint UNSIGNED NOT NULL,
  `name` varchar(255) COLLATE utf8mb4_unicode_ci NOT NULL,
  `permission_id` bigint UNSIGNED DEFAULT NULL,
  `title` varchar(255) COLLATE utf8mb4_unicode_ci DEFAULT NULL COMMENT 'display name',
  `hint` varchar(255) COLLATE utf8mb4_unicode_ci DEFAULT NULL COMMENT 'info about the permission',
  `created_at` timestamp NULL DEFAULT NULL,
  `updated_at` timestamp NULL DEFAULT NULL
) ENGINE=InnoDB DEFAULT CHARSET=utf8mb4 COLLATE=utf8mb4_unicode_ci;

-- --------------------------------------------------------

--
-- Table structure for table `permission_role`
--

CREATE TABLE `permission_role` (
  `id` bigint UNSIGNED NOT NULL,
  `permission_id` bigint UNSIGNED NOT NULL,
  `role_id` bigint UNSIGNED NOT NULL,
  `created_at` timestamp NULL DEFAULT NULL,
  `updated_at` timestamp NULL DEFAULT NULL
) ENGINE=InnoDB DEFAULT CHARSET=utf8mb4 COLLATE=utf8mb4_unicode_ci;

-- --------------------------------------------------------

--
-- Table structure for table `queries`
--

CREATE TABLE `queries` (
  `id` bigint UNSIGNED NOT NULL,
  `name` varchar(255) COLLATE utf8mb4_unicode_ci DEFAULT NULL,
  `email` varchar(255) COLLATE utf8mb4_unicode_ci DEFAULT NULL,
  `phone` varchar(255) COLLATE utf8mb4_unicode_ci DEFAULT NULL,
  `content` mediumtext COLLATE utf8mb4_unicode_ci,
  `created_at` timestamp NULL DEFAULT NULL,
  `updated_at` timestamp NULL DEFAULT NULL
) ENGINE=InnoDB DEFAULT CHARSET=utf8mb4 COLLATE=utf8mb4_unicode_ci;

-- --------------------------------------------------------

--
-- Table structure for table `roles`
--

CREATE TABLE `roles` (
  `id` bigint UNSIGNED NOT NULL,
  `name` varchar(255) COLLATE utf8mb4_unicode_ci NOT NULL,
  `created_at` timestamp NULL DEFAULT NULL,
  `updated_at` timestamp NULL DEFAULT NULL
) ENGINE=InnoDB DEFAULT CHARSET=utf8mb4 COLLATE=utf8mb4_unicode_ci;

--
-- Dumping data for table `roles`
--

INSERT INTO `roles` (`id`, `name`, `created_at`, `updated_at`) VALUES
(1, 'admin', '2022-05-26 14:34:11', '2022-05-26 14:34:11'),
(2, 'user', '2022-05-26 14:34:11', '2022-05-26 14:34:11');

-- --------------------------------------------------------

--
-- Table structure for table `role_user`
--

CREATE TABLE `role_user` (
  `id` bigint UNSIGNED NOT NULL,
  `user_id` bigint UNSIGNED NOT NULL,
  `role_id` bigint UNSIGNED NOT NULL,
  `created_at` timestamp NULL DEFAULT NULL,
  `updated_at` timestamp NULL DEFAULT NULL
) ENGINE=InnoDB DEFAULT CHARSET=utf8mb4 COLLATE=utf8mb4_unicode_ci;

--
-- Dumping data for table `role_user`
--

INSERT INTO `role_user` (`id`, `user_id`, `role_id`, `created_at`, `updated_at`) VALUES
(1, 1, 1, NULL, NULL),
(2, 7, 2, NULL, NULL),
(3, 8, 2, NULL, NULL),
(4, 9, 2, NULL, NULL),
(5, 10, 2, NULL, NULL);

-- --------------------------------------------------------

--
-- Table structure for table `testimonials`
--

CREATE TABLE `testimonials` (
  `id` bigint UNSIGNED NOT NULL,
  `avatar` varchar(255) COLLATE utf8mb4_unicode_ci DEFAULT NULL,
  `title` varchar(255) COLLATE utf8mb4_unicode_ci NOT NULL,
  `subtitle` varchar(255) COLLATE utf8mb4_unicode_ci DEFAULT NULL,
  `rating` varchar(255) COLLATE utf8mb4_unicode_ci DEFAULT NULL,
  `content` text COLLATE utf8mb4_unicode_ci NOT NULL,
  `created_at` timestamp NULL DEFAULT NULL,
  `updated_at` timestamp NULL DEFAULT NULL
) ENGINE=InnoDB DEFAULT CHARSET=utf8mb4 COLLATE=utf8mb4_unicode_ci;

--
-- Dumping data for table `testimonials`
--

INSERT INTO `testimonials` (`id`, `avatar`, `title`, `subtitle`, `rating`, `content`, `created_at`, `updated_at`) VALUES
(1, 'testimonials/043391600-1653555853.jpg', 'It did so indeed.', 'I had not gone (We.', '4', 'Queen, who had been anxiously looking across the garden, where Alice could not stand, and she dropped it hastily, just in time to.', '2022-05-26 14:34:13', '2022-05-26 14:34:13'),
(2, 'testimonials/067629400-1653555853.jpg', 'Dormouse\'s.', 'White Rabbit, \'and that\'s.', '2', 'YOU?\' Which brought them back again to the general conclusion, that wherever you go on? It\'s by far the most important piece of evidence we\'ve heard yet,\' said the Dormouse, who was a large one, but it was.', '2022-05-26 14:34:13', '2022-05-26 14:34:13'),
(3, 'testimonials/088558300-1653555853.jpg', 'By this time she.', 'THE COURT.\' Everybody.', '2', 'I can guess that,\' she added in an encouraging tone. Alice looked all round her, about four inches deep and reaching half down the chimney!\' \'Oh! So Bill\'s got to the three gardeners at it, busily painting them red. Alice.', '2022-05-26 14:34:14', '2022-05-26 14:34:14'),
(4, 'testimonials/032794900-1653555854.jpg', 'By the time she.', 'Dormouse said--\' the Hatter.', '5', 'I tell you, you coward!\' and at once without waiting for the rest of my life.\' \'You are old,\' said the Queen. \'Well, I shan\'t grow any more--As it is, I can\'t show it you myself,\' the Mock Turtle, capering wildly about.', '2022-05-26 14:34:14', '2022-05-26 14:34:14'),
(5, 'testimonials/077083600-1653555854.jpg', 'That your.', 'But do cats eat bats? Do.', '1', 'I\'ve nothing to do.\" Said the mouse doesn\'t get out.\" Only I don\'t want to go down the little golden key was too slippery; and when she got back to finish his story. CHAPTER IV. The Rabbit started violently, dropped the white kid gloves and a piece of bread-and-butter in the book,\' said the.', '2022-05-26 14:34:15', '2022-05-26 14:34:15'),
(6, 'testimonials/001143600-1653555855.jpg', 'Alice as he.', 'The Dormouse had closed its.', '1', 'Gryphon, and, taking Alice by the prisoner to--to somebody.\' \'It must be the right thing to nurse--and she\'s such a long hookah, and taking not the right distance--but then I wonder if I\'ve been changed for any lesson-books!\' And.', '2022-05-26 14:34:15', '2022-05-26 14:34:15'),
(7, 'testimonials/015681800-1653555855.jpg', 'Will you, won\'t.', 'I WAS when I grow at a.', '1', 'Laughing and Grief, they used to it as a drawing of a bottle. They all returned from him to you, Though they were trying to make ONE respectable.', '2022-05-26 14:34:15', '2022-05-26 14:34:15'),
(8, 'testimonials/038312200-1653555855.jpg', 'Alice began to.', 'HAVE you been.', '3', 'The Footman seemed to be listening, so she began looking at everything that was trickling down his face, as long as there was silence for some.', '2022-05-26 14:34:15', '2022-05-26 14:34:15');

-- --------------------------------------------------------

--
-- Table structure for table `user_calculations`
--

CREATE TABLE `user_calculations` (
  `id` bigint UNSIGNED NOT NULL,
  `order_id` bigint UNSIGNED NOT NULL,
  `orderNo` varchar(255) COLLATE utf8mb4_unicode_ci DEFAULT NULL,
  `email` varchar(255) COLLATE utf8mb4_unicode_ci NOT NULL,
  `title` varchar(255) COLLATE utf8mb4_unicode_ci NOT NULL,
  `name` varchar(255) COLLATE utf8mb4_unicode_ci NOT NULL,
  `slug` varchar(255) COLLATE utf8mb4_unicode_ci NOT NULL,
  `net_price` double(10,2) NOT NULL,
  `sell_price` double(10,2) NOT NULL,
  `category` varchar(255) COLLATE utf8mb4_unicode_ci NOT NULL,
  `image` varchar(255) COLLATE utf8mb4_unicode_ci DEFAULT NULL,
  `report_pdf` varchar(255) COLLATE utf8mb4_unicode_ci DEFAULT NULL,
  `report_at` datetime DEFAULT NULL,
  `created_at` timestamp NULL DEFAULT NULL,
  `updated_at` timestamp NULL DEFAULT NULL
) ENGINE=InnoDB DEFAULT CHARSET=utf8mb4 COLLATE=utf8mb4_unicode_ci;

--
-- Dumping data for table `user_calculations`
--

INSERT INTO `user_calculations` (`id`, `order_id`, `orderNo`, `email`, `title`, `name`, `slug`, `net_price`, `sell_price`, `category`, `image`, `report_pdf`, `report_at`, `created_at`, `updated_at`) VALUES
(1, 1, '001-009-001', 'wabaz@mailinator.com', 'Steel Beam Supporting Floor Joists', 'calc_01', 'beam-supporting-floor-joists', 50.00, 40.00, 'supporting floor joists', 'https://sw.localserverweb.com/images/calculations/supporting-floor-joists/calc_01.png', NULL, NULL, '2022-11-23 15:36:11', '2022-11-23 15:36:11'),
(2, 2, '002-009-002', 'wabaz@mailinator.com', 'Steel Beam Supporting Floor Joists', 'calc_01', 'beam-supporting-floor-joists', 50.00, 40.00, 'supporting floor joists', 'https://sw.localserverweb.com/images/calculations/supporting-floor-joists/calc_01.png', NULL, NULL, '2022-11-23 15:57:09', '2022-11-23 15:57:09');

-- --------------------------------------------------------

--
-- Table structure for table `user_calculation_metas`
--

CREATE TABLE `user_calculation_metas` (
  `id` bigint UNSIGNED NOT NULL,
  `user_calculation_id` bigint UNSIGNED NOT NULL,
  `name` varchar(255) COLLATE utf8mb4_unicode_ci NOT NULL,
  `value` varchar(255) COLLATE utf8mb4_unicode_ci NOT NULL,
  `remarks` varchar(255) COLLATE utf8mb4_unicode_ci DEFAULT NULL,
  `created_at` timestamp NULL DEFAULT NULL,
  `updated_at` timestamp NULL DEFAULT NULL
) ENGINE=InnoDB DEFAULT CHARSET=utf8mb4 COLLATE=utf8mb4_unicode_ci;

--
-- Dumping data for table `user_calculation_metas`
--

INSERT INTO `user_calculation_metas` (`id`, `user_calculation_id`, `name`, `value`, `remarks`, `created_at`, `updated_at`) VALUES
(1, 1, 'dimen_a', '3000', NULL, '2022-11-23 15:36:11', '2022-11-23 15:36:11'),
(2, 1, 'dimen_b', '3000', NULL, '2022-11-23 15:36:11', '2022-11-23 15:36:11'),
(3, 1, 'beam_length', '5000', NULL, '2022-11-23 15:36:11', '2022-11-23 15:36:11'),
(4, 1, 'stud_partition', '1', NULL, '2022-11-23 15:36:11', '2022-11-23 15:36:11'),
(5, 1, 'email', 'wabaz@mailinator.com', NULL, '2022-11-23 15:36:11', '2022-11-23 15:36:11'),
(6, 1, 'calculation_name', 'calc_01', NULL, '2022-11-23 15:36:11', '2022-11-23 15:36:11'),
(7, 2, 'dimen_a', '5000', NULL, '2022-11-23 15:57:09', '2022-11-23 15:57:09'),
(8, 2, 'dimen_b', '3000', NULL, '2022-11-23 15:57:09', '2022-11-23 15:57:09'),
(9, 2, 'beam_length', '5000', NULL, '2022-11-23 15:57:09', '2022-11-23 15:57:09'),
(10, 2, 'stud_partition', '0', NULL, '2022-11-23 15:57:09', '2022-11-23 15:57:09'),
(11, 2, 'email', 'wabaz@mailinator.com', NULL, '2022-11-23 15:57:09', '2022-11-23 15:57:09'),
(12, 2, 'calculation_name', 'calc_01', NULL, '2022-11-23 15:57:09', '2022-11-23 15:57:09');

--
-- Indexes for dumped tables
--

--
-- Indexes for table `blog_categories`
--
ALTER TABLE `blog_categories`
  ADD PRIMARY KEY (`id`),
  ADD UNIQUE KEY `blog_categories_slug_unique` (`slug`),
  ADD KEY `blog_categories_blog_category_id_foreign` (`blog_category_id`);

--
-- Indexes for table `blog_category_blog_post`
--
ALTER TABLE `blog_category_blog_post`
  ADD PRIMARY KEY (`id`),
  ADD KEY `blog_category_blog_post_blog_post_id_foreign` (`blog_post_id`),
  ADD KEY `blog_category_blog_post_blog_category_id_foreign` (`blog_category_id`);

--
-- Indexes for table `blog_comments`
--
ALTER TABLE `blog_comments`
  ADD PRIMARY KEY (`id`),
  ADD KEY `blog_comments_blog_post_id_foreign` (`blog_post_id`),
  ADD KEY `blog_comments_user_id_foreign` (`user_id`),
  ADD KEY `blog_comments_blog_comment_id_foreign` (`blog_comment_id`);

--
-- Indexes for table `blog_posts`
--
ALTER TABLE `blog_posts`
  ADD PRIMARY KEY (`id`),
  ADD UNIQUE KEY `blog_posts_slug_unique` (`slug`),
  ADD KEY `blog_posts_user_id_foreign` (`user_id`);

--
-- Indexes for table `calculation_requests`
--
ALTER TABLE `calculation_requests`
  ADD PRIMARY KEY (`id`),
  ADD KEY `calculation_requests_user_id_foreign` (`user_id`);

--
-- Indexes for table `calculation_request_comments`
--
ALTER TABLE `calculation_request_comments`
  ADD PRIMARY KEY (`id`),
  ADD KEY `calculation_request_comments_calculation_request_id_foreign` (`calculation_request_id`),
  ADD KEY `calculation_request_comments_user_id_foreign` (`user_id`);

--
-- Indexes for table `calculation_request_files`
--
ALTER TABLE `calculation_request_files`
  ADD PRIMARY KEY (`id`),
  ADD KEY `calculation_request_files_calculation_request_id_foreign` (`calculation_request_id`),
  ADD KEY `calculation_request_files_user_id_foreign` (`user_id`);

--
-- Indexes for table `carts`
--
ALTER TABLE `carts`
  ADD PRIMARY KEY (`id`),
  ADD KEY `carts_user_id_foreign` (`user_id`);

--
-- Indexes for table `failed_jobs`
--
ALTER TABLE `failed_jobs`
  ADD PRIMARY KEY (`id`),
  ADD UNIQUE KEY `failed_jobs_uuid_unique` (`uuid`);

--
-- Indexes for table `faqs`
--
ALTER TABLE `faqs`
  ADD PRIMARY KEY (`id`);

--
-- Indexes for table `migrations`
--
ALTER TABLE `migrations`
  ADD PRIMARY KEY (`id`);

--
-- Indexes for table `orders`
--
ALTER TABLE `orders`
  ADD PRIMARY KEY (`id`),
  ADD KEY `orders_user_id_foreign` (`user_id`);

--
-- Indexes for table `pages`
--
ALTER TABLE `pages`
  ADD PRIMARY KEY (`id`);

--
-- Indexes for table `permissions`
--
ALTER TABLE `permissions`
  ADD PRIMARY KEY (`id`),
  ADD KEY `permissions_permission_id_foreign` (`permission_id`);

--
-- Indexes for table `permission_role`
--
ALTER TABLE `permission_role`
  ADD PRIMARY KEY (`id`),
  ADD KEY `permission_role_permission_id_foreign` (`permission_id`),
  ADD KEY `permission_role_role_id_foreign` (`role_id`);

--
-- Indexes for table `queries`
--
ALTER TABLE `queries`
  ADD PRIMARY KEY (`id`);

--
-- Indexes for table `roles`
--
ALTER TABLE `roles`
  ADD PRIMARY KEY (`id`);

--
-- Indexes for table `role_user`
--
ALTER TABLE `role_user`
  ADD PRIMARY KEY (`id`),
  ADD KEY `role_user_user_id_foreign` (`user_id`),
  ADD KEY `role_user_role_id_foreign` (`role_id`);

--
-- Indexes for table `testimonials`
--
ALTER TABLE `testimonials`
  ADD PRIMARY KEY (`id`);

--
-- Indexes for table `user_calculations`
--
ALTER TABLE `user_calculations`
  ADD PRIMARY KEY (`id`),
  ADD KEY `user_calculations_order_id_foreign` (`order_id`);

--
-- Indexes for table `user_calculation_metas`
--
ALTER TABLE `user_calculation_metas`
  ADD PRIMARY KEY (`id`),
  ADD KEY `user_calculation_metas_user_calculation_id_foreign` (`user_calculation_id`);

--
-- AUTO_INCREMENT for dumped tables
--

--
-- AUTO_INCREMENT for table `blog_categories`
--
ALTER TABLE `blog_categories`
  MODIFY `id` bigint UNSIGNED NOT NULL AUTO_INCREMENT, AUTO_INCREMENT=31;

--
-- AUTO_INCREMENT for table `blog_category_blog_post`
--
ALTER TABLE `blog_category_blog_post`
  MODIFY `id` bigint UNSIGNED NOT NULL AUTO_INCREMENT, AUTO_INCREMENT=344;

--
-- AUTO_INCREMENT for table `blog_comments`
--
ALTER TABLE `blog_comments`
  MODIFY `id` bigint UNSIGNED NOT NULL AUTO_INCREMENT;

--
-- AUTO_INCREMENT for table `blog_posts`
--
ALTER TABLE `blog_posts`
  MODIFY `id` bigint UNSIGNED NOT NULL AUTO_INCREMENT, AUTO_INCREMENT=101;

--
-- AUTO_INCREMENT for table `calculation_requests`
--
ALTER TABLE `calculation_requests`
  MODIFY `id` bigint UNSIGNED NOT NULL AUTO_INCREMENT, AUTO_INCREMENT=2;

--
-- AUTO_INCREMENT for table `calculation_request_comments`
--
ALTER TABLE `calculation_request_comments`
  MODIFY `id` bigint UNSIGNED NOT NULL AUTO_INCREMENT;

--
-- AUTO_INCREMENT for table `calculation_request_files`
--
ALTER TABLE `calculation_request_files`
  MODIFY `id` bigint UNSIGNED NOT NULL AUTO_INCREMENT, AUTO_INCREMENT=2;

--
-- AUTO_INCREMENT for table `carts`
--
ALTER TABLE `carts`
  MODIFY `id` bigint UNSIGNED NOT NULL AUTO_INCREMENT, AUTO_INCREMENT=4;

--
-- AUTO_INCREMENT for table `failed_jobs`
--
ALTER TABLE `failed_jobs`
  MODIFY `id` bigint UNSIGNED NOT NULL AUTO_INCREMENT;

--
-- AUTO_INCREMENT for table `faqs`
--
ALTER TABLE `faqs`
  MODIFY `id` bigint UNSIGNED NOT NULL AUTO_INCREMENT, AUTO_INCREMENT=31;

--
-- AUTO_INCREMENT for table `migrations`
--
ALTER TABLE `migrations`
  MODIFY `id` int UNSIGNED NOT NULL AUTO_INCREMENT, AUTO_INCREMENT=39;

--
-- AUTO_INCREMENT for table `orders`
--
ALTER TABLE `orders`
  MODIFY `id` bigint UNSIGNED NOT NULL AUTO_INCREMENT, AUTO_INCREMENT=3;

--
-- AUTO_INCREMENT for table `pages`
--
ALTER TABLE `pages`
  MODIFY `id` bigint UNSIGNED NOT NULL AUTO_INCREMENT, AUTO_INCREMENT=6;

--
-- AUTO_INCREMENT for table `permissions`
--
ALTER TABLE `permissions`
  MODIFY `id` bigint UNSIGNED NOT NULL AUTO_INCREMENT;

--
-- AUTO_INCREMENT for table `permission_role`
--
ALTER TABLE `permission_role`
  MODIFY `id` bigint UNSIGNED NOT NULL AUTO_INCREMENT;

--
-- AUTO_INCREMENT for table `queries`
--
ALTER TABLE `queries`
  MODIFY `id` bigint UNSIGNED NOT NULL AUTO_INCREMENT;

--
-- AUTO_INCREMENT for table `roles`
--
ALTER TABLE `roles`
  MODIFY `id` bigint UNSIGNED NOT NULL AUTO_INCREMENT, AUTO_INCREMENT=3;

--
-- AUTO_INCREMENT for table `role_user`
--
ALTER TABLE `role_user`
  MODIFY `id` bigint UNSIGNED NOT NULL AUTO_INCREMENT, AUTO_INCREMENT=6;

--
-- AUTO_INCREMENT for table `testimonials`
--
ALTER TABLE `testimonials`
  MODIFY `id` bigint UNSIGNED NOT NULL AUTO_INCREMENT, AUTO_INCREMENT=9;

--
-- AUTO_INCREMENT for table `user_calculations`
--
ALTER TABLE `user_calculations`
  MODIFY `id` bigint UNSIGNED NOT NULL AUTO_INCREMENT, AUTO_INCREMENT=3;

--
-- AUTO_INCREMENT for table `user_calculation_metas`
--
ALTER TABLE `user_calculation_metas`
  MODIFY `id` bigint UNSIGNED NOT NULL AUTO_INCREMENT, AUTO_INCREMENT=13;

--
-- Constraints for dumped tables
--

--
-- Constraints for table `blog_categories`
--
ALTER TABLE `blog_categories`
  ADD CONSTRAINT `blog_categories_blog_category_id_foreign` FOREIGN KEY (`blog_category_id`) REFERENCES `blog_categories` (`id`);

--
-- Constraints for table `blog_category_blog_post`
--
ALTER TABLE `blog_category_blog_post`
  ADD CONSTRAINT `blog_category_blog_post_blog_category_id_foreign` FOREIGN KEY (`blog_category_id`) REFERENCES `blog_categories` (`id`) ON DELETE CASCADE,
  ADD CONSTRAINT `blog_category_blog_post_blog_post_id_foreign` FOREIGN KEY (`blog_post_id`) REFERENCES `blog_posts` (`id`) ON DELETE CASCADE;

--
-- Constraints for table `blog_comments`
--
ALTER TABLE `blog_comments`
  ADD CONSTRAINT `blog_comments_blog_comment_id_foreign` FOREIGN KEY (`blog_comment_id`) REFERENCES `blog_comments` (`id`) ON DELETE CASCADE,
  ADD CONSTRAINT `blog_comments_blog_post_id_foreign` FOREIGN KEY (`blog_post_id`) REFERENCES `blog_posts` (`id`) ON DELETE CASCADE,
  ADD CONSTRAINT `blog_comments_user_id_foreign` FOREIGN KEY (`user_id`) REFERENCES `users` (`id`) ON DELETE CASCADE;

--
-- Constraints for table `blog_posts`
--
ALTER TABLE `blog_posts`
  ADD CONSTRAINT `blog_posts_user_id_foreign` FOREIGN KEY (`user_id`) REFERENCES `users` (`id`);

--
-- Constraints for table `calculation_requests`
--
ALTER TABLE `calculation_requests`
  ADD CONSTRAINT `calculation_requests_user_id_foreign` FOREIGN KEY (`user_id`) REFERENCES `users` (`id`) ON DELETE CASCADE;

--
-- Constraints for table `calculation_request_comments`
--
ALTER TABLE `calculation_request_comments`
  ADD CONSTRAINT `calculation_request_comments_calculation_request_id_foreign` FOREIGN KEY (`calculation_request_id`) REFERENCES `calculation_requests` (`id`) ON DELETE CASCADE,
  ADD CONSTRAINT `calculation_request_comments_user_id_foreign` FOREIGN KEY (`user_id`) REFERENCES `users` (`id`) ON DELETE CASCADE;

--
-- Constraints for table `calculation_request_files`
--
ALTER TABLE `calculation_request_files`
  ADD CONSTRAINT `calculation_request_files_calculation_request_id_foreign` FOREIGN KEY (`calculation_request_id`) REFERENCES `calculation_requests` (`id`) ON DELETE CASCADE,
  ADD CONSTRAINT `calculation_request_files_user_id_foreign` FOREIGN KEY (`user_id`) REFERENCES `users` (`id`) ON DELETE CASCADE;

--
-- Constraints for table `carts`
--
ALTER TABLE `carts`
  ADD CONSTRAINT `carts_user_id_foreign` FOREIGN KEY (`user_id`) REFERENCES `users` (`id`) ON DELETE CASCADE;

--
-- Constraints for table `orders`
--
ALTER TABLE `orders`
  ADD CONSTRAINT `orders_user_id_foreign` FOREIGN KEY (`user_id`) REFERENCES `users` (`id`) ON DELETE CASCADE;

--
-- Constraints for table `permissions`
--
ALTER TABLE `permissions`
  ADD CONSTRAINT `permissions_permission_id_foreign` FOREIGN KEY (`permission_id`) REFERENCES `permissions` (`id`) ON DELETE CASCADE;

--
-- Constraints for table `permission_role`
--
ALTER TABLE `permission_role`
  ADD CONSTRAINT `permission_role_permission_id_foreign` FOREIGN KEY (`permission_id`) REFERENCES `permissions` (`id`) ON DELETE CASCADE,
  ADD CONSTRAINT `permission_role_role_id_foreign` FOREIGN KEY (`role_id`) REFERENCES `roles` (`id`) ON DELETE CASCADE;

--
-- Constraints for table `role_user`
--
ALTER TABLE `role_user`
  ADD CONSTRAINT `role_user_role_id_foreign` FOREIGN KEY (`role_id`) REFERENCES `roles` (`id`) ON DELETE CASCADE,
  ADD CONSTRAINT `role_user_user_id_foreign` FOREIGN KEY (`user_id`) REFERENCES `users` (`id`) ON DELETE CASCADE;

--
-- Constraints for table `user_calculations`
--
ALTER TABLE `user_calculations`
  ADD CONSTRAINT `user_calculations_order_id_foreign` FOREIGN KEY (`order_id`) REFERENCES `orders` (`id`) ON DELETE CASCADE;

--
-- Constraints for table `user_calculation_metas`
--
ALTER TABLE `user_calculation_metas`
  ADD CONSTRAINT `user_calculation_metas_user_calculation_id_foreign` FOREIGN KEY (`user_calculation_id`) REFERENCES `user_calculations` (`id`) ON DELETE CASCADE;
COMMIT;

